208.110.64.178 - - [14/Sep/2025:15:31:14 -0700] "GET /wp-includes/pl9f1ad1/install.php HTTP/1.1" 200 1 "http://hypeprints.app/wp-includes/pl9f1ad1/install.php" "Mozilla/5.0 (Windows NT 10.0; Win64; x64) AppleWebKit/537.36 (KHTML, like Gecko) Chrome/58.0.3029.110 Safari/537.3" 13 **0/13500**
157.55.39.50 - - [14/Sep/2025:15:37:25 -0700] "GET /xe1568348/ HTTP/1.1" 200 1 "-" "Mozilla/5.0 AppleWebKit/537.36 (KHTML, like Gecko; compatible; bingbot/2.0; +http://www.bing.com/bingbot.htm) Chrome/116.0.1938.76 Safari/537.36" 16 **0/16631**
204.12.252.98 - - [14/Sep/2025:15:40:08 -0700] "GET /wp-includes/edit.php HTTP/1.1" 200 1 "http://hypeprints.app/wp-includes/edit.php" "Mozilla/5.0 (Windows NT 10.0; Win64; x64) AppleWebKit/537.36 (KHTML, like Gecko) Chrome/58.0.3029.110 Safari/537.3" 12 **0/12083**
208.110.64.178 - - [14/Sep/2025:15:42:25 -0700] "GET /wp-includes/pl9f1ad1/install.php HTTP/1.1" 200 1 "http://hypeprints.app/wp-includes/pl9f1ad1/install.php" "Mozilla/5.0 (Windows NT 10.0; Win64; x64) AppleWebKit/537.36 (KHTML, like Gecko) Chrome/58.0.3029.110 Safari/537.3" 9 **0/9440**
157.55.39.205 - - [14/Sep/2025:15:46:29 -0700] "GET /j1784142/ HTTP/1.1" 200 1 "-" "Mozilla/5.0 AppleWebKit/537.36 (KHTML, like Gecko; compatible; bingbot/2.0; +http://www.bing.com/bingbot.htm) Chrome/116.0.1938.76 Safari/537.36" 8 **0/8691**
157.55.39.9 - - [14/Sep/2025:15:48:10 -0700] "GET /u2129056/ HTTP/1.1" 200 1 "-" "Mozilla/5.0 AppleWebKit/537.36 (KHTML, like Gecko; compatible; bingbot/2.0; +http://www.bing.com/bingbot.htm) Chrome/116.0.1938.76 Safari/537.36" 9 **0/9969**
91.224.92.17 - - [14/Sep/2025:15:56:44 -0700] "GET / HTTP/1.1" 200 - "-" "-" 11 **0/11246**
208.110.64.178 - - [14/Sep/2025:15:59:21 -0700] "GET /wp-includes/pl9f1ad1/install.php HTTP/1.1" 200 1 "http://hypeprints.app/wp-includes/pl9f1ad1/install.php" "Mozilla/5.0 (Windows NT 10.0; Win64; x64) AppleWebKit/537.36 (KHTML, like Gecko) Chrome/58.0.3029.110 Safari/537.3" 7 **0/7692**
208.110.64.178 - - [14/Sep/2025:16:01:35 -0700] "GET /wp-includes/edit.php HTTP/1.1" 200 1 "http://hypeprints.app/wp-includes/edit.php" "Mozilla/5.0 (Windows NT 10.0; Win64; x64) AppleWebKit/537.36 (KHTML, like Gecko) Chrome/58.0.3029.110 Safari/537.3" 10 **0/10157**
157.55.39.50 - - [14/Sep/2025:16:05:17 -0700] "GET /wf2130553/ HTTP/1.1" 200 1 "-" "Mozilla/5.0 AppleWebKit/537.36 (KHTML, like Gecko; compatible; bingbot/2.0; +http://www.bing.com/bingbot.htm) Chrome/116.0.1938.76 Safari/537.36" 7 **0/7941**
208.110.64.178 - - [14/Sep/2025:16:08:53 -0700] "GET /wp-includes/edit.php HTTP/1.1" 200 1 "http://hypeprints.app/wp-includes/edit.php" "Mozilla/5.0 (Windows NT 10.0; Win64; x64) AppleWebKit/537.36 (KHTML, like Gecko) Chrome/58.0.3029.110 Safari/537.3" 9 **0/9904**
45.142.193.144 - - [14/Sep/2025:16:11:50 -0700] "GET / HTTP/1.1" 200 - "-" "Mozilla/5.0 (Windows NT 10.0; Win64; x64) AppleWebKit/537.36 (KHTML, like Gecko) Chrome/90.0.4430.85 Safari/537.36 Edg/90.0.818.46" 10 **0/10051**
208.110.64.178 - - [14/Sep/2025:16:18:23 -0700] "GET /wp-includes/pl9f1ad1/install.php HTTP/1.1" 200 1 "http://hypeprints.app/wp-includes/pl9f1ad1/install.php" "Mozilla/5.0 (Windows NT 10.0; Win64; x64) AppleWebKit/537.36 (KHTML, like Gecko) Chrome/58.0.3029.110 Safari/537.3" 10 **0/10086**
207.46.13.125 - - [14/Sep/2025:16:22:19 -0700] "GET /wf4256946/ HTTP/1.1" 200 1 "-" "Mozilla/5.0 AppleWebKit/537.36 (KHTML, like Gecko; compatible; bingbot/2.0; +http://www.bing.com/bingbot.htm) Chrome/116.0.1938.76 Safari/537.36" 4 **0/4031**
207.46.13.125 - - [14/Sep/2025:16:27:23 -0700] "GET /qn4689670/ HTTP/1.1" 200 1 "-" "Mozilla/5.0 AppleWebKit/537.36 (KHTML, like Gecko; compatible; bingbot/2.0; +http://www.bing.com/bingbot.htm) Chrome/116.0.1938.76 Safari/537.36" 10 **0/10151**
207.46.13.125 - - [14/Sep/2025:16:30:03 -0700] "GET /ks2885880/ HTTP/1.1" 200 1 "-" "Mozilla/5.0 AppleWebKit/537.36 (KHTML, like Gecko; compatible; bingbot/2.0; +http://www.bing.com/bingbot.htm) Chrome/116.0.1938.76 Safari/537.36" 13 **0/13481**
208.110.64.178 - - [14/Sep/2025:16:31:13 -0700] "GET /wp-includes/edit.php HTTP/1.1" 200 1 "http://hypeprints.app/wp-includes/edit.php" "Mozilla/5.0 (Windows NT 10.0; Win64; x64) AppleWebKit/537.36 (KHTML, like Gecko) Chrome/58.0.3029.110 Safari/537.3" 11 **0/11605**
78.128.114.62 - - [14/Sep/2025:16:32:23 -0700] "GET / HTTP/1.1" 200 - "-" "Mozilla/5.0 (Windows NT 10.0; Win64; x64) AppleWebKit/537.36 (KHTML, like Gecko) Chrome/90.0.4430.85 Safari/537.36 Edg/90.0.818.46" 5 **0/5672**
52.167.144.21 - - [14/Sep/2025:16:34:22 -0700] "GET /u4451117/ HTTP/1.1" 200 1 "-" "Mozilla/5.0 AppleWebKit/537.36 (KHTML, like Gecko; compatible; bingbot/2.0; +http://www.bing.com/bingbot.htm) Chrome/116.0.1938.76 Safari/537.36" 9 **0/9596**
208.110.64.178 - - [14/Sep/2025:16:36:43 -0700] "GET /wp-includes/pl9f1ad1/install.php HTTP/1.1" 200 1 "http://hypeprints.app/wp-includes/pl9f1ad1/install.php" "Mozilla/5.0 (Windows NT 10.0; Win64; x64) AppleWebKit/537.36 (KHTML, like Gecko) Chrome/58.0.3029.110 Safari/537.3" 4 **0/4313**
52.167.144.21 - - [14/Sep/2025:16:37:24 -0700] "GET /s2565657/ HTTP/1.1" 200 1 "-" "Mozilla/5.0 AppleWebKit/537.36 (KHTML, like Gecko; compatible; bingbot/2.0; +http://www.bing.com/bingbot.htm) Chrome/116.0.1938.76 Safari/537.36" 10 **0/10670**
207.46.13.6 - - [14/Sep/2025:16:40:08 -0700] "GET /wf3059435/ HTTP/1.1" 200 1 "-" "Mozilla/5.0 AppleWebKit/537.36 (KHTML, like Gecko; compatible; bingbot/2.0; +http://www.bing.com/bingbot.htm) Chrome/116.0.1938.76 Safari/537.36" 12 **0/12045**
208.110.64.178 - - [14/Sep/2025:16:51:15 -0700] "GET /wp-includes/pl9f1ad1/install.php HTTP/1.1" 200 1 "http://hypeprints.app/wp-includes/pl9f1ad1/install.php" "Mozilla/5.0 (Windows NT 10.0; Win64; x64) AppleWebKit/537.36 (KHTML, like Gecko) Chrome/58.0.3029.110 Safari/537.3" 9 **0/9620**
157.55.39.16 - - [14/Sep/2025:16:58:49 -0700] "GET /wf1106914/ HTTP/1.1" 200 1 "-" "Mozilla/5.0 AppleWebKit/537.36 (KHTML, like Gecko; compatible; bingbot/2.0; +http://www.bing.com/bingbot.htm) Chrome/116.0.1938.76 Safari/537.36" 12 **0/12491**
208.110.64.178 - - [14/Sep/2025:17:01:31 -0700] "GET /wp-includes/edit.php HTTP/1.1" 200 1 "http://hypeprints.app/wp-includes/edit.php" "Mozilla/5.0 (Windows NT 10.0; Win64; x64) AppleWebKit/537.36 (KHTML, like Gecko) Chrome/58.0.3029.110 Safari/537.3" 11 **0/11298**
204.12.208.18 - - [14/Sep/2025:17:05:19 -0700] "GET /wp-includes/pl9f1ad1/install.php HTTP/1.1" 200 - "http://hypeprints.app/wp-includes/pl9f1ad1/install.php" "Opera/9.80 (Windows NT 6.1; U; ja) Presto/2.10.229 Version/11.60" 9 **0/9370**
157.55.39.16 - - [14/Sep/2025:17:06:55 -0700] "GET /wf2590066/ HTTP/1.1" 200 1 "-" "Mozilla/5.0 AppleWebKit/537.36 (KHTML, like Gecko; compatible; bingbot/2.0; +http://www.bing.com/bingbot.htm) Chrome/116.0.1938.76 Safari/537.36" 9 **0/9344**
78.128.114.62 - - [14/Sep/2025:17:16:52 -0700] "GET / HTTP/1.1" 200 - "-" "Mozilla/5.0 (Windows NT 10.0; Win64; x64) AppleWebKit/537.36 (KHTML, like Gecko) Chrome/90.0.4430.85 Safari/537.36 Edg/90.0.818.46" 9 **0/9077**
208.110.64.178 - - [14/Sep/2025:17:17:11 -0700] "GET /wp-includes/edit.php HTTP/1.1" 200 1 "http://hypeprints.app/wp-includes/edit.php" "Mozilla/5.0 (Windows NT 10.0; Win64; x64) AppleWebKit/537.36 (KHTML, like Gecko) Chrome/58.0.3029.110 Safari/537.3" 5 **0/5061**
47.109.91.215 - - [14/Sep/2025:17:18:40 -0700] "GET /version HTTP/1.1" 200 - "-" "Mozilla/5.0 (iPhone; CPU iPhone OS 17_5_1 like Mac OS X) AppleWebKit/605.1.15 (KHTML, like Gecko) Version/17.4.1 Mobile/15E148 Safari/604.1" 16 **0/16728**
47.109.91.215 - - [14/Sep/2025:17:18:41 -0700] "GET /containers/json HTTP/1.1" 200 - "-" "Mozilla/5.0 (iPhone; CPU iPhone OS 17_5_1 like Mac OS X) AppleWebKit/605.1.15 (KHTML, like Gecko) Version/17.4.1 Mobile/15E148 Safari/604.1" 4 **0/4032**
47.109.91.215 - - [14/Sep/2025:17:18:41 -0700] "GET /.env.bak HTTP/1.1" 200 - "-" "Mozilla/5.0 (iPhone; CPU iPhone OS 17_5_1 like Mac OS X) AppleWebKit/605.1.15 (KHTML, like Gecko) Version/17.4.1 Mobile/15E148 Safari/604.1" 8 **0/8969**
47.109.91.215 - - [14/Sep/2025:17:18:42 -0700] "GET / HTTP/1.1" 200 - "-" "Mozilla/5.0 (iPhone; CPU iPhone OS 17_5_1 like Mac OS X) AppleWebKit/605.1.15 (KHTML, like Gecko) Version/17.4.1 Mobile/15E148 Safari/604.1" 4 **0/4560**
47.109.91.215 - - [14/Sep/2025:17:18:42 -0700] "GET /.env HTTP/1.1" 403 - "-" "Mozilla/5.0 (iPhone; CPU iPhone OS 17_5_1 like Mac OS X) AppleWebKit/605.1.15 (KHTML, like Gecko) Version/17.4.1 Mobile/15E148 Safari/604.1" 2 **0/2994**
47.109.91.215 - - [14/Sep/2025:17:18:44 -0700] "\x16\x03\x01\x01\xaf\x01" 400 - "-" "-" 7 **0/7692**
157.55.39.56 - - [14/Sep/2025:17:25:19 -0700] "GET /lz4485404/ HTTP/1.1" 200 1 "-" "Mozilla/5.0 AppleWebKit/537.36 (KHTML, like Gecko; compatible; bingbot/2.0; +http://www.bing.com/bingbot.htm) Chrome/116.0.1938.76 Safari/537.36" 9 **0/9829**
185.242.226.113 - - [14/Sep/2025:17:25:51 -0700] "GET / HTTP/1.1" 200 - "-" "Mozilla/5.0 (Windows NT 10.0; Win64; x64) AppleWebKit/537.36 (KHTML, like Gecko) Chrome/88.0.4324.190 Safari/537.36" 11 **0/11786**
157.55.39.56 - - [14/Sep/2025:17:26:20 -0700] "GET /u1232882/ HTTP/1.1" 200 1 "-" "Mozilla/5.0 AppleWebKit/537.36 (KHTML, like Gecko; compatible; bingbot/2.0; +http://www.bing.com/bingbot.htm) Chrome/116.0.1938.76 Safari/537.36" 5 **0/5011**
204.12.252.98 - - [14/Sep/2025:17:26:23 -0700] "GET /wp-includes/pl9f1ad1/install.php HTTP/1.1" 200 1 "http://hypeprints.app/wp-includes/pl9f1ad1/install.php" "Mozilla/5.0 (Windows NT 10.0; Win64; x64) AppleWebKit/537.36 (KHTML, like Gecko) Chrome/58.0.3029.110 Safari/537.3" 5 **0/5513**
204.12.252.98 - - [14/Sep/2025:17:29:19 -0700] "GET /wp-includes/edit.php HTTP/1.1" 200 1 "http://hypeprints.app/wp-includes/edit.php" "Mozilla/5.0 (Windows NT 10.0; Win64; x64) AppleWebKit/537.36 (KHTML, like Gecko) Chrome/58.0.3029.110 Safari/537.3" 9 **0/9672**
40.77.167.132 - - [14/Sep/2025:17:35:27 -0700] "GET /lz3810920/ HTTP/1.1" 200 1 "-" "Mozilla/5.0 AppleWebKit/537.36 (KHTML, like Gecko; compatible; bingbot/2.0; +http://www.bing.com/bingbot.htm) Chrome/116.0.1938.76 Safari/537.36" 10 **0/10267**
91.224.92.17 - - [14/Sep/2025:17:38:53 -0700] "GET / HTTP/1.1" 200 - "-" "-" 8 **0/8359**
208.110.64.178 - - [14/Sep/2025:17:39:21 -0700] "GET /wp-includes/pl9f1ad1/install.php HTTP/1.1" 200 1 "http://hypeprints.app/wp-includes/pl9f1ad1/install.php" "Mozilla/5.0 (Windows NT 10.0; Win64; x64) AppleWebKit/537.36 (KHTML, like Gecko) Chrome/58.0.3029.110 Safari/537.3" 9 **0/9452**
78.128.114.62 - - [14/Sep/2025:17:43:19 -0700] "GET / HTTP/1.1" 200 - "-" "Mozilla/5.0 (Windows NT 10.0; Win64; x64) AppleWebKit/537.36 (KHTML, like Gecko) Chrome/90.0.4430.85 Safari/537.36 Edg/90.0.818.46" 5 **0/5821**
157.55.39.8 - - [14/Sep/2025:17:49:37 -0700] "GET /t3683775/ HTTP/1.1" 200 1 "-" "Mozilla/5.0 AppleWebKit/537.36 (KHTML, like Gecko; compatible; bingbot/2.0; +http://www.bing.com/bingbot.htm) Chrome/116.0.1938.76 Safari/537.36" 11 **0/11935**
157.55.39.8 - - [14/Sep/2025:17:53:30 -0700] "GET /wf2330890/ HTTP/1.1" 200 1 "-" "Mozilla/5.0 AppleWebKit/537.36 (KHTML, like Gecko; compatible; bingbot/2.0; +http://www.bing.com/bingbot.htm) Chrome/116.0.1938.76 Safari/537.36" 11 **0/11400**
13.60.96.161 - - [14/Sep/2025:17:57:18 -0700] "\x16\x03\x01\x02" 400 - "-" "-" 6 **0/6630**
13.60.96.161 - - [14/Sep/2025:17:57:20 -0700] "\x16\x03\x03\x01\xa8\x01" 400 - "-" "-" 7 **0/7711**
13.60.96.161 - - [14/Sep/2025:17:57:20 -0700] "\x16\x03\x03\x01\xa8\x01" 400 - "-" "-" 2 **0/2154**
13.60.96.161 - - [14/Sep/2025:17:57:20 -0700] "\x16\x03\x03\x01Y\x01" 400 - "-" "-" 1 **0/1449**
13.60.96.161 - - [14/Sep/2025:17:57:21 -0700] "\x16\x03\x03\x01K\x01" 400 - "-" "-" 1 **0/1782**
13.60.96.161 - - [14/Sep/2025:17:57:21 -0700] "\x16\x03\x03\x01\x9c\x01" 400 - "-" "-" 2 **0/2134**
13.60.96.161 - - [14/Sep/2025:17:57:21 -0700] "\x16\x03\x02\x01\x9d\x01" 400 - "-" "-" 1 **0/1918**
13.60.96.161 - - [14/Sep/2025:17:57:22 -0700] "\x16\x03\x01\x01\xaa\x01" 400 - "-" "-" 1 **0/1876**
13.60.96.161 - - [14/Sep/2025:17:57:22 -0700] "\x16\x03\x01\x01\xaa\x01" 400 - "-" "-" 1 **0/1714**
13.60.96.161 - - [14/Sep/2025:17:57:22 -0700] "\x16\x03\x01\x01\xa0\x01" 400 - "-" "-" 7 **0/7591**
13.60.96.161 - - [14/Sep/2025:17:57:23 -0700] "\x16\x03\x01\x01\xb7\x01" 400 - "-" "-" 7 **0/7843**
91.224.92.17 - - [14/Sep/2025:18:00:51 -0700] "GET / HTTP/1.1" 200 - "-" "-" 5 **0/5797**
204.12.252.98 - - [14/Sep/2025:18:05:12 -0700] "GET /wp-includes/pl9f1ad1/install.php HTTP/1.1" 200 1 "http://hypeprints.app/wp-includes/pl9f1ad1/install.php" "Mozilla/5.0 (Windows NT 10.0; Win64; x64) AppleWebKit/537.36 (KHTML, like Gecko) Chrome/58.0.3029.110 Safari/537.3" 8 **0/8419**
192.159.99.162 - - [14/Sep/2025:18:06:28 -0700] "GET / HTTP/1.1" 200 - "-" "-" 10 **0/10233**
208.110.64.178 - - [14/Sep/2025:18:08:34 -0700] "GET /wp-includes/edit.php HTTP/1.1" 200 1 "http://hypeprints.app/wp-includes/edit.php" "Mozilla/5.0 (Windows NT 10.0; Win64; x64) AppleWebKit/537.36 (KHTML, like Gecko) Chrome/58.0.3029.110 Safari/537.3" 10 **0/10490**
45.135.193.100 - - [14/Sep/2025:18:32:26 -0700] "GET / HTTP/1.1" 200 - "-" "-" 513 **0/513432**
157.55.39.9 - - [14/Sep/2025:18:41:13 -0700] "GET /w3839312/ HTTP/1.1" 200 1 "-" "Mozilla/5.0 AppleWebKit/537.36 (KHTML, like Gecko; compatible; bingbot/2.0; +http://www.bing.com/bingbot.htm) Chrome/116.0.1938.76 Safari/537.36" 11 **0/11161**
40.77.167.35 - - [14/Sep/2025:18:43:13 -0700] "GET /lz4278180/ HTTP/1.1" 200 1 "-" "Mozilla/5.0 AppleWebKit/537.36 (KHTML, like Gecko; compatible; bingbot/2.0; +http://www.bing.com/bingbot.htm) Chrome/116.0.1938.76 Safari/537.36" 10 **0/10613**
204.12.252.98 - - [14/Sep/2025:18:43:38 -0700] "GET /wp-includes/pl9f1ad1/install.php HTTP/1.1" 200 1 "http://hypeprints.app/wp-includes/pl9f1ad1/install.php" "Mozilla/5.0 (Windows NT 10.0; Win64; x64) AppleWebKit/537.36 (KHTML, like Gecko) Chrome/58.0.3029.110 Safari/537.3" 10 **0/10679**
208.110.64.178 - - [14/Sep/2025:18:47:19 -0700] "GET /wp-includes/edit.php HTTP/1.1" 200 1 "http://hypeprints.app/wp-includes/edit.php" "Mozilla/5.0 (Windows NT 10.0; Win64; x64) AppleWebKit/537.36 (KHTML, like Gecko) Chrome/58.0.3029.110 Safari/537.3" 4 **0/4421**
176.32.195.85 - - [14/Sep/2025:18:51:10 -0700] "\x16\x03\x02\x01o\x01" 400 - "-" "-" 6 **0/6576**
176.32.195.85 - - [14/Sep/2025:18:51:53 -0700] "\x16\x03\x01\x05\xa8\x01" 400 - "-" "-" 2 **0/2496**
46.161.50.108 - - [14/Sep/2025:18:51:54 -0700] "GET / HTTP/1.1" 200 - "-" "fasthttp" 38 **0/38954**
176.32.195.85 - - [14/Sep/2025:18:51:54 -0700] "GET /aaa9 HTTP/1.1" 200 - "-" "Mozilla/5.0 (Windows NT 10.0; Win64; x64) AppleWebKit/537.36 (KHTML, like Gecko) Chrome/70.0.3538.77 Safari/537.36" 47 **0/47858**
176.32.195.85 - - [14/Sep/2025:18:51:54 -0700] "\x16\x03\x01\x05\xa8\x01" 400 - "-" "-" 2 **0/2036**
176.32.195.85 - - [14/Sep/2025:18:51:54 -0700] "GET /aab9 HTTP/1.1" 200 - "-" "Mozilla/5.0 (Windows NT 10.0; Win64; x64) AppleWebKit/537.36 (KHTML, like Gecko) Chrome/70.0.3538.77 Safari/537.36" 4 **0/4250**
46.161.50.108 - - [14/Sep/2025:18:52:14 -0700] "\x16\x03\x01\x05\xa8\x01" 400 - "-" "-" 1 **0/1430**
46.161.50.108 - - [14/Sep/2025:18:52:16 -0700] "GET /aaa9 HTTP/1.1" 200 - "-" "Mozilla/5.0 (Windows NT 10.0; Win64; x64) AppleWebKit/537.36 (KHTML, like Gecko) Chrome/70.0.3538.77 Safari/537.36" 9 **0/9237**
46.161.50.108 - - [14/Sep/2025:18:52:17 -0700] "\x16\x03\x01\x05\xa8\x01" 400 - "-" "-" 1 **0/1619**
46.161.50.108 - - [14/Sep/2025:18:52:19 -0700] "GET /aab9 HTTP/1.1" 200 - "-" "Mozilla/5.0 (Windows NT 10.0; Win64; x64) AppleWebKit/537.36 (KHTML, like Gecko) Chrome/70.0.3538.77 Safari/537.36" 3 **0/3675**
91.224.92.17 - - [14/Sep/2025:18:53:27 -0700] "GET / HTTP/1.1" 200 - "-" "-" 4 **0/4066**
157.55.39.56 - - [14/Sep/2025:18:57:40 -0700] "GET /wf1779618/ HTTP/1.1" 200 1 "-" "Mozilla/5.0 AppleWebKit/537.36 (KHTML, like Gecko; compatible; bingbot/2.0; +http://www.bing.com/bingbot.htm) Chrome/116.0.1938.76 Safari/537.36" 10 **0/10499**
43.156.232.190 - - [14/Sep/2025:19:00:56 -0700] "GET / HTTP/1.1" 200 - "-" "Mozilla/5.0 (iPhone; CPU iPhone OS 13_2_3 like Mac OS X) AppleWebKit/605.1.15 (KHTML, like Gecko) Version/13.0.3 Mobile/15E148 Safari/604.1" 10 **0/10547**
157.55.39.52 - - [14/Sep/2025:19:01:43 -0700] "GET /u2509824/ HTTP/1.1" 200 1 "-" "Mozilla/5.0 AppleWebKit/537.36 (KHTML, like Gecko; compatible; bingbot/2.0; +http://www.bing.com/bingbot.htm) Chrome/116.0.1938.76 Safari/537.36" 5 **0/5868**
208.110.64.178 - - [14/Sep/2025:19:16:47 -0700] "GET /wp-includes/edit.php HTTP/1.1" 200 1 "http://hypeprints.app/wp-includes/edit.php" "Mozilla/5.0 (Windows NT 10.0; Win64; x64) AppleWebKit/537.36 (KHTML, like Gecko) Chrome/58.0.3029.110 Safari/537.3" 9 **0/9413**
87.120.222.229 - - [14/Sep/2025:19:17:40 -0700] "GET / HTTP/1.1" 200 - "-" "Mozilla/5.0 zgrab/0.x" 11 **0/11107**
208.110.64.178 - - [14/Sep/2025:19:17:47 -0700] "GET /wp-includes/pl9f1ad1/install.php HTTP/1.1" 200 1 "http://hypeprints.app/wp-includes/pl9f1ad1/install.php" "Mozilla/5.0 (Windows NT 10.0; Win64; x64) AppleWebKit/537.36 (KHTML, like Gecko) Chrome/58.0.3029.110 Safari/537.3" 10 **0/10195**
207.46.13.151 - - [14/Sep/2025:19:20:22 -0700] "GET /u2144293/ HTTP/1.1" 200 1 "-" "Mozilla/5.0 AppleWebKit/537.36 (KHTML, like Gecko; compatible; bingbot/2.0; +http://www.bing.com/bingbot.htm) Chrome/116.0.1938.76 Safari/537.36" 12 **0/12001**
45.135.193.100 - - [14/Sep/2025:19:22:45 -0700] "POST /goform/set_cmd HTTP/1.1" 200 1 "http://132.148.251.191:80/admin/more.html" "Mozilla/5.0 (Windows NT 10.0; Win64; x64) AppleWebKit/537.36 (KHTML, like Gecko) Chrome/131.0.6778.140 Safari/537.36" 11 **0/11991**
157.55.39.10 - - [14/Sep/2025:19:29:56 -0700] "GET /lz4411402/ HTTP/1.1" 200 1 "-" "Mozilla/5.0 AppleWebKit/537.36 (KHTML, like Gecko; compatible; bingbot/2.0; +http://www.bing.com/bingbot.htm) Chrome/116.0.1938.76 Safari/537.36" 515 **0/515767**
157.55.39.10 - - [14/Sep/2025:19:32:22 -0700] "GET /wf1288093/ HTTP/1.1" 200 1 "-" "Mozilla/5.0 AppleWebKit/537.36 (KHTML, like Gecko; compatible; bingbot/2.0; +http://www.bing.com/bingbot.htm) Chrome/116.0.1938.76 Safari/537.36" 7 **0/7897**
157.230.125.255 - - [14/Sep/2025:19:34:18 -0700] "GET / HTTP/1.1" 200 - "-" "Mozilla/5.0 (Windows NT 6.3; rv:55.0.1) Gecko/20100101 Firefox/55.0.1" 6 **0/6842**
185.242.226.113 - - [14/Sep/2025:19:44:28 -0700] "\x16\x03\x01" 400 - "-" "-" 5 **0/5735**
208.110.64.178 - - [14/Sep/2025:19:44:53 -0700] "GET /wp-includes/pl9f1ad1/install.php HTTP/1.1" 200 1 "http://hypeprints.app/wp-includes/pl9f1ad1/install.php" "Mozilla/5.0 (Windows NT 10.0; Win64; x64) AppleWebKit/537.36 (KHTML, like Gecko) Chrome/58.0.3029.110 Safari/537.3" 8 **0/8593**
149.100.11.243 - - [14/Sep/2025:19:49:10 -0700] "GET / HTTP/1.1" 200 - "-" "Mozilla/5.0 (Windows NT 10.0; Win64; x64) AppleWebKit/537.36" 4 **0/4212**
157.55.39.63 - - [14/Sep/2025:19:53:01 -0700] "GET /?home-appliances/vacuum-cleaners/aakw HTTP/1.1" 200 1 "-" "Mozilla/5.0 AppleWebKit/537.36 (KHTML, like Gecko; compatible; bingbot/2.0; +http://www.bing.com/bingbot.htm) Chrome/116.0.1938.76 Safari/537.36" 12 **0/12538**
208.110.64.178 - - [14/Sep/2025:19:56:26 -0700] "GET /wp-includes/edit.php HTTP/1.1" 200 1 "http://hypeprints.app/wp-includes/edit.php" "Mozilla/5.0 (Windows NT 10.0; Win64; x64) AppleWebKit/537.36 (KHTML, like Gecko) Chrome/58.0.3029.110 Safari/537.3" 5 **0/5265**
91.224.92.17 - - [14/Sep/2025:19:57:57 -0700] "GET / HTTP/1.1" 200 - "-" "-" 3 **0/3860**
13.86.116.162 - - [14/Sep/2025:19:58:20 -0700] "GET / HTTP/1.1" 200 - "-" "Mozilla/5.0 zgrab/0.x" 3 **0/3898**
124.226.222.66 - - [14/Sep/2025:19:59:25 -0700] "GET / HTTP/1.1" 200 - "-" "Mozilla/5.0 (iPhone; CPU iPhone OS 13_2_3 like Mac OS X) AppleWebKit/605.1.15 (KHTML, like Gecko) Version/13.0.3 Mobile/15E148 Safari/604.1" 9 **0/9783**
208.110.64.178 - - [14/Sep/2025:20:05:36 -0700] "GET /wp-includes/edit.php HTTP/1.1" 200 1 "http://hypeprints.app/wp-includes/edit.php" "Mozilla/5.0 (Windows NT 10.0; Win64; x64) AppleWebKit/537.36 (KHTML, like Gecko) Chrome/58.0.3029.110 Safari/537.3" 9 **0/9465**
52.167.144.168 - - [14/Sep/2025:20:09:30 -0700] "GET /wp-site.php/sitemap396.xml HTTP/1.1" 200 1 "-" "Mozilla/5.0 AppleWebKit/537.36 (KHTML, like Gecko; compatible; bingbot/2.0; +http://www.bing.com/bingbot.htm) Chrome/116.0.1938.76 Safari/537.36" 4 **0/4201**
52.167.144.168 - - [14/Sep/2025:20:09:30 -0700] "GET /wp-site.php/sitemap409.xml HTTP/1.1" 200 1 "-" "Mozilla/5.0 AppleWebKit/537.36 (KHTML, like Gecko; compatible; bingbot/2.0; +http://www.bing.com/bingbot.htm) Chrome/116.0.1938.76 Safari/537.36" 4 **0/4975**
52.167.144.168 - - [14/Sep/2025:20:10:49 -0700] "GET /wp-site.php/sitemap395.xml HTTP/1.1" 200 1 "-" "Mozilla/5.0 AppleWebKit/537.36 (KHTML, like Gecko; compatible; bingbot/2.0; +http://www.bing.com/bingbot.htm) Chrome/116.0.1938.76 Safari/537.36" 12 **0/12277**
157.55.39.56 - - [14/Sep/2025:20:10:52 -0700] "GET /wp-site.php/sitemap420.xml HTTP/1.1" 200 1 "-" "Mozilla/5.0 AppleWebKit/537.36 (KHTML, like Gecko; compatible; bingbot/2.0; +http://www.bing.com/bingbot.htm) Chrome/116.0.1938.76 Safari/537.36" 11 **0/11683**
157.55.39.195 - - [14/Sep/2025:20:11:18 -0700] "GET /wp-site.php/sitemap490.xml HTTP/1.1" 200 1 "-" "Mozilla/5.0 AppleWebKit/537.36 (KHTML, like Gecko; compatible; bingbot/2.0; +http://www.bing.com/bingbot.htm) Chrome/116.0.1938.76 Safari/537.36" 4 **0/4537**
157.55.39.56 - - [14/Sep/2025:20:11:23 -0700] "GET /wp-site.php/sitemap459.xml HTTP/1.1" 200 1 "-" "Mozilla/5.0 AppleWebKit/537.36 (KHTML, like Gecko; compatible; bingbot/2.0; +http://www.bing.com/bingbot.htm) Chrome/116.0.1938.76 Safari/537.36" 9 **0/9764**
157.55.39.195 - - [14/Sep/2025:20:12:11 -0700] "GET /wp-site.php/sitemap407.xml HTTP/1.1" 200 1 "-" "Mozilla/5.0 AppleWebKit/537.36 (KHTML, like Gecko; compatible; bingbot/2.0; +http://www.bing.com/bingbot.htm) Chrome/116.0.1938.76 Safari/537.36" 8 **0/8935**
157.55.39.49 - - [14/Sep/2025:20:12:28 -0700] "GET /wp-site.php/sitemap406.xml HTTP/1.1" 200 1 "-" "Mozilla/5.0 AppleWebKit/537.36 (KHTML, like Gecko; compatible; bingbot/2.0; +http://www.bing.com/bingbot.htm) Chrome/116.0.1938.76 Safari/537.36" 4 **0/4512**
91.224.92.17 - - [14/Sep/2025:20:12:42 -0700] "GET / HTTP/1.1" 200 - "-" "-" 3 **0/3324**
157.55.39.49 - - [14/Sep/2025:20:12:46 -0700] "GET /wp-site.php/sitemap479.xml HTTP/1.1" 200 1 "-" "Mozilla/5.0 AppleWebKit/537.36 (KHTML, like Gecko; compatible; bingbot/2.0; +http://www.bing.com/bingbot.htm) Chrome/116.0.1938.76 Safari/537.36" 4 **0/4940**
157.55.39.49 - - [14/Sep/2025:20:12:46 -0700] "GET /search.php?sitemap813.xml HTTP/1.1" 200 21 "-" "Mozilla/5.0 AppleWebKit/537.36 (KHTML, like Gecko; compatible; bingbot/2.0; +http://www.bing.com/bingbot.htm) Chrome/116.0.1938.76 Safari/537.36" 4 **0/4996**
198.235.24.181 - - [14/Sep/2025:20:31:10 -0700] "\x16\x03\x01" 400 - "-" "-" 510 **0/510621**
198.235.24.181 - - [14/Sep/2025:20:31:10 -0700] "\x16\x03\x01" 400 - "-" "-" 1 **0/1470**
170.106.197.109 - - [14/Sep/2025:20:31:47 -0700] "\x16\x03\x01" 400 - "-" "-" 2 **0/2029**
40.77.167.136 - - [14/Sep/2025:20:36:46 -0700] "GET /s4034165/ HTTP/1.1" 200 1 "-" "Mozilla/5.0 AppleWebKit/537.36 (KHTML, like Gecko; compatible; bingbot/2.0; +http://www.bing.com/bingbot.htm) Chrome/116.0.1938.76 Safari/537.36" 4 **0/4211**
208.110.64.178 - - [14/Sep/2025:20:41:17 -0700] "GET /wp-includes/pl9f1ad1/install.php HTTP/1.1" 200 1 "http://hypeprints.app/wp-includes/pl9f1ad1/install.php" "Mozilla/5.0 (Windows NT 10.0; Win64; x64) AppleWebKit/537.36 (KHTML, like Gecko) Chrome/58.0.3029.110 Safari/537.3" 6 **0/6303**
208.110.64.178 - - [14/Sep/2025:21:01:43 -0700] "GET /wp-includes/pl9f1ad1/install.php HTTP/1.1" 200 1 "http://hypeprints.app/wp-includes/pl9f1ad1/install.php" "Mozilla/5.0 (Windows NT 10.0; Win64; x64) AppleWebKit/537.36 (KHTML, like Gecko) Chrome/58.0.3029.110 Safari/537.3" 516 **0/516030**
45.135.193.100 - - [14/Sep/2025:21:07:10 -0700] "GET / HTTP/1.1" 200 - "-" "-" 10 **0/10476**
207.46.13.78 - - [14/Sep/2025:21:11:31 -0700] "GET /?diet/wheelchairs/5k2p HTTP/1.1" 200 1 "-" "Mozilla/5.0 AppleWebKit/537.36 (KHTML, like Gecko; compatible; bingbot/2.0; +http://www.bing.com/bingbot.htm) Chrome/116.0.1938.76 Safari/537.36" 9 **0/9682**
91.224.92.17 - - [14/Sep/2025:21:24:00 -0700] "GET / HTTP/1.1" 200 - "-" "-" 9 **0/9671**
204.12.208.18 - - [14/Sep/2025:21:40:08 -0700] "GET /wp-includes/pl9f1ad1/install.php HTTP/1.1" 200 - "http://hypeprints.app/wp-includes/pl9f1ad1/install.php" "Mozilla/5.0 (Macintosh; U; PPC Mac OS X; ja-jp) AppleWebKit/523.12 (KHTML, like Gecko) Version/3.0.4 Safari/523.12" 27 **0/27491**
204.12.208.18 - - [14/Sep/2025:21:40:09 -0700] "GET /wp-includes/pl9f1ad1/install.php HTTP/1.1" 200 - "http://hypeprints.app/wp-includes/pl9f1ad1/install.php" "Mozilla/5.0 (Macintosh; U; Intel Mac OS X 10_5_5; ja-jp) AppleWebKit/525.26.2 (KHTML, like Gecko) Version/3.2 Safari/525.26.12" 11 **0/11883**
204.12.252.98 - - [14/Sep/2025:21:41:17 -0700] "GET /wp-includes/edit.php HTTP/1.1" 200 1 "http://hypeprints.app/wp-includes/edit.php" "Mozilla/5.0 (Windows NT 10.0; Win64; x64) AppleWebKit/537.36 (KHTML, like Gecko) Chrome/58.0.3029.110 Safari/537.3" 10 **0/10266**
180.149.126.15 - - [14/Sep/2025:21:47:34 -0700] "GET / HTTP/1.1" 200 - "-" "Mozilla/5.0 (Windows NT 5.1; Win64; x64) AppleWebKit/537.36 (KHTML, like Gecko) Chrome/60.0.3112.90 Safari/537.36" 8 **0/8826**
147.185.132.229 - - [14/Sep/2025:21:48:08 -0700] "GET / HTTP/1.1" 200 - "-" "Hello from Palo Alto Networks, find out more about our scans in https://docs-cortex.paloaltonetworks.com/r/1/Cortex-Xpanse/Scanning-activity" 11 **0/11780**
204.12.252.98 - - [14/Sep/2025:21:49:33 -0700] "GET /wp-includes/edit.php HTTP/1.1" 200 1 "http://hypeprints.app/wp-includes/edit.php" "Mozilla/5.0 (Windows NT 10.0; Win64; x64) AppleWebKit/537.36 (KHTML, like Gecko) Chrome/58.0.3029.110 Safari/537.3" 10 **0/10172**
91.224.92.17 - - [14/Sep/2025:21:53:43 -0700] "GET / HTTP/1.1" 200 - "-" "-" 13 **0/13183**
157.55.39.8 - - [14/Sep/2025:21:56:38 -0700] "GET /j4329415/ HTTP/1.1" 200 1 "-" "Mozilla/5.0 AppleWebKit/537.36 (KHTML, like Gecko; compatible; bingbot/2.0; +http://www.bing.com/bingbot.htm) Chrome/116.0.1938.76 Safari/537.36" 10 **0/10457**
157.55.39.55 - - [14/Sep/2025:22:06:19 -0700] "GET /smartphones/keyboards/1bnwi HTTP/1.1" 200 1 "-" "Mozilla/5.0 AppleWebKit/537.36 (KHTML, like Gecko; compatible; bingbot/2.0; +http://www.bing.com/bingbot.htm) Chrome/116.0.1938.76 Safari/537.36" 9 **0/9823**
52.167.144.145 - - [14/Sep/2025:22:17:13 -0700] "GET /u2092538/ HTTP/1.1" 200 1 "-" "Mozilla/5.0 AppleWebKit/537.36 (KHTML, like Gecko; compatible; bingbot/2.0; +http://www.bing.com/bingbot.htm) Chrome/116.0.1938.76 Safari/537.36" 9 **0/9529**
208.110.64.178 - - [14/Sep/2025:22:22:49 -0700] "GET /wp-includes/pl9f1ad1/install.php HTTP/1.1" 200 1 "http://hypeprints.app/wp-includes/pl9f1ad1/install.php" "Mozilla/5.0 (Windows NT 10.0; Win64; x64) AppleWebKit/537.36 (KHTML, like Gecko) Chrome/58.0.3029.110 Safari/537.3" 9 **0/9169**
157.55.39.201 - - [14/Sep/2025:22:25:02 -0700] "GET /wf1916001/ HTTP/1.1" 200 1 "-" "Mozilla/5.0 AppleWebKit/537.36 (KHTML, like Gecko; compatible; bingbot/2.0; +http://www.bing.com/bingbot.htm) Chrome/116.0.1938.76 Safari/537.36" 15 **0/15587**
43.154.140.188 - - [14/Sep/2025:22:43:43 -0700] "GET / HTTP/1.1" 200 - "-" "Mozilla/5.0 (iPhone; CPU iPhone OS 13_2_3 like Mac OS X) AppleWebKit/605.1.15 (KHTML, like Gecko) Version/13.0.3 Mobile/15E148 Safari/604.1" 513 **0/513218**
71.6.232.28 - - [14/Sep/2025:22:52:55 -0700] "GET / HTTP/1.1" 200 - "-" "Mozilla/5.0 (Windows NT 10.0; Win64; x64) AppleWebKit/537.36 (KHTML, like Gecko) Chrome/134.0.0.0 Safari/537.36" 9 **0/9336**
204.12.252.98 - - [14/Sep/2025:23:02:03 -0700] "GET /wp-includes/edit.php HTTP/1.1" 200 1 "http://hypeprints.app/wp-includes/edit.php" "Mozilla/5.0 (Windows NT 10.0; Win64; x64) AppleWebKit/537.36 (KHTML, like Gecko) Chrome/58.0.3029.110 Safari/537.3" 10 **0/10480**
91.224.92.17 - - [14/Sep/2025:23:06:16 -0700] "GET / HTTP/1.1" 200 - "-" "-" 4 **0/4063**
45.135.193.100 - - [14/Sep/2025:23:12:11 -0700] "GET / HTTP/1.1" 200 - "-" "-" 10 **0/10174**
86.54.31.34 - - [14/Sep/2025:23:17:53 -0700] "GET / HTTP/1.1" 200 - "-" "Mozilla/5.0 (Windows NT 6.1) AppleWebKit/537.36 (KHTML, like Gecko) Chrome/41.0.2228.0 Safari/537.36" 9 **0/9946**
86.54.31.34 - - [14/Sep/2025:23:17:53 -0700] "GET /robots.txt HTTP/1.1" 200 364 "-" "-" 4 **0/4053**
86.54.31.34 - - [14/Sep/2025:23:17:54 -0700] "GET /sitemap.xml HTTP/1.1" 200 - "-" "-" 4 **0/4018**
86.54.31.34 - - [14/Sep/2025:23:17:54 -0700] "GET /.well-known/security.txt HTTP/1.1" 200 - "-" "-" 9 **0/9218**
86.54.31.34 - - [14/Sep/2025:23:17:54 -0700] "GET /favicon.ico HTTP/1.1" 200 - "-" "Mozilla/5.0 (Windows NT 10.0; Win64; x64) AppleWebKit/537.36 (KHTML, like Gecko) Chrome/102.0.5005.63 Safari/537.36" 3 **0/3695**
207.46.13.154 - - [14/Sep/2025:23:23:54 -0700] "GET /xe2962064/ HTTP/1.1" 200 1 "-" "Mozilla/5.0 AppleWebKit/537.36 (KHTML, like Gecko; compatible; bingbot/2.0; +http://www.bing.com/bingbot.htm) Chrome/116.0.1938.76 Safari/537.36" 11 **0/11358**
51.75.236.151 - - [14/Sep/2025:23:27:15 -0700] "GET /robots.txt HTTP/1.1" 200 129 "-" "Mozilla/5.0 (compatible; AhrefsBot/7.0; +http://ahrefs.com/robot/)" 2 **0/2564**
54.39.203.27 - - [14/Sep/2025:23:27:16 -0700] "GET /?sitemap943.xml HTTP/1.1" 200 1 "-" "Mozilla/5.0 (compatible; AhrefsBot/7.0; +http://ahrefs.com/robot/)" 8 **0/8787**
182.42.150.27 - - [14/Sep/2025:23:28:59 -0700] "GET /containers/json HTTP/1.1" 200 - "-" "Mozilla/5.0 (iPhone; CPU iPhone OS 17_5_1 like Mac OS X) AppleWebKit/605.1.15 (KHTML, like Gecko) Version/17.4.1 Mobile/15E148 Safari/604.1" 9 **0/9667**
182.42.150.27 - - [14/Sep/2025:23:28:59 -0700] "GET /.env HTTP/1.1" 403 - "-" "Mozilla/5.0 (iPhone; CPU iPhone OS 17_5_1 like Mac OS X) AppleWebKit/605.1.15 (KHTML, like Gecko) Version/17.4.1 Mobile/15E148 Safari/604.1" 9 **0/9345**
182.42.150.27 - - [14/Sep/2025:23:29:00 -0700] "GET /.env.bak HTTP/1.1" 200 - "-" "Mozilla/5.0 (iPhone; CPU iPhone OS 17_5_1 like Mac OS X) AppleWebKit/605.1.15 (KHTML, like Gecko) Version/17.4.1 Mobile/15E148 Safari/604.1" 4 **0/4926**
182.42.150.27 - - [14/Sep/2025:23:29:00 -0700] "GET / HTTP/1.1" 200 - "-" "Mozilla/5.0 (iPhone; CPU iPhone OS 17_5_1 like Mac OS X) AppleWebKit/605.1.15 (KHTML, like Gecko) Version/17.4.1 Mobile/15E148 Safari/604.1" 9 **0/9353**
182.42.150.27 - - [14/Sep/2025:23:29:01 -0700] "GET /version HTTP/1.1" 200 - "-" "Mozilla/5.0 (iPhone; CPU iPhone OS 17_5_1 like Mac OS X) AppleWebKit/605.1.15 (KHTML, like Gecko) Version/17.4.1 Mobile/15E148 Safari/604.1" 6 **0/6072**
182.42.150.27 - - [14/Sep/2025:23:29:01 -0700] "\x16\x03\x01" 400 - "-" "-" 2 **0/2341**
157.55.39.52 - - [14/Sep/2025:23:34:08 -0700] "GET /wf825344/ HTTP/1.1" 200 1 "-" "Mozilla/5.0 AppleWebKit/537.36 (KHTML, like Gecko; compatible; bingbot/2.0; +http://www.bing.com/bingbot.htm) Chrome/116.0.1938.76 Safari/537.36" 11 **0/11143**
222.119.236.55 - - [14/Sep/2025:23:36:58 -0700] "GET /manager/html HTTP/1.1" 200 - "-" "User-Agent:Mozilla/4.0 (compatible; MSIE 6.0; Windows NT 5.2; .NET CLR 1.0.3705" 3 **0/3692**
222.119.236.55 - - [14/Sep/2025:23:36:58 -0700] "\x16\x03\x01" 400 - "-" "-" 5 **0/5811**
222.119.236.55 - - [14/Sep/2025:23:36:58 -0700] "\x16\x03\x01" 400 - "-" "-" 1 **0/1725**
36.41.75.167 - - [14/Sep/2025:23:50:26 -0700] "GET / HTTP/1.1" 200 - "-" "Mozilla/5.0 (iPhone; CPU iPhone OS 13_2_3 like Mac OS X) AppleWebKit/605.1.15 (KHTML, like Gecko) Version/13.0.3 Mobile/15E148 Safari/604.1" 10 **0/10102**
208.110.64.178 - - [14/Sep/2025:23:54:14 -0700] "GET /wp-includes/pl9f1ad1/install.php HTTP/1.1" 200 1 "http://hypeprints.app/wp-includes/pl9f1ad1/install.php" "Mozilla/5.0 (Windows NT 10.0; Win64; x64) AppleWebKit/537.36 (KHTML, like Gecko) Chrome/58.0.3029.110 Safari/537.3" 9 **0/9058**
40.77.167.77 - - [14/Sep/2025:23:55:38 -0700] "GET /ks3140278/ HTTP/1.1" 200 1 "-" "Mozilla/5.0 AppleWebKit/537.36 (KHTML, like Gecko; compatible; bingbot/2.0; +http://www.bing.com/bingbot.htm) Chrome/116.0.1938.76 Safari/537.36" 7 **0/7817**
157.55.39.197 - - [15/Sep/2025:00:02:22 -0700] "GET /?home-appliances/air-conditioners/147y8 HTTP/1.1" 200 1 "-" "Mozilla/5.0 AppleWebKit/537.36 (KHTML, like Gecko; compatible; bingbot/2.0; +http://www.bing.com/bingbot.htm) Chrome/116.0.1938.76 Safari/537.36" 9 **0/9741**
91.224.92.17 - - [15/Sep/2025:00:03:34 -0700] "GET / HTTP/1.1" 200 - "-" "-" 10 **0/10411**
208.110.64.178 - - [15/Sep/2025:00:08:15 -0700] "GET /wp-includes/edit.php HTTP/1.1" 200 1 "http://hypeprints.app/wp-includes/edit.php" "Mozilla/5.0 (Windows NT 10.0; Win64; x64) AppleWebKit/537.36 (KHTML, like Gecko) Chrome/58.0.3029.110 Safari/537.3" 4 **0/4954**
204.12.252.98 - - [15/Sep/2025:00:09:28 -0700] "GET /wp-includes/pl9f1ad1/install.php HTTP/1.1" 200 1 "http://hypeprints.app/wp-includes/pl9f1ad1/install.php" "Mozilla/5.0 (Windows NT 10.0; Win64; x64) AppleWebKit/537.36 (KHTML, like Gecko) Chrome/58.0.3029.110 Safari/537.3" 10 **0/10896**
204.12.252.98 - - [15/Sep/2025:00:12:04 -0700] "GET /wp-includes/edit.php HTTP/1.1" 200 1 "http://hypeprints.app/wp-includes/edit.php" "Mozilla/5.0 (Windows NT 10.0; Win64; x64) AppleWebKit/537.36 (KHTML, like Gecko) Chrome/58.0.3029.110 Safari/537.3" 4 **0/4143**
208.110.64.178 - - [15/Sep/2025:00:17:25 -0700] "GET /wp-includes/pl9f1ad1/install.php HTTP/1.1" 200 1 "http://hypeprints.app/wp-includes/pl9f1ad1/install.php" "Mozilla/5.0 (Windows NT 10.0; Win64; x64) AppleWebKit/537.36 (KHTML, like Gecko) Chrome/58.0.3029.110 Safari/537.3" 9 **0/9519**
208.110.64.178 - - [15/Sep/2025:00:21:47 -0700] "GET /wp-includes/edit.php HTTP/1.1" 200 1 "http://hypeprints.app/wp-includes/edit.php" "Mozilla/5.0 (Windows NT 10.0; Win64; x64) AppleWebKit/537.36 (KHTML, like Gecko) Chrome/58.0.3029.110 Safari/537.3" 10 **0/10940**
204.12.252.98 - - [15/Sep/2025:00:26:18 -0700] "GET /wp-includes/pl9f1ad1/install.php HTTP/1.1" 200 1 "http://hypeprints.app/wp-includes/pl9f1ad1/install.php" "Mozilla/5.0 (Windows NT 10.0; Win64; x64) AppleWebKit/537.36 (KHTML, like Gecko) Chrome/58.0.3029.110 Safari/537.3" 5 **0/5733**
91.224.92.17 - - [15/Sep/2025:00:26:20 -0700] "GET / HTTP/1.1" 200 - "-" "-" 10 **0/10029**
208.110.64.178 - - [15/Sep/2025:00:29:38 -0700] "GET /wp-includes/edit.php HTTP/1.1" 200 1 "http://hypeprints.app/wp-includes/edit.php" "Mozilla/5.0 (Windows NT 10.0; Win64; x64) AppleWebKit/537.36 (KHTML, like Gecko) Chrome/58.0.3029.110 Safari/537.3" 9 **0/9226**
43.166.255.102 - - [15/Sep/2025:00:29:57 -0700] "\x16\x03\x01" 400 - "-" "-" 1 **0/1988**
157.55.39.58 - - [15/Sep/2025:00:30:44 -0700] "GET /j3748202/ HTTP/1.1" 200 1 "-" "Mozilla/5.0 AppleWebKit/537.36 (KHTML, like Gecko; compatible; bingbot/2.0; +http://www.bing.com/bingbot.htm) Chrome/116.0.1938.76 Safari/537.36" 11 **0/11231**
208.110.64.178 - - [15/Sep/2025:00:33:55 -0700] "GET /wp-includes/pl9f1ad1/install.php HTTP/1.1" 200 1 "http://hypeprints.app/wp-includes/pl9f1ad1/install.php" "Mozilla/5.0 (Windows NT 10.0; Win64; x64) AppleWebKit/537.36 (KHTML, like Gecko) Chrome/58.0.3029.110 Safari/537.3" 9 **0/9574**
157.55.39.58 - - [15/Sep/2025:00:34:03 -0700] "GET /wf4387139/ HTTP/1.1" 200 1 "-" "Mozilla/5.0 AppleWebKit/537.36 (KHTML, like Gecko; compatible; bingbot/2.0; +http://www.bing.com/bingbot.htm) Chrome/116.0.1938.76 Safari/537.36" 5 **0/5261**
208.110.64.178 - - [15/Sep/2025:00:35:11 -0700] "GET /wp-includes/pl9f1ad1/install.php HTTP/1.1" 200 1 "http://hypeprints.app/wp-includes/pl9f1ad1/install.php" "Mozilla/5.0 (Windows NT 10.0; Win64; x64) AppleWebKit/537.36 (KHTML, like Gecko) Chrome/58.0.3029.110 Safari/537.3" 10 **0/10346**
204.12.252.98 - - [15/Sep/2025:00:41:32 -0700] "GET /wp-includes/edit.php HTTP/1.1" 200 1 "http://hypeprints.app/wp-includes/edit.php" "Mozilla/5.0 (Windows NT 10.0; Win64; x64) AppleWebKit/537.36 (KHTML, like Gecko) Chrome/58.0.3029.110 Safari/537.3" 8 **0/8467**
204.12.252.98 - - [15/Sep/2025:00:45:03 -0700] "GET /wp-includes/edit.php HTTP/1.1" 200 1 "http://hypeprints.app/wp-includes/edit.php" "Mozilla/5.0 (Windows NT 10.0; Win64; x64) AppleWebKit/537.36 (KHTML, like Gecko) Chrome/58.0.3029.110 Safari/537.3" 7 **0/7724**
204.12.252.98 - - [15/Sep/2025:00:45:05 -0700] "GET /wp-includes/pl9f1ad1/install.php HTTP/1.1" 200 1 "http://hypeprints.app/wp-includes/pl9f1ad1/install.php" "Mozilla/5.0 (Windows NT 10.0; Win64; x64) AppleWebKit/537.36 (KHTML, like Gecko) Chrome/58.0.3029.110 Safari/537.3" 6 **0/6195**
52.167.144.184 - - [15/Sep/2025:00:46:30 -0700] "GET /wf3208791/ HTTP/1.1" 200 1 "-" "Mozilla/5.0 AppleWebKit/537.36 (KHTML, like Gecko; compatible; bingbot/2.0; +http://www.bing.com/bingbot.htm) Chrome/116.0.1938.76 Safari/537.36" 6 **0/6067**
45.135.193.100 - - [15/Sep/2025:00:47:23 -0700] "GET / HTTP/1.1" 200 - "-" "-" 8 **0/8874**
157.55.39.203 - - [15/Sep/2025:00:52:17 -0700] "GET /lz1128009/ HTTP/1.1" 200 1 "-" "Mozilla/5.0 AppleWebKit/537.36 (KHTML, like Gecko; compatible; bingbot/2.0; +http://www.bing.com/bingbot.htm) Chrome/116.0.1938.76 Safari/537.36" 3 **0/3526**
208.110.64.178 - - [15/Sep/2025:00:53:58 -0700] "GET /wp-includes/pl9f1ad1/install.php HTTP/1.1" 200 1 "http://hypeprints.app/wp-includes/pl9f1ad1/install.php" "Mozilla/5.0 (Windows NT 10.0; Win64; x64) AppleWebKit/537.36 (KHTML, like Gecko) Chrome/58.0.3029.110 Safari/537.3" 9 **0/9559**
157.55.39.203 - - [15/Sep/2025:00:55:59 -0700] "GET /wf2480719/ HTTP/1.1" 200 1 "-" "Mozilla/5.0 AppleWebKit/537.36 (KHTML, like Gecko; compatible; bingbot/2.0; +http://www.bing.com/bingbot.htm) Chrome/116.0.1938.76 Safari/537.36" 5 **0/5706**
204.12.252.98 - - [15/Sep/2025:00:56:16 -0700] "GET /wp-includes/edit.php HTTP/1.1" 200 1 "http://hypeprints.app/wp-includes/edit.php" "Mozilla/5.0 (Windows NT 10.0; Win64; x64) AppleWebKit/537.36 (KHTML, like Gecko) Chrome/58.0.3029.110 Safari/537.3" 4 **0/4393**
157.55.39.201 - - [15/Sep/2025:01:00:02 -0700] "GET /s2976801/ HTTP/1.1" 200 1 "-" "Mozilla/5.0 AppleWebKit/537.36 (KHTML, like Gecko; compatible; bingbot/2.0; +http://www.bing.com/bingbot.htm) Chrome/116.0.1938.76 Safari/537.36" 31 **0/31063**
208.110.64.178 - - [15/Sep/2025:01:00:47 -0700] "GET /wp-includes/edit.php HTTP/1.1" 200 1 "http://hypeprints.app/wp-includes/edit.php" "Mozilla/5.0 (Windows NT 10.0; Win64; x64) AppleWebKit/537.36 (KHTML, like Gecko) Chrome/58.0.3029.110 Safari/537.3" 4 **0/4448**
204.12.252.98 - - [15/Sep/2025:01:01:42 -0700] "GET /wp-includes/pl9f1ad1/install.php HTTP/1.1" 200 1 "http://hypeprints.app/wp-includes/pl9f1ad1/install.php" "Mozilla/5.0 (Windows NT 10.0; Win64; x64) AppleWebKit/537.36 (KHTML, like Gecko) Chrome/58.0.3029.110 Safari/537.3" 10 **0/10644**
147.185.132.72 - - [15/Sep/2025:01:05:44 -0700] "GET / HTTP/1.0" 200 - "-" "Hello from Palo Alto Networks, find out more about our scans in https://docs-cortex.paloaltonetworks.com/r/1/Cortex-Xpanse/Scanning-activity" 8 **0/8868**
40.77.167.16 - - [15/Sep/2025:01:09:45 -0700] "GET /u1005797/ HTTP/1.1" 200 1 "-" "Mozilla/5.0 AppleWebKit/537.36 (KHTML, like Gecko; compatible; bingbot/2.0; +http://www.bing.com/bingbot.htm) Chrome/116.0.1938.76 Safari/537.36" 515 **0/515920**
157.55.39.63 - - [15/Sep/2025:01:09:47 -0700] "GET /j840955/ HTTP/1.1" 200 1 "-" "Mozilla/5.0 AppleWebKit/537.36 (KHTML, like Gecko; compatible; bingbot/2.0; +http://www.bing.com/bingbot.htm) Chrome/116.0.1938.76 Safari/537.36" 10 **0/10686**
208.110.64.178 - - [15/Sep/2025:01:09:47 -0700] "GET /wp-includes/edit.php HTTP/1.1" 200 1 "http://hypeprints.app/wp-includes/edit.php" "Mozilla/5.0 (Windows NT 10.0; Win64; x64) AppleWebKit/537.36 (KHTML, like Gecko) Chrome/58.0.3029.110 Safari/537.3" 3 **0/3687**
208.110.64.178 - - [15/Sep/2025:01:13:14 -0700] "GET /wp-includes/pl9f1ad1/install.php HTTP/1.1" 200 1 "http://hypeprints.app/wp-includes/pl9f1ad1/install.php" "Mozilla/5.0 (Windows NT 10.0; Win64; x64) AppleWebKit/537.36 (KHTML, like Gecko) Chrome/58.0.3029.110 Safari/537.3" 5 **0/5010**
185.242.226.113 - - [15/Sep/2025:01:19:12 -0700] "GET / HTTP/1.1" 200 - "-" "Mozilla/5.0 (Windows NT 10.0; Win64; x64) AppleWebKit/537.36 (KHTML, like Gecko) Chrome/88.0.4324.190 Safari/537.36" 9 **0/9868**
204.12.252.98 - - [15/Sep/2025:01:20:35 -0700] "GET /wp-includes/edit.php HTTP/1.1" 200 1 "http://hypeprints.app/wp-includes/edit.php" "Mozilla/5.0 (Windows NT 10.0; Win64; x64) AppleWebKit/537.36 (KHTML, like Gecko) Chrome/58.0.3029.110 Safari/537.3" 9 **0/9536**
204.12.252.98 - - [15/Sep/2025:01:28:07 -0700] "GET /wp-includes/pl9f1ad1/install.php HTTP/1.1" 200 1 "http://hypeprints.app/wp-includes/pl9f1ad1/install.php" "Mozilla/5.0 (Windows NT 10.0; Win64; x64) AppleWebKit/537.36 (KHTML, like Gecko) Chrome/58.0.3029.110 Safari/537.3" 9 **0/9732**
204.12.252.98 - - [15/Sep/2025:01:33:45 -0700] "GET /wp-includes/edit.php HTTP/1.1" 200 1 "http://hypeprints.app/wp-includes/edit.php" "Mozilla/5.0 (Windows NT 10.0; Win64; x64) AppleWebKit/537.36 (KHTML, like Gecko) Chrome/58.0.3029.110 Safari/537.3" 7 **0/7669**
204.12.252.98 - - [15/Sep/2025:01:33:50 -0700] "GET /wp-includes/pl9f1ad1/install.php HTTP/1.1" 200 1 "http://hypeprints.app/wp-includes/pl9f1ad1/install.php" "Mozilla/5.0 (Windows NT 10.0; Win64; x64) AppleWebKit/537.36 (KHTML, like Gecko) Chrome/58.0.3029.110 Safari/537.3" 4 **0/4027**
207.46.13.102 - - [15/Sep/2025:01:34:33 -0700] "GET /a3070176/ HTTP/1.1" 200 1 "-" "Mozilla/5.0 AppleWebKit/537.36 (KHTML, like Gecko; compatible; bingbot/2.0; +http://www.bing.com/bingbot.htm) Chrome/116.0.1938.76 Safari/537.36" 4 **0/4466**
148.113.128.2 - - [15/Sep/2025:01:35:35 -0700] "GET /?sitemap947.xml HTTP/1.1" 200 1 "-" "Mozilla/5.0 (compatible; AhrefsBot/7.0; +http://ahrefs.com/robot/)" 9 **0/9078**
157.55.39.201 - - [15/Sep/2025:01:35:58 -0700] "GET /ks4682763/ HTTP/1.1" 200 1 "-" "Mozilla/5.0 AppleWebKit/537.36 (KHTML, like Gecko; compatible; bingbot/2.0; +http://www.bing.com/bingbot.htm) Chrome/116.0.1938.76 Safari/537.36" 10 **0/10898**
93.174.93.12 - - [15/Sep/2025:01:36:40 -0700] "GET / HTTP/1.0" 200 - "-" "Mozilla/5.0 (X11; Linux x86_64) AppleWebKit/537.36 (KHTML, like Gecko) Chrome/72.0.3626.96 Safari/537.36" 7 **0/7620**
208.110.64.178 - - [15/Sep/2025:01:44:03 -0700] "GET /wp-includes/edit.php HTTP/1.1" 200 1 "http://hypeprints.app/wp-includes/edit.php" "Mozilla/5.0 (Windows NT 10.0; Win64; x64) AppleWebKit/537.36 (KHTML, like Gecko) Chrome/58.0.3029.110 Safari/537.3" 10 **0/10664**
208.110.64.178 - - [15/Sep/2025:01:44:17 -0700] "GET /wp-includes/pl9f1ad1/install.php HTTP/1.1" 200 1 "http://hypeprints.app/wp-includes/pl9f1ad1/install.php" "Mozilla/5.0 (Windows NT 10.0; Win64; x64) AppleWebKit/537.36 (KHTML, like Gecko) Chrome/58.0.3029.110 Safari/537.3" 5 **0/5452**
91.224.92.17 - - [15/Sep/2025:01:45:50 -0700] "GET / HTTP/1.1" 200 - "-" "-" 10 **0/10559**
157.55.39.55 - - [15/Sep/2025:01:47:05 -0700] "GET /si977627/ HTTP/1.1" 200 1 "-" "Mozilla/5.0 AppleWebKit/537.36 (KHTML, like Gecko; compatible; bingbot/2.0; +http://www.bing.com/bingbot.htm) Chrome/116.0.1938.76 Safari/537.36" 4 **0/4461**
52.167.144.160 - - [15/Sep/2025:01:52:19 -0700] "GET /u2380001/ HTTP/1.1" 200 1 "-" "Mozilla/5.0 AppleWebKit/537.36 (KHTML, like Gecko; compatible; bingbot/2.0; +http://www.bing.com/bingbot.htm) Chrome/116.0.1938.76 Safari/537.36" 10 **0/10445**
208.110.64.178 - - [15/Sep/2025:01:52:31 -0700] "GET /wp-includes/edit.php HTTP/1.1" 200 1 "http://hypeprints.app/wp-includes/edit.php" "Mozilla/5.0 (Windows NT 10.0; Win64; x64) AppleWebKit/537.36 (KHTML, like Gecko) Chrome/58.0.3029.110 Safari/537.3" 8 **0/8927**
204.12.252.98 - - [15/Sep/2025:02:00:06 -0700] "GET /wp-includes/pl9f1ad1/install.php HTTP/1.1" 200 1 "http://hypeprints.app/wp-includes/pl9f1ad1/install.php" "Mozilla/5.0 (Windows NT 10.0; Win64; x64) AppleWebKit/537.36 (KHTML, like Gecko) Chrome/58.0.3029.110 Safari/537.3" 11 **0/11599**
170.106.163.48 - - [15/Sep/2025:02:06:21 -0700] "GET / HTTP/1.1" 200 - "-" "Mozilla/5.0 (iPhone; CPU iPhone OS 13_2_3 like Mac OS X) AppleWebKit/605.1.15 (KHTML, like Gecko) Version/13.0.3 Mobile/15E148 Safari/604.1" 8 **0/8301**
208.110.64.178 - - [15/Sep/2025:02:12:08 -0700] "GET /wp-includes/edit.php HTTP/1.1" 200 1 "http://hypeprints.app/wp-includes/edit.php" "Mozilla/5.0 (Windows NT 10.0; Win64; x64) AppleWebKit/537.36 (KHTML, like Gecko) Chrome/58.0.3029.110 Safari/537.3" 514 **0/514358**
208.110.64.178 - - [15/Sep/2025:02:13:44 -0700] "GET /wp-includes/pl9f1ad1/install.php HTTP/1.1" 200 1 "http://hypeprints.app/wp-includes/pl9f1ad1/install.php" "Mozilla/5.0 (Windows NT 10.0; Win64; x64) AppleWebKit/537.36 (KHTML, like Gecko) Chrome/58.0.3029.110 Safari/537.3" 10 **0/10342**
43.157.149.188 - - [15/Sep/2025:02:14:35 -0700] "GET / HTTP/1.1" 200 - "-" "Mozilla/5.0 (iPhone; CPU iPhone OS 13_2_3 like Mac OS X) AppleWebKit/605.1.15 (KHTML, like Gecko) Version/13.0.3 Mobile/15E148 Safari/604.1" 10 **0/10097**
157.55.39.49 - - [15/Sep/2025:02:15:49 -0700] "GET /t3971746/ HTTP/1.1" 200 1 "-" "Mozilla/5.0 AppleWebKit/537.36 (KHTML, like Gecko; compatible; bingbot/2.0; +http://www.bing.com/bingbot.htm) Chrome/116.0.1938.76 Safari/537.36" 4 **0/4236**
208.110.64.178 - - [15/Sep/2025:02:25:06 -0700] "GET /wp-includes/edit.php HTTP/1.1" 200 1 "http://hypeprints.app/wp-includes/edit.php" "Mozilla/5.0 (Windows NT 10.0; Win64; x64) AppleWebKit/537.36 (KHTML, like Gecko) Chrome/58.0.3029.110 Safari/537.3" 10 **0/10451**
40.77.167.116 - - [15/Sep/2025:02:27:01 -0700] "GET /wf2587447/ HTTP/1.1" 200 1 "-" "Mozilla/5.0 AppleWebKit/537.36 (KHTML, like Gecko; compatible; bingbot/2.0; +http://www.bing.com/bingbot.htm) Chrome/116.0.1938.76 Safari/537.36" 10 **0/10686**
204.12.252.98 - - [15/Sep/2025:02:28:34 -0700] "GET /wp-includes/pl9f1ad1/install.php HTTP/1.1" 200 1 "http://hypeprints.app/wp-includes/pl9f1ad1/install.php" "Mozilla/5.0 (Windows NT 10.0; Win64; x64) AppleWebKit/537.36 (KHTML, like Gecko) Chrome/58.0.3029.110 Safari/537.3" 13 **0/13177**
208.110.64.178 - - [15/Sep/2025:02:30:26 -0700] "GET /wp-includes/edit.php HTTP/1.1" 200 1 "http://hypeprints.app/wp-includes/edit.php" "Mozilla/5.0 (Windows NT 10.0; Win64; x64) AppleWebKit/537.36 (KHTML, like Gecko) Chrome/58.0.3029.110 Safari/537.3" 11 **0/11942**
208.110.64.178 - - [15/Sep/2025:02:30:45 -0700] "GET /wp-includes/pl9f1ad1/install.php HTTP/1.1" 200 1 "http://hypeprints.app/wp-includes/pl9f1ad1/install.php" "Mozilla/5.0 (Windows NT 10.0; Win64; x64) AppleWebKit/537.36 (KHTML, like Gecko) Chrome/58.0.3029.110 Safari/537.3" 4 **0/4479**
192.159.99.101 - - [15/Sep/2025:02:43:27 -0700] "GET / HTTP/1.1" 200 - "-" "-" 8 **0/8763**
208.110.64.178 - - [15/Sep/2025:02:48:08 -0700] "GET /wp-includes/pl9f1ad1/install.php HTTP/1.1" 200 1 "http://hypeprints.app/wp-includes/pl9f1ad1/install.php" "Mozilla/5.0 (Windows NT 10.0; Win64; x64) AppleWebKit/537.36 (KHTML, like Gecko) Chrome/58.0.3029.110 Safari/537.3" 9 **0/9578**
157.55.39.16 - - [15/Sep/2025:02:48:28 -0700] "GET /j1094122/ HTTP/1.1" 200 1 "-" "Mozilla/5.0 AppleWebKit/537.36 (KHTML, like Gecko; compatible; bingbot/2.0; +http://www.bing.com/bingbot.htm) Chrome/116.0.1938.76 Safari/537.36" 4 **0/4994**
204.12.252.98 - - [15/Sep/2025:02:54:17 -0700] "GET /wp-includes/edit.php HTTP/1.1" 200 1 "http://hypeprints.app/wp-includes/edit.php" "Mozilla/5.0 (Windows NT 10.0; Win64; x64) AppleWebKit/537.36 (KHTML, like Gecko) Chrome/58.0.3029.110 Safari/537.3" 10 **0/10499**
3.86.116.42 - - [15/Sep/2025:02:57:33 -0700] "GET / HTTP/1.1" 200 - "-" "Mozilla/5.0 (Windows NT 10.0; Win64; x64) AppleWebKit/537.36 (KHTML, like Gecko) Chrome/136.0.0.0 Safari/537.36" 10 **0/10687**
208.110.64.178 - - [15/Sep/2025:03:00:20 -0700] "GET /wp-includes/pl9f1ad1/install.php HTTP/1.1" 200 1 "http://hypeprints.app/wp-includes/pl9f1ad1/install.php" "Mozilla/5.0 (Windows NT 10.0; Win64; x64) AppleWebKit/537.36 (KHTML, like Gecko) Chrome/58.0.3029.110 Safari/537.3" 10 **0/10490**
207.46.13.102 - - [15/Sep/2025:03:00:38 -0700] "GET /t3720682/ HTTP/1.1" 200 1 "-" "Mozilla/5.0 AppleWebKit/537.36 (KHTML, like Gecko; compatible; bingbot/2.0; +http://www.bing.com/bingbot.htm) Chrome/116.0.1938.76 Safari/537.36" 8 **0/8644**
157.55.39.8 - - [15/Sep/2025:03:04:59 -0700] "GET /u3617669/ HTTP/1.1" 200 1 "-" "Mozilla/5.0 AppleWebKit/537.36 (KHTML, like Gecko; compatible; bingbot/2.0; +http://www.bing.com/bingbot.htm) Chrome/116.0.1938.76 Safari/537.36" 9 **0/9695**
157.55.39.8 - - [15/Sep/2025:03:07:35 -0700] "GET /u4746376/ HTTP/1.1" 200 1 "-" "Mozilla/5.0 AppleWebKit/537.36 (KHTML, like Gecko; compatible; bingbot/2.0; +http://www.bing.com/bingbot.htm) Chrome/116.0.1938.76 Safari/537.36" 5 **0/5006**
208.110.64.178 - - [15/Sep/2025:03:09:47 -0700] "GET /wp-includes/edit.php HTTP/1.1" 200 1 "http://hypeprints.app/wp-includes/edit.php" "Mozilla/5.0 (Windows NT 10.0; Win64; x64) AppleWebKit/537.36 (KHTML, like Gecko) Chrome/58.0.3029.110 Safari/537.3" 4 **0/4191**
91.224.92.17 - - [15/Sep/2025:03:12:22 -0700] "GET / HTTP/1.1" 200 - "-" "-" 10 **0/10676**
157.55.39.13 - - [15/Sep/2025:03:22:04 -0700] "GET /ks1870105/ HTTP/1.1" 200 1 "-" "Mozilla/5.0 AppleWebKit/537.36 (KHTML, like Gecko; compatible; bingbot/2.0; +http://www.bing.com/bingbot.htm) Chrome/116.0.1938.76 Safari/537.36" 9 **0/9023**
208.110.64.178 - - [15/Sep/2025:03:24:10 -0700] "GET /wp-includes/edit.php HTTP/1.1" 200 1 "http://hypeprints.app/wp-includes/edit.php" "Mozilla/5.0 (Windows NT 10.0; Win64; x64) AppleWebKit/537.36 (KHTML, like Gecko) Chrome/58.0.3029.110 Safari/537.3" 9 **0/9888**
157.55.39.195 - - [15/Sep/2025:03:24:15 -0700] "GET /si4232741/ HTTP/1.1" 200 1 "-" "Mozilla/5.0 AppleWebKit/537.36 (KHTML, like Gecko; compatible; bingbot/2.0; +http://www.bing.com/bingbot.htm) Chrome/116.0.1938.76 Safari/537.36" 5 **0/5261**
157.55.39.195 - - [15/Sep/2025:03:25:05 -0700] "GET /u4622690/ HTTP/1.1" 200 1 "-" "Mozilla/5.0 AppleWebKit/537.36 (KHTML, like Gecko; compatible; bingbot/2.0; +http://www.bing.com/bingbot.htm) Chrome/116.0.1938.76 Safari/537.36" 4 **0/4273**
43.131.45.213 - - [15/Sep/2025:03:31:39 -0700] "GET / HTTP/1.1" 200 - "-" "Mozilla/5.0 (iPhone; CPU iPhone OS 13_2_3 like Mac OS X) AppleWebKit/605.1.15 (KHTML, like Gecko) Version/13.0.3 Mobile/15E148 Safari/604.1" 8 **0/8056**
