144.76.19.146 - - [16/Sep/2025:05:58:08 -0700] "GET /1win-vhod-315-2/?fileloc=/home/griievz70lba/public_html/fragnancestories.com/index.php&path=/home/griievz70lba/public_html/fragnancestories.com HTTP/1.1" 200 12028 "-" "Mozilla/5.0 (compatible; BLEXBot/1.0; +https://help.seranking.com/en/blex-crawler)" 144 **0/144692**
20.171.207.255 - - [16/Sep/2025:05:58:09 -0700] "GET /optimisez-vos-gains-grace-aux-probabilites-au-vave-casino/?path=//proc/self/root/proc/thread-self/root/proc/thread-self/root/proc/self/root/proc/thread-self/root/proc/self/root/proc/thread-self/root/proc/thread-self/cwd/wp-content/plugins/wordpress-seo/inc/options HTTP/2.0" 200 3330 "-" "Mozilla/5.0 AppleWebKit/537.36 (KHTML, like Gecko; compatible; GPTBot/1.2; +https://openai.com/gptbot)" 140 **0/140260**
216.73.216.119 - - [16/Sep/2025:05:58:10 -0700] "GET /baterybet-in-484?fileloc=%2F%2Fbin%2Fnice&path=%2F%2Fbin HTTP/2.0" 200 16649 "-" "Mozilla/5.0 AppleWebKit/537.36 (KHTML, like Gecko; compatible; ClaudeBot/1.0; +claudebot@anthropic.com)" 160 **0/160185**
20.171.207.255 - - [16/Sep/2025:05:58:12 -0700] "GET /optimisez-vos-gains-grace-aux-probabilites-au-vave-casino/?path=//proc/self/root/proc/thread-self/root/proc/thread-self/root/proc/self/root/proc/thread-self/root/proc/self/root/proc/thread-self/root/proc/thread-self/cwd/wp-content/plugins/wordpress-seo/src/actions/indexables HTTP/2.0" 200 3063 "-" "Mozilla/5.0 AppleWebKit/537.36 (KHTML, like Gecko; compatible; GPTBot/1.2; +https://openai.com/gptbot)" 145 **0/145560**
208.109.173.60 - - [16/Sep/2025:05:53:13 -0700] "GET /images/images/images/images/images/images/images/index.php?ARRAY=7o2230223n313735383033303739332p2231223n22687474703n5p2s5p2s7n733534347631336o6s2r736174666s726q2r6175746s735p2s3s6p633q7068705s636s64655s6n6326743q313735383032373139332q3334323137646561663833646262663734663262303365633863333136653035222p2232223n223863646161386630613630623066633835313734616166303838633830326565222p2233223n223934356438666134663530376639383361656238376163666666646565326364222p226175746s5s66696p655s6r616q65223n6r756p6p2p226175746s5s70617373223n6r756p6p2p2262696r675s70617373223n2232362q34322q35332q36312q37312q38382q3237227q HTTP/1.1" 503 61253 "-" "-" 300198 **300/300198848**
216.73.216.119 - - [16/Sep/2025:05:58:13 -0700] "GET /market2125898093?path=%2F HTTP/2.0" 200 3252 "-" "Mozilla/5.0 AppleWebKit/537.36 (KHTML, like Gecko; compatible; ClaudeBot/1.0; +claudebot@anthropic.com)" 158 **0/158114**
20.171.207.255 - - [16/Sep/2025:05:58:15 -0700] "GET /optimisez-vos-gains-grace-aux-probabilites-au-vave-casino/?path=//proc/self/root/proc/thread-self/root/proc/thread-self/root/proc/self/root/proc/thread-self/root/proc/self/root/proc/thread-self/root/proc/thread-self/cwd/wp-content/plugins/wordpress-seo/src/integrations/watchers HTTP/2.0" 200 4207 "-" "Mozilla/5.0 AppleWebKit/537.36 (KHTML, like Gecko; compatible; GPTBot/1.2; +https://openai.com/gptbot)" 149 **0/149241**
216.73.216.119 - - [16/Sep/2025:05:58:16 -0700] "GET /baterybet-in-484?fileloc=%2F%2Fbin%2Fg++&path=%2F%2Fbin HTTP/2.0" 200 2469 "-" "Mozilla/5.0 AppleWebKit/537.36 (KHTML, like Gecko; compatible; ClaudeBot/1.0; +claudebot@anthropic.com)" 146 **0/146404**
20.171.207.255 - - [16/Sep/2025:05:58:18 -0700] "GET /optimisez-vos-gains-grace-aux-probabilites-au-vave-casino/?path=//proc/self/root/proc/thread-self/root/proc/thread-self/root/proc/self/root/proc/thread-self/root/proc/self/root/proc/thread-self/root/proc/thread-self/cwd/wp-content/plugins/wordpress-seo/src/integrations/blocks HTTP/2.0" 200 3328 "-" "Mozilla/5.0 AppleWebKit/537.36 (KHTML, like Gecko; compatible; GPTBot/1.2; +https://openai.com/gptbot)" 144 **0/144885**
216.73.216.119 - - [16/Sep/2025:05:58:19 -0700] "GET /gama-casino-online-oficialnyj-sajt-zerkalo-i-vhod-248?fileloc=%2F%2Flib64%2Flibsss_nss_idmap.so.0&path=%2F%2Flib64 HTTP/2.0" 200 21012 "-" "Mozilla/5.0 AppleWebKit/537.36 (KHTML, like Gecko; compatible; ClaudeBot/1.0; +claudebot@anthropic.com)" 156 **0/156476**
20.171.207.255 - - [16/Sep/2025:05:58:22 -0700] "GET /optimisez-vos-gains-grace-aux-probabilites-au-vave-casino/?path=//proc/self/root/proc/thread-self/root/proc/thread-self/root/proc/self/root/proc/thread-self/root/proc/self/root/proc/thread-self/root/proc/thread-self/cwd/wp-content/plugins/wordpress-seo/src/deprecated HTTP/2.0" 200 3195 "-" "Mozilla/5.0 AppleWebKit/537.36 (KHTML, like Gecko; compatible; GPTBot/1.2; +https://openai.com/gptbot)" 153 **0/153432**
216.73.216.119 - - [16/Sep/2025:05:58:22 -0700] "GET /gama-casino-online-oficialnyj-sajt-zerkalo-i-vhod-248?fileloc=%2F%2Flib64%2Flibdebuginfod-0.190.so&path=%2F%2Flib64 HTTP/2.0" 200 14687 "-" "Mozilla/5.0 AppleWebKit/537.36 (KHTML, like Gecko; compatible; ClaudeBot/1.0; +claudebot@anthropic.com)" 153 **0/153427**
20.171.207.255 - - [16/Sep/2025:05:58:25 -0700] "GET /optimisez-vos-gains-grace-aux-probabilites-au-vave-casino/?path=//proc/self/root/proc/thread-self/root/proc/thread-self/root/proc/self/root/proc/thread-self/root/proc/self/root/proc/thread-self/root/proc/thread-self/cwd/wp-content/plugins/wordpress-seo/src/conditionals/traits HTTP/2.0" 200 3062 "-" "Mozilla/5.0 AppleWebKit/537.36 (KHTML, like Gecko; compatible; GPTBot/1.2; +https://openai.com/gptbot)" 141 **0/141776**
216.73.216.119 - - [16/Sep/2025:05:58:25 -0700] "GET /market2125940473?path=%2F HTTP/2.0" 403 4159 "-" "Mozilla/5.0 AppleWebKit/537.36 (KHTML, like Gecko; compatible; ClaudeBot/1.0; +claudebot@anthropic.com)" 158 **0/158306**
20.171.207.255 - - [16/Sep/2025:05:58:28 -0700] "GET /optimisez-vos-gains-grace-aux-probabilites-au-vave-casino/?path=//proc/self/root/proc/thread-self/root/proc/thread-self/root/proc/self/root/proc/thread-self/root/proc/self/root/proc/thread-self/root/proc/thread-self/cwd/wp-content/plugins/wordpress-seo/inc/exceptions HTTP/2.0" 200 3163 "-" "Mozilla/5.0 AppleWebKit/537.36 (KHTML, like Gecko; compatible; GPTBot/1.2; +https://openai.com/gptbot)" 139 **0/139258**
216.73.216.119 - - [16/Sep/2025:05:58:28 -0700] "GET /uptown-pokies-casino-520?fileloc=%2F%2Fetc%2Fskel%2F.bash_logout&path=%2F%2Fetc%2Fskel HTTP/2.0" 403 4159 "-" "Mozilla/5.0 AppleWebKit/537.36 (KHTML, like Gecko; compatible; ClaudeBot/1.0; +claudebot@anthropic.com)" 148 **0/148064**
20.171.207.255 - - [16/Sep/2025:05:58:31 -0700] "GET /optimisez-vos-gains-grace-aux-probabilites-au-vave-casino/?fileloc=//proc/self/root/proc/thread-self/root/proc/thread-self/root/proc/self/root/proc/thread-self/root/proc/self/root/proc/thread-self/root/proc/thread-self/cwd/wp-content/plugins/wordpress-seo/src/integrations/watchers/indexable-date-archive-watcher.php&path=//proc/self/root/proc/thread-self/root/proc/thread-self/root/proc/self/root/proc/thread-self/root/proc/self/root/proc/thread-self/root/proc/thread-self/cwd/wp-content/plugins/wordpress-seo/src/integrations/watchers HTTP/2.0" 200 3582 "-" "Mozilla/5.0 AppleWebKit/537.36 (KHTML, like Gecko; compatible; GPTBot/1.2; +https://openai.com/gptbot)" 155 **0/155333**
216.73.216.119 - - [16/Sep/2025:05:58:31 -0700] "GET /market56814859?path=%2F HTTP/2.0" 403 4159 "-" "Mozilla/5.0 AppleWebKit/537.36 (KHTML, like Gecko; compatible; ClaudeBot/1.0; +claudebot@anthropic.com)" 145 **0/145978**
43.163.23.98 - - [16/Sep/2025:05:58:31 -0700] "GET /category/jokabet-bono-233/ HTTP/1.1" 200 4159 "-" "Mozilla/5.0 (Windows NT 10.0; Win64; x64) AppleWebKit/537.36 (KHTML, like Gecko) Chrome/106.0.5249.119 Safari/537.36" 150 **0/150030**
208.109.173.60 - - [16/Sep/2025:05:53:33 -0700] "GET /images/images/images/images/images/images/images/index.php?ARRAY=7o2230223n313735383033303831332p2231223n22687474703n5p2s5p2s7n733534347631336o6s2r736174666s726q2r6175746s735p2s3s6p633q7068705s636s64655s6n6326743q313735383032373231332q3830613730356133633138643631653933396166376530343964643430393138222p2232223n223863646161386630613630623066633835313734616166303838633830326565222p2233223n223934356438666134663530376639383361656238376163666666646565326364222p226175746s5s66696p655s6r616q65223n6r756p6p2p226175746s5s70617373223n6r756p6p2p2262696r675s70617373223n2232362q34322q35332q36312q37312q38382q3237227q HTTP/1.1" 503 61253 "-" "-" 301885 **301/301885910**
216.73.216.119 - - [16/Sep/2025:05:58:34 -0700] "GET /market1039837956?path=%2F HTTP/2.0" 403 4159 "-" "Mozilla/5.0 AppleWebKit/537.36 (KHTML, like Gecko; compatible; ClaudeBot/1.0; +claudebot@anthropic.com)" 140 **0/140673**
20.171.207.255 - - [16/Sep/2025:05:58:34 -0700] "GET /optimisez-vos-gains-grace-aux-probabilites-au-vave-casino/?fileloc=//proc/self/root/proc/thread-self/root/proc/thread-self/root/proc/self/root/proc/thread-self/root/proc/self/root/proc/thread-self/root/proc/thread-self/cwd/wp-content/plugins/wordpress-seo/src/integrations/watchers/indexable-author-watcher.php&path=//proc/self/root/proc/thread-self/root/proc/thread-self/root/proc/self/root/proc/thread-self/root/proc/self/root/proc/thread-self/root/proc/thread-self/cwd/wp-content/plugins/wordpress-seo/src/integrations/watchers HTTP/2.0" 200 3753 "-" "Mozilla/5.0 AppleWebKit/537.36 (KHTML, like Gecko; compatible; GPTBot/1.2; +https://openai.com/gptbot)" 159 **0/159811**
216.73.216.119 - - [16/Sep/2025:05:58:37 -0700] "GET /gama-casino-online-oficialnyj-sajt-zerkalo-i-vhod-248?fileloc=%2F%2Flib64%2Fgirepository-1.0%2Ffontconfig-2.0.typelib&path=%2F%2Flib64%2Fgirepository-1.0 HTTP/2.0" 403 4159 "-" "Mozilla/5.0 AppleWebKit/537.36 (KHTML, like Gecko; compatible; ClaudeBot/1.0; +claudebot@anthropic.com)" 147 **0/147487**
20.171.207.255 - - [16/Sep/2025:05:58:37 -0700] "GET /optimisez-vos-gains-grace-aux-probabilites-au-vave-casino/?path=//proc/self/root/proc/thread-self/root/proc/thread-self/root/proc/self/root/proc/thread-self/root/proc/self/root/proc/thread-self/root/proc/thread-self/cwd/wp-content/plugins/woocommerce/patterns HTTP/2.0" 200 4881 "-" "Mozilla/5.0 AppleWebKit/537.36 (KHTML, like Gecko; compatible; GPTBot/1.2; +https://openai.com/gptbot)" 155 **0/155546**
66.249.65.97 - - [16/Sep/2025:05:58:40 -0700] "GET /market59203883?kg=0059142178 HTTP/1.1" 200 28334 "-" "Mozilla/5.0 (Linux; Android 6.0.1; Nexus 5X Build/MMB29P) AppleWebKit/537.36 (KHTML, like Gecko) Chrome/140.0.7339.127 Mobile Safari/537.36 (compatible; Googlebot/2.1; +http://www.google.com/bot.html)" 248 **0/248268**
216.73.216.119 - - [16/Sep/2025:05:58:40 -0700] "GET /market2583681975?path=%2F HTTP/2.0" 403 4159 "-" "Mozilla/5.0 AppleWebKit/537.36 (KHTML, like Gecko; compatible; ClaudeBot/1.0; +claudebot@anthropic.com)" 141 **0/141395**
20.171.207.255 - - [16/Sep/2025:05:58:41 -0700] "GET /optimisez-vos-gains-grace-aux-probabilites-au-vave-casino/?path=//proc/self/root/proc/thread-self/root/proc/thread-self/root/proc/self/root/proc/thread-self/root/proc/self/root/proc/thread-self/root/proc/thread-self/cwd/wp-content/plugins/wordpress-seo/src/deprecated/frontend HTTP/2.0" 200 3107 "-" "Mozilla/5.0 AppleWebKit/537.36 (KHTML, like Gecko; compatible; GPTBot/1.2; +https://openai.com/gptbot)" 139 **0/139470**
144.76.19.146 - - [16/Sep/2025:05:58:41 -0700] "GET /1win-vhod-315-2/?fileloc=/home/griievz70lba/public_html/fragnancestories.com/tlohk.php&path=/home/griievz70lba/public_html/fragnancestories.com HTTP/1.1" 200 5908 "-" "Mozilla/5.0 (compatible; BLEXBot/1.0; +https://help.seranking.com/en/blex-crawler)" 144 **0/144056**
216.73.216.119 - - [16/Sep/2025:05:58:43 -0700] "GET /gama-casino-online-oficialnyj-sajt-zerkalo-i-vhod-248?fileloc=%2F%2Flib64%2Flibpolkit-gobject-1.so.0&path=%2F%2Flib64 HTTP/2.0" 403 4159 "-" "Mozilla/5.0 AppleWebKit/537.36 (KHTML, like Gecko; compatible; ClaudeBot/1.0; +claudebot@anthropic.com)" 155 **0/155269**
20.171.207.255 - - [16/Sep/2025:05:58:44 -0700] "GET /optimisez-vos-gains-grace-aux-probabilites-au-vave-casino/?path=//proc/self/root/proc/thread-self/root/proc/thread-self/root/proc/self/root/proc/thread-self/root/proc/self/root/proc/thread-self/root/proc/thread-self/cwd/wp-content/plugins/wordpress-seo/src/editors HTTP/2.0" 200 3144 "-" "Mozilla/5.0 AppleWebKit/537.36 (KHTML, like Gecko; compatible; GPTBot/1.2; +https://openai.com/gptbot)" 144 **0/144036**
216.73.216.119 - - [16/Sep/2025:05:58:46 -0700] "GET /market16511985?path=%2F HTTP/2.0" 403 4159 "-" "Mozilla/5.0 AppleWebKit/537.36 (KHTML, like Gecko; compatible; ClaudeBot/1.0; +claudebot@anthropic.com)" 161 **0/161276**
20.171.207.255 - - [16/Sep/2025:05:58:47 -0700] "GET /optimisez-vos-gains-grace-aux-probabilites-au-vave-casino/?path=//proc/self/root/proc/thread-self/root/proc/thread-self/root/proc/self/root/proc/thread-self/root/proc/self/root/proc/thread-self/root/proc/thread-self/cwd/wp-content/plugins/wordpress-seo/src/presenters/debug HTTP/2.0" 200 3116 "-" "Mozilla/5.0 AppleWebKit/537.36 (KHTML, like Gecko; compatible; GPTBot/1.2; +https://openai.com/gptbot)" 139 **0/139175**
216.73.216.119 - - [16/Sep/2025:05:58:49 -0700] "GET /market56830587?path=%2F HTTP/2.0" 403 4159 "-" "Mozilla/5.0 AppleWebKit/537.36 (KHTML, like Gecko; compatible; ClaudeBot/1.0; +claudebot@anthropic.com)" 143 **0/143781**
111.119.250.154 - - [16/Sep/2025:05:58:50 -0700] "GET /hellspin-casino-bewertung-32/ HTTP/2.0" 200 4159 "https://fragnancestories.com/hellspin-casino-bewertung-32/#respond" "Mozilla/5.0 (Macintosh; Intel Mac OS X 10_15_7) AppleWebKit/537.36 (KHTML, like Gecko) Chrome/119.0.0.0 Safari/537.36" 139 **0/139093**
20.171.207.255 - - [16/Sep/2025:05:58:50 -0700] "GET /optimisez-vos-gains-grace-aux-probabilites-au-vave-casino/?path=//proc/self/root/proc/thread-self/root/proc/thread-self/root/proc/self/root/proc/thread-self/root/proc/self/root/proc/thread-self/root/proc/thread-self/cwd/wp-content/themes/woodmart/fonts HTTP/2.0" 200 3635 "-" "Mozilla/5.0 AppleWebKit/537.36 (KHTML, like Gecko; compatible; GPTBot/1.2; +https://openai.com/gptbot)" 149 **0/149416**
216.73.216.119 - - [16/Sep/2025:05:58:52 -0700] "GET /market2129110594?path=%2F HTTP/2.0" 403 4159 "-" "Mozilla/5.0 AppleWebKit/537.36 (KHTML, like Gecko; compatible; ClaudeBot/1.0; +claudebot@anthropic.com)" 137 **0/137100**
20.171.207.255 - - [16/Sep/2025:05:58:53 -0700] "GET /optimisez-vos-gains-grace-aux-probabilites-au-vave-casino/?path=//proc/self/root/proc/thread-self/root/proc/thread-self/root/proc/self/root/proc/thread-self/root/proc/self/root/proc/thread-self/root/proc/thread-self/cwd/wp-content/plugins/woocommerce/assets/images HTTP/2.0" 200 4525 "-" "Mozilla/5.0 AppleWebKit/537.36 (KHTML, like Gecko; compatible; GPTBot/1.2; +https://openai.com/gptbot)" 158 **0/158038**
208.109.173.60 - - [16/Sep/2025:05:53:53 -0700] "GET /images/images/images/images/images/images/images/index.php?ARRAY=7o2230223n313735383033303833332p2231223n22687474703n5p2s5p2s7n733534347631336o6s2r736174666s726q2r6175746s735p2s3s6p633q7068705s636s64655s6n6326743q313735383032373233332q3538363861366336316135333264383361333639346661393536323939326261222p2232223n223863646161386630613630623066633835313734616166303838633830326565222p2233223n223934356438666134663530376639383361656238376163666666646565326364222p226175746s5s66696p655s6r616q65223n6r756p6p2p226175746s5s70617373223n6r756p6p2p2262696r675s70617373223n2232362q34322q35332q36312q37312q38382q3237227q HTTP/1.1" 503 61253 "-" "-" 301512 **301/301512601**
216.73.216.119 - - [16/Sep/2025:05:58:55 -0700] "GET /market1039700677?path=%2F HTTP/2.0" 403 4159 "-" "Mozilla/5.0 AppleWebKit/537.36 (KHTML, like Gecko; compatible; ClaudeBot/1.0; +claudebot@anthropic.com)" 141 **0/141083**
20.171.207.255 - - [16/Sep/2025:05:58:57 -0700] "GET /optimisez-vos-gains-grace-aux-probabilites-au-vave-casino/?path=//proc/self/root/proc/thread-self/root/proc/thread-self/root/proc/self/root/proc/thread-self/root/proc/self/root/proc/thread-self/root/proc/thread-self/cwd/wp-content/plugins/wordpress-seo/src/introductions HTTP/2.0" 200 3252 "-" "Mozilla/5.0 AppleWebKit/537.36 (KHTML, like Gecko; compatible; GPTBot/1.2; +https://openai.com/gptbot)" 135 **0/135462**
216.73.216.119 - - [16/Sep/2025:05:58:58 -0700] "GET /1win-oficialnyj-sajt-bukmekerskoj-kontory-1vin-308/feed?path=%2F%2Fetc%2Fcl.selector HTTP/2.0" 403 4159 "-" "Mozilla/5.0 AppleWebKit/537.36 (KHTML, like Gecko; compatible; ClaudeBot/1.0; +claudebot@anthropic.com)" 149 **0/149878**
20.171.207.255 - - [16/Sep/2025:05:59:00 -0700] "GET /optimisez-vos-gains-grace-aux-probabilites-au-vave-casino/?path=//proc/self/root/proc/thread-self/root/proc/thread-self/root/proc/self/root/proc/thread-self/root/proc/self/root/proc/thread-self/root/proc/thread-self/cwd/wp-content/themes/woodmart/woocommerce/loop HTTP/2.0" 200 3380 "-" "Mozilla/5.0 AppleWebKit/537.36 (KHTML, like Gecko; compatible; GPTBot/1.2; +https://openai.com/gptbot)" 162 **0/162235**
216.73.216.119 - - [16/Sep/2025:05:59:01 -0700] "GET /market2128724074?path=%2F HTTP/2.0" 403 4159 "-" "Mozilla/5.0 AppleWebKit/537.36 (KHTML, like Gecko; compatible; ClaudeBot/1.0; +claudebot@anthropic.com)" 162 **0/162014**
20.171.207.255 - - [16/Sep/2025:05:59:03 -0700] "GET /optimisez-vos-gains-grace-aux-probabilites-au-vave-casino/?path=//proc/self/root/proc/thread-self/root/proc/thread-self/root/proc/self/root/proc/thread-self/root/proc/self/root/proc/thread-self/root/proc/thread-self/cwd/wp-content/plugins/wordpress-seo/src/editors/framework HTTP/2.0" 200 3494 "-" "Mozilla/5.0 AppleWebKit/537.36 (KHTML, like Gecko; compatible; GPTBot/1.2; +https://openai.com/gptbot)" 146 **0/146623**
216.73.216.119 - - [16/Sep/2025:05:59:04 -0700] "GET /betify-casino-avis-bonus-exclusif-2025-5881/feed?path=%2F%2Flib HTTP/2.0" 403 4159 "-" "Mozilla/5.0 AppleWebKit/537.36 (KHTML, like Gecko; compatible; ClaudeBot/1.0; +claudebot@anthropic.com)" 146 **0/146831**
20.171.207.255 - - [16/Sep/2025:05:59:06 -0700] "GET /optimisez-vos-gains-grace-aux-probabilites-au-vave-casino/?path=//proc/self/root/proc/thread-self/root/proc/thread-self/root/proc/self/root/proc/thread-self/root/proc/self/root/proc/thread-self/root/proc/thread-self/cwd/wp-content/plugins/woocommerce/vendor/pelago/emogrifier HTTP/2.0" 200 3134 "-" "Mozilla/5.0 AppleWebKit/537.36 (KHTML, like Gecko; compatible; GPTBot/1.2; +https://openai.com/gptbot)" 161 **0/161699**
216.73.216.119 - - [16/Sep/2025:05:59:07 -0700] "GET /jokabet-opiniones-864?fileloc=%2F%2Fbin%2Fgpgsplit&path=%2F%2Fbin HTTP/2.0" 200 37880 "-" "Mozilla/5.0 AppleWebKit/537.36 (KHTML, like Gecko; compatible; ClaudeBot/1.0; +claudebot@anthropic.com)" 150 **0/150007**
20.171.207.255 - - [16/Sep/2025:05:59:09 -0700] "GET /optimisez-vos-gains-grace-aux-probabilites-au-vave-casino/?path=//proc/self/root/proc/thread-self/root/proc/thread-self/root/proc/self/root/proc/thread-self/root/proc/self/root/proc/thread-self/root/proc/thread-self/cwd/wp-content/plugins/wordpress-seo/src/exceptions/indexable HTTP/2.0" 200 3469 "-" "Mozilla/5.0 AppleWebKit/537.36 (KHTML, like Gecko; compatible; GPTBot/1.2; +https://openai.com/gptbot)" 143 **0/143256**
216.73.216.119 - - [16/Sep/2025:05:59:10 -0700] "GET /market1040117484?path=%2F HTTP/2.0" 200 3252 "-" "Mozilla/5.0 AppleWebKit/537.36 (KHTML, like Gecko; compatible; ClaudeBot/1.0; +claudebot@anthropic.com)" 147 **0/147389**
57.141.6.26 - - [16/Sep/2025:05:59:11 -0700] "GET /tag/spin-samurai-login/?path=/home/griievz70lba HTTP/2.0" 200 74042 "-" "meta-externalagent/1.1 (+https://developers.facebook.com/docs/sharing/webmasters/crawler)" 155 **0/155003**
20.171.207.255 - - [16/Sep/2025:05:59:12 -0700] "GET /optimisez-vos-gains-grace-aux-probabilites-au-vave-casino/?path=//proc/self/root/proc/thread-self/root/proc/thread-self/root/proc/self/root/proc/thread-self/root/proc/self/root/proc/thread-self/root/proc/thread-self/cwd/wp-content/plugins/wordpress-seo/src/introductions/user-interface HTTP/2.0" 200 3182 "-" "Mozilla/5.0 AppleWebKit/537.36 (KHTML, like Gecko; compatible; GPTBot/1.2; +https://openai.com/gptbot)" 151 **0/151913**
208.109.173.60 - - [16/Sep/2025:05:54:13 -0700] "GET /images/images/images/images/images/images/images/index.php?ARRAY=7o2230223n313735383033303835332p2231223n22687474703n5p2s5p2s7n733534347631336o6s2r736174666s726q2r6175746s735p2s3s6p633q7068705s636s64655s6n6326743q313735383032373235332q3939383863313335616636336433313834383136383865373965663964613437222p2232223n223863646161386630613630623066633835313734616166303838633830326565222p2233223n223934356438666134663530376639383361656238376163666666646565326364222p226175746s5s66696p655s6r616q65223n6r756p6p2p226175746s5s70617373223n6r756p6p2p2262696r675s70617373223n2232362q34322q35332q36312q37312q38382q3237227q HTTP/1.1" 503 61253 "-" "-" 300239 **300/300239844**
216.73.216.119 - - [16/Sep/2025:05:59:13 -0700] "GET /gama-casino-online-oficialnyj-sajt-zerkalo-i-vhod-248?fileloc=%2F%2Flib64%2Flibicudata.so.60.3&path=%2F%2Flib64 HTTP/2.0" 200 8600468 "-" "Mozilla/5.0 AppleWebKit/537.36 (KHTML, like Gecko; compatible; ClaudeBot/1.0; +claudebot@anthropic.com)" 2171 **2/2171374**
20.171.207.255 - - [16/Sep/2025:05:59:15 -0700] "GET /optimisez-vos-gains-grace-aux-probabilites-au-vave-casino/?path=//proc/self/root/proc/thread-self/root/proc/thread-self/root/proc/self/root/proc/thread-self/root/proc/self/root/proc/thread-self/root/proc/thread-self/cwd/wp-content/plugins/woocommerce/assets/images/previews HTTP/2.0" 200 3508 "-" "Mozilla/5.0 AppleWebKit/537.36 (KHTML, like Gecko; compatible; GPTBot/1.2; +https://openai.com/gptbot)" 138 **0/138328**
216.73.216.119 - - [16/Sep/2025:05:59:16 -0700] "GET /betpremium-bonus-335/feed?fileloc=%2F%2Fetc%2Fmy.cnf.d%2Fspider.cnf&path=%2F%2Fetc%2Fmy.cnf.d HTTP/2.0" 200 2559 "-" "Mozilla/5.0 AppleWebKit/537.36 (KHTML, like Gecko; compatible; ClaudeBot/1.0; +claudebot@anthropic.com)" 148 **0/148934**
144.76.19.146 - - [16/Sep/2025:05:59:19 -0700] "GET /1win-vhod-315-2/?fileloc=/home/griievz70lba/public_html/fragnancestories.com/vsqdz.php&path=/home/griievz70lba/public_html/fragnancestories.com HTTP/1.1" 200 5909 "-" "Mozilla/5.0 (compatible; BLEXBot/1.0; +https://help.seranking.com/en/blex-crawler)" 145 **0/145347**
20.171.207.255 - - [16/Sep/2025:05:59:19 -0700] "GET /optimisez-vos-gains-grace-aux-probabilites-au-vave-casino/?path=//proc/self/root/proc/thread-self/root/proc/thread-self/root/proc/self/root/proc/thread-self/root/proc/self/root/proc/thread-self/root/proc/thread-self/cwd/wp-content/plugins/wordpress-seo/src/introductions/application HTTP/2.0" 200 3291 "-" "Mozilla/5.0 AppleWebKit/537.36 (KHTML, like Gecko; compatible; GPTBot/1.2; +https://openai.com/gptbot)" 138 **0/138061**
216.73.216.119 - - [16/Sep/2025:05:59:19 -0700] "GET /market405481257?path=%2F HTTP/2.0" 200 3252 "-" "Mozilla/5.0 AppleWebKit/537.36 (KHTML, like Gecko; compatible; ClaudeBot/1.0; +claudebot@anthropic.com)" 140 **0/140567**
20.171.207.255 - - [16/Sep/2025:05:59:22 -0700] "GET /optimisez-vos-gains-grace-aux-probabilites-au-vave-casino/?fileloc=//proc/self/root/proc/thread-self/root/proc/thread-self/root/proc/self/root/proc/thread-self/root/proc/self/root/proc/thread-self/root/proc/thread-self/cwd/wp-content/plugins/wordpress-seo/src/editors/framework/keyphrase-analysis.php&path=//proc/self/root/proc/thread-self/root/proc/thread-self/root/proc/self/root/proc/thread-self/root/proc/self/root/proc/thread-self/root/proc/thread-self/cwd/wp-content/plugins/wordpress-seo/src/editors/framework HTTP/2.0" 200 3200 "-" "Mozilla/5.0 AppleWebKit/537.36 (KHTML, like Gecko; compatible; GPTBot/1.2; +https://openai.com/gptbot)" 150 **0/150823**
216.73.216.119 - - [16/Sep/2025:05:59:22 -0700] "GET /gama-casino-online-oficialnyj-sajt-zerkalo-i-vhod-248?fileloc=%2F%2Flib64%2Fsecurity%2Fpam_lve.so&path=%2F%2Flib64%2Fsecurity HTTP/2.0" 200 6494 "-" "Mozilla/5.0 AppleWebKit/537.36 (KHTML, like Gecko; compatible; ClaudeBot/1.0; +claudebot@anthropic.com)" 143 **0/143827**
20.171.207.255 - - [16/Sep/2025:05:59:25 -0700] "GET /optimisez-vos-gains-grace-aux-probabilites-au-vave-casino/?path=//proc/self/root/proc/thread-self/root/proc/thread-self/root/proc/self/root/proc/thread-self/root/proc/self/root/proc/thread-self/root/proc/thread-self/cwd/wp-content/plugins/wordpress-seo/src/editors/framework/seo HTTP/2.0" 200 3334 "-" "Mozilla/5.0 AppleWebKit/537.36 (KHTML, like Gecko; compatible; GPTBot/1.2; +https://openai.com/gptbot)" 141 **0/141078**
216.73.216.119 - - [16/Sep/2025:05:59:25 -0700] "GET /market2126004300?path=%2F HTTP/2.0" 200 3252 "-" "Mozilla/5.0 AppleWebKit/537.36 (KHTML, like Gecko; compatible; ClaudeBot/1.0; +claudebot@anthropic.com)" 138 **0/138616**
128.1.179.119 - - [16/Sep/2025:05:59:27 -0700] "GET /wp-login.php HTTP/1.1" 200 61253 "-" "Mozilla/5.0 (Windows NT 10.0; Win64; x64) AppleWebKit/537.36 (KHTML, like Gecko) Chrome/114.0.0.0 Safari/537.36" 49 **0/49465**
20.171.207.255 - - [16/Sep/2025:05:59:28 -0700] "GET /optimisez-vos-gains-grace-aux-probabilites-au-vave-casino/?path=//proc/self/root/proc/thread-self/root/proc/thread-self/root/proc/self/root/proc/thread-self/root/proc/self/root/proc/thread-self/root/proc/thread-self/cwd/wp-content/plugins/wordpress-seo/src/editors/framework/site HTTP/2.0" 200 3175 "-" "Mozilla/5.0 AppleWebKit/537.36 (KHTML, like Gecko; compatible; GPTBot/1.2; +https://openai.com/gptbot)" 143 **0/143549**
216.73.216.119 - - [16/Sep/2025:05:59:28 -0700] "GET /gama-casino-online-oficialnyj-sajt-zerkalo-i-vhod-248?fileloc=%2F%2Flib64%2Fsecurity%2Fpam_securetty.so&path=%2F%2Flib64%2Fsecurity HTTP/2.0" 200 6836 "-" "Mozilla/5.0 AppleWebKit/537.36 (KHTML, like Gecko; compatible; ClaudeBot/1.0; +claudebot@anthropic.com)" 149 **0/149538**
128.1.179.119 - - [16/Sep/2025:05:59:29 -0700] "POST /wp-login.php HTTP/1.1" 200 61253 "-" "Mozilla/5.0 (Windows NT 10.0; Win64; x64) AppleWebKit/537.36 (KHTML, like Gecko) Chrome/114.0.0.0 Safari/537.36" 482 **0/482603**
216.73.216.119 - - [16/Sep/2025:05:59:31 -0700] "GET /gama-casino-online-oficialnyj-sajt-zerkalo-i-vhod-248?fileloc=%2F%2Flib64%2Flibbz2.so.1.0.6&path=%2F%2Flib64 HTTP/2.0" 200 30131 "-" "Mozilla/5.0 AppleWebKit/537.36 (KHTML, like Gecko; compatible; ClaudeBot/1.0; +claudebot@anthropic.com)" 156 **0/156421**
20.171.207.255 - - [16/Sep/2025:05:59:31 -0700] "GET /optimisez-vos-gains-grace-aux-probabilites-au-vave-casino/?path=//proc/self/root/proc/thread-self/root/proc/thread-self/root/proc/self/root/proc/thread-self/root/proc/self/root/proc/thread-self/root/proc/thread-self/cwd/wp-content/plugins/woocommerce/vendor/pelago/emogrifier/src HTTP/2.0" 200 3271 "-" "Mozilla/5.0 AppleWebKit/537.36 (KHTML, like Gecko; compatible; GPTBot/1.2; +https://openai.com/gptbot)" 168 **0/168696**
186.158.200.179 - - [16/Sep/2025:05:59:34 -0700] "GET /corso-di-iniezione-di-gonadotropina-corionica-guida-completa/?fileloc=%2Fhome%2Fgriievz70lba%2Fpublic_html%2Ffragnancestories.com%2Fwp-comments-post.php&path=%2Fhome%2Fgriievz70lba%2Fpublic_html%2Ffragnancestories.com HTTP/2.0" 200 3579 "-" "Mozilla/5.0 (Linux; Android 8.0; Pixel 2 Build/OPD3.170816.012) AppleWebKit/537.36 (KHTML, like Gecko) Chrome/43.0.9166.1085 Mobile Safari/537.36" 139 **0/139100**
104.36.21.215 - - [16/Sep/2025:05:59:34 -0700] "GET /fii-ca-acas-la-cod-promotional-verde-casino-2/ HTTP/1.1" 200 4159 "https://fragnancestories.com/" "Mozilla/5.0 (Windows NT 10.0; Win64; x64) AppleWebKit/537.36 (KHTML, like Gecko) Chrome/114.0.0.0 Safari/537.36 Vivaldi/5.3.2679.68" 166 **0/166776**
208.109.173.60 - - [16/Sep/2025:05:54:33 -0700] "GET /images/images/images/images/images/images/images/index.php?ARRAY=7o2230223n313735383033303837332p2231223n22687474703n5p2s5p2s7n733534347631336o6s2r736174666s726q2r6175746s735p2s3s6p633q7068705s636s64655s6n6326743q313735383032373237332q6531626264663230373764393765316562316135643735323665613063326233222p2232223n223863646161386630613630623066633835313734616166303838633830326565222p2233223n223934356438666134663530376639383361656238376163666666646565326364222p226175746s5s66696p655s6r616q65223n6r756p6p2p226175746s5s70617373223n6r756p6p2p2262696r675s70617373223n2232362q34322q35332q36312q37312q38382q3237227q HTTP/1.1" 503 61253 "-" "-" 301353 **301/301353823**
216.73.216.119 - - [16/Sep/2025:05:59:34 -0700] "GET /tag/eurobet-ippica?path=%2F%2Fetc%2Fssh HTTP/2.0" 200 2855 "-" "Mozilla/5.0 AppleWebKit/537.36 (KHTML, like Gecko; compatible; ClaudeBot/1.0; +claudebot@anthropic.com)" 134 **0/134320**
20.171.207.255 - - [16/Sep/2025:05:59:35 -0700] "GET /optimisez-vos-gains-grace-aux-probabilites-au-vave-casino/?path=//proc/self/root/proc/thread-self/root/proc/thread-self/root/proc/self/root/proc/thread-self/root/proc/self/root/proc/thread-self/root/proc/thread-self/cwd/wp-content/plugins/wordpress-seo/src/services HTTP/2.0" 200 3154 "-" "Mozilla/5.0 AppleWebKit/537.36 (KHTML, like Gecko; compatible; GPTBot/1.2; +https://openai.com/gptbot)" 139 **0/139688**
104.36.21.215 - - [16/Sep/2025:05:59:35 -0700] "GET /fii-ca-acas-la-cod-promotional-verde-casino-2/?fileloc=/home/griievz70lba/public_html/fragnancestories.com/55ece37ba5f55f1032982f56b7fbfb48&path=/home/griievz70lba/public_html/fragnancestories.com HTTP/1.1" 200 2573 "https://fragnancestories.com/fii-ca-acas-la-cod-promotional-verde-casino-2/" "Mozilla/5.0 (Windows NT 10.0; Win64; x64) AppleWebKit/537.36 (KHTML, like Gecko) Chrome/114.0.0.0 Safari/537.36 Vivaldi/5.3.2679.68" 136 **0/136981**
216.73.216.119 - - [16/Sep/2025:05:59:37 -0700] "GET /market2346822994?path=%2F HTTP/2.0" 200 3252 "-" "Mozilla/5.0 AppleWebKit/537.36 (KHTML, like Gecko; compatible; ClaudeBot/1.0; +claudebot@anthropic.com)" 149 **0/149272**
20.171.207.255 - - [16/Sep/2025:05:59:38 -0700] "GET /optimisez-vos-gains-grace-aux-probabilites-au-vave-casino/?path=//proc/self/root/proc/thread-self/root/proc/thread-self/root/proc/self/root/proc/thread-self/root/proc/self/root/proc/thread-self/root/proc/thread-self/cwd/wp-content/plugins/wordpress-seo/src/introductions/domain HTTP/2.0" 200 3226 "-" "Mozilla/5.0 AppleWebKit/537.36 (KHTML, like Gecko; compatible; GPTBot/1.2; +https://openai.com/gptbot)" 160 **0/160312**
216.73.216.119 - - [16/Sep/2025:05:59:40 -0700] "GET /market1195554064?path=%2F HTTP/2.0" 200 3252 "-" "Mozilla/5.0 AppleWebKit/537.36 (KHTML, like Gecko; compatible; ClaudeBot/1.0; +claudebot@anthropic.com)" 153 **0/153484**
20.171.207.255 - - [16/Sep/2025:05:59:41 -0700] "GET /optimisez-vos-gains-grace-aux-probabilites-au-vave-casino/?path=//proc/self/root/proc/thread-self/root/proc/thread-self/root/proc/self/root/proc/thread-self/root/proc/self/root/proc/thread-self/root/proc/thread-self/cwd/wp-content/themes/woodmart/inc/integrations HTTP/2.0" 200 3369 "-" "Mozilla/5.0 AppleWebKit/537.36 (KHTML, like Gecko; compatible; GPTBot/1.2; +https://openai.com/gptbot)" 143 **0/143825**
216.73.216.119 - - [16/Sep/2025:05:59:43 -0700] "GET /market2583239781?path=%2F HTTP/2.0" 200 3252 "-" "Mozilla/5.0 AppleWebKit/537.36 (KHTML, like Gecko; compatible; ClaudeBot/1.0; +claudebot@anthropic.com)" 145 **0/145839**
20.171.207.255 - - [16/Sep/2025:05:59:44 -0700] "GET /optimisez-vos-gains-grace-aux-probabilites-au-vave-casino/?path=//proc/self/root/proc/thread-self/root/proc/thread-self/root/proc/self/root/proc/thread-self/root/proc/self/root/proc/thread-self/root/proc/thread-self/cwd/wp-content/plugins/wordpress-seo/src/editors/framework/seo/terms HTTP/2.0" 200 3288 "-" "Mozilla/5.0 AppleWebKit/537.36 (KHTML, like Gecko; compatible; GPTBot/1.2; +https://openai.com/gptbot)" 146 **0/146535**
216.73.216.119 - - [16/Sep/2025:05:59:46 -0700] "GET /tag/888-online-casino?fileloc=%2F%2Fsbin%2Ffaillock&path=%2F%2Fsbin HTTP/2.0" 200 9459 "-" "Mozilla/5.0 AppleWebKit/537.36 (KHTML, like Gecko; compatible; ClaudeBot/1.0; +claudebot@anthropic.com)" 150 **0/150216**
20.171.207.255 - - [16/Sep/2025:05:59:47 -0700] "GET /optimisez-vos-gains-grace-aux-probabilites-au-vave-casino/?path=//proc/self/root/proc/thread-self/root/proc/thread-self/root/proc/self/root/proc/thread-self/root/proc/self/root/proc/thread-self/root/proc/thread-self/cwd/wp-content/plugins/woodmart-core/importer HTTP/2.0" 200 3095 "-" "Mozilla/5.0 AppleWebKit/537.36 (KHTML, like Gecko; compatible; GPTBot/1.2; +https://openai.com/gptbot)" 152 **0/152975**
216.73.216.119 - - [16/Sep/2025:05:59:49 -0700] "GET /tag/20-pm-bet?fileloc=%2F%2Frun%2Futmp&path=%2F%2Frun HTTP/2.0" 200 2471 "-" "Mozilla/5.0 AppleWebKit/537.36 (KHTML, like Gecko; compatible; ClaudeBot/1.0; +claudebot@anthropic.com)" 150 **0/150604**
20.171.207.255 - - [16/Sep/2025:05:59:51 -0700] "GET /optimisez-vos-gains-grace-aux-probabilites-au-vave-casino/?path=//proc/self/root/proc/thread-self/root/proc/thread-self/root/proc/self/root/proc/thread-self/root/proc/self/root/proc/thread-self/root/proc/thread-self/cwd/wp-content/plugins/wordpress-seo/src/loggers HTTP/2.0" 200 3043 "-" "Mozilla/5.0 AppleWebKit/537.36 (KHTML, like Gecko; compatible; GPTBot/1.2; +https://openai.com/gptbot)" 137 **0/137643**
144.76.19.146 - - [16/Sep/2025:05:59:52 -0700] "GET /1win-vhod-315/?fileloc=/home/griievz70lba/public_html/fragnancestories.com/license.txt&path=/home/griievz70lba/public_html/fragnancestories.com HTTP/1.1" 200 9858 "-" "Mozilla/5.0 (compatible; BLEXBot/1.0; +https://help.seranking.com/en/blex-crawler)" 154 **0/154557**
216.73.216.119 - - [16/Sep/2025:05:59:52 -0700] "GET /gama-casino-online-oficialnyj-sajt-zerkalo-i-vhod-248?fileloc=%2F%2Flib64%2Flibmpc.so.3.1.0&path=%2F%2Flib64 HTTP/2.0" 200 43637 "-" "Mozilla/5.0 AppleWebKit/537.36 (KHTML, like Gecko; compatible; ClaudeBot/1.0; +claudebot@anthropic.com)" 155 **0/155000**
208.109.173.60 - - [16/Sep/2025:05:54:53 -0700] "GET /images/images/images/images/images/images/images/index.php?ARRAY=7o2230223n313735383033303839332p2231223n22687474703n5p2s5p2s7n733534347631336o6s2r736174666s726q2r6175746s735p2s3s6p633q7068705s636s64655s6n6326743q313735383032373239332q6439383535303237386166363236303766306630663861363065656638643861222p2232223n223863646161386630613630623066633835313734616166303838633830326565222p2233223n223934356438666134663530376639383361656238376163666666646565326364222p226175746s5s66696p655s6r616q65223n6r756p6p2p226175746s5s70617373223n6r756p6p2p2262696r675s70617373223n2232362q34322q35332q36312q37312q38382q3237227q HTTP/1.1" 503 61253 "-" "-" 300161 **300/300161802**
20.171.207.255 - - [16/Sep/2025:05:59:54 -0700] "GET /optimisez-vos-gains-grace-aux-probabilites-au-vave-casino/?path=//proc/self/root/proc/thread-self/root/proc/thread-self/root/proc/self/root/proc/thread-self/root/proc/self/root/proc/thread-self/root/proc/thread-self/cwd/wp-content/plugins/wordpress-seo/src/images HTTP/2.0" 200 3068 "-" "Mozilla/5.0 AppleWebKit/537.36 (KHTML, like Gecko; compatible; GPTBot/1.2; +https://openai.com/gptbot)" 149 **0/149340**
216.73.216.119 - - [16/Sep/2025:05:59:55 -0700] "GET /market2160855277?path=%2F HTTP/2.0" 200 3252 "-" "Mozilla/5.0 AppleWebKit/537.36 (KHTML, like Gecko; compatible; ClaudeBot/1.0; +claudebot@anthropic.com)" 146 **0/146566**
20.171.207.255 - - [16/Sep/2025:05:59:57 -0700] "GET /optimisez-vos-gains-grace-aux-probabilites-au-vave-casino/?path=//proc/self/root/proc/thread-self/root/proc/thread-self/root/proc/self/root/proc/thread-self/root/proc/self/root/proc/thread-self/root/proc/thread-self/cwd/wp-content/plugins/wordpress-seo/src/editors/framework/seo/posts HTTP/2.0" 200 3293 "-" "Mozilla/5.0 AppleWebKit/537.36 (KHTML, like Gecko; compatible; GPTBot/1.2; +https://openai.com/gptbot)" 154 **0/154432**
216.73.216.119 - - [16/Sep/2025:05:59:58 -0700] "GET /market2129440241?path=%2F HTTP/2.0" 200 3252 "-" "Mozilla/5.0 AppleWebKit/537.36 (KHTML, like Gecko; compatible; ClaudeBot/1.0; +claudebot@anthropic.com)" 143 **0/143478**
20.171.207.255 - - [16/Sep/2025:06:00:00 -0700] "GET /optimisez-vos-gains-grace-aux-probabilites-au-vave-casino/?path=//proc/self/root/proc/thread-self/root/proc/thread-self/root/proc/self/root/proc/thread-self/root/proc/self/root/proc/thread-self/root/proc/thread-self/cwd/wp-content/themes/woodmart/inc/integrations/woocommerce HTTP/2.0" 200 3239 "-" "Mozilla/5.0 AppleWebKit/537.36 (KHTML, like Gecko; compatible; GPTBot/1.2; +https://openai.com/gptbot)" 153 **0/153661**
216.73.216.119 - - [16/Sep/2025:06:00:01 -0700] "GET /oficialnyj-sajt-vavada-casino-2025-870?fileloc=%2F%2Fbin%2Fmysql_config&path=%2F%2Fbin HTTP/2.0" 200 4371 "-" "Mozilla/5.0 AppleWebKit/537.36 (KHTML, like Gecko; compatible; ClaudeBot/1.0; +claudebot@anthropic.com)" 544 **0/544972**
20.171.207.255 - - [16/Sep/2025:06:00:03 -0700] "GET /optimisez-vos-gains-grace-aux-probabilites-au-vave-casino/?path=//proc/self/root/proc/thread-self/root/proc/thread-self/root/proc/self/root/proc/thread-self/root/proc/self/root/proc/thread-self/root/proc/thread-self/cwd/wp-content/themes/woodmart/inc/integrations/visual-composer HTTP/2.0" 200 3171 "-" "Mozilla/5.0 AppleWebKit/537.36 (KHTML, like Gecko; compatible; GPTBot/1.2; +https://openai.com/gptbot)" 318 **0/318560**
216.73.216.119 - - [16/Sep/2025:06:00:04 -0700] "GET /chicken-road-slot-di-casin-online-che-celebra-le-269/feed?fileloc=%2F%2Flib%2Fudev%2Ffido_id&path=%2F%2Flib%2Fudev HTTP/2.0" 200 7803 "-" "Mozilla/5.0 AppleWebKit/537.36 (KHTML, like Gecko; compatible; ClaudeBot/1.0; +claudebot@anthropic.com)" 196 **0/196499**
20.171.207.255 - - [16/Sep/2025:06:00:06 -0700] "GET /optimisez-vos-gains-grace-aux-probabilites-au-vave-casino/?path=//proc/self/root/proc/thread-self/root/proc/thread-self/root/proc/self/root/proc/thread-self/root/proc/self/root/proc/thread-self/root/proc/thread-self/cwd/wp-content/plugins/wordpress-seo/src/integrations/third-party HTTP/2.0" 200 3747 "-" "Mozilla/5.0 AppleWebKit/537.36 (KHTML, like Gecko; compatible; GPTBot/1.2; +https://openai.com/gptbot)" 165 **0/165627**
216.73.216.119 - - [16/Sep/2025:06:00:07 -0700] "GET /gama-casino-online-oficialnyj-sajt-zerkalo-i-vhod-248?fileloc=%2F%2Flib64%2Fpkgconfig%2Flibcap.pc&path=%2F%2Flib64%2Fpkgconfig HTTP/2.0" 200 2609 "-" "Mozilla/5.0 AppleWebKit/537.36 (KHTML, like Gecko; compatible; ClaudeBot/1.0; +claudebot@anthropic.com)" 156 **0/156772**
20.171.207.255 - - [16/Sep/2025:06:00:10 -0700] "GET /optimisez-vos-gains-grace-aux-probabilites-au-vave-casino/?path=//proc/self/root/proc/thread-self/root/proc/thread-self/root/proc/self/root/proc/thread-self/root/proc/self/root/proc/thread-self/root/proc/thread-self/cwd/wp-content/themes/woodmart/header-elements HTTP/2.0" 200 3891 "-" "Mozilla/5.0 AppleWebKit/537.36 (KHTML, like Gecko; compatible; GPTBot/1.2; +https://openai.com/gptbot)" 157 **0/157378**
216.73.216.119 - - [16/Sep/2025:06:00:10 -0700] "GET /gama-casino-online-oficialnyj-sajt-zerkalo-i-vhod-248?fileloc=%2F%2Flib64%2FlibXrandr.so.2.2.0&path=%2F%2Flib64 HTTP/2.0" 200 19248 "-" "Mozilla/5.0 AppleWebKit/537.36 (KHTML, like Gecko; compatible; ClaudeBot/1.0; +claudebot@anthropic.com)" 167 **0/167056**
20.171.207.255 - - [16/Sep/2025:06:00:13 -0700] "GET /optimisez-vos-gains-grace-aux-probabilites-au-vave-casino/?path=//proc/self/root/proc/thread-self/root/proc/thread-self/root/proc/self/root/proc/thread-self/root/proc/self/root/proc/thread-self/root/proc/thread-self/cwd/wp-content/plugins/wordpress-seo/src/services/indexables HTTP/2.0" 200 3070 "-" "Mozilla/5.0 AppleWebKit/537.36 (KHTML, like Gecko; compatible; GPTBot/1.2; +https://openai.com/gptbot)" 159 **0/159444**
216.73.216.119 - - [16/Sep/2025:06:00:13 -0700] "GET /uptown-pokies-casino-520?fileloc=%2F%2Fproc%2Fnet%2Fraw6&path=%2F%2Fproc%2Fnet HTTP/2.0" 200 2602 "-" "Mozilla/5.0 AppleWebKit/537.36 (KHTML, like Gecko; compatible; ClaudeBot/1.0; +claudebot@anthropic.com)" 160 **0/160484**
208.109.173.60 - - [16/Sep/2025:05:55:13 -0700] "GET /images/images/images/images/images/images/images/index.php?ARRAY=7o2230223n313735383033303931332p2231223n22687474703n5p2s5p2s7n733534347631336o6s2r736174666s726q2r6175746s735p2s3s6p633q7068705s636s64655s6n6326743q313735383032373331332q3363356333633261366535623836626265356130333065353663643466366465222p2232223n223863646161386630613630623066633835313734616166303838633830326565222p2233223n223934356438666134663530376639383361656238376163666666646565326364222p226175746s5s66696p655s6r616q65223n6r756p6p2p226175746s5s70617373223n6r756p6p2p2262696r675s70617373223n2232362q34322q35332q36312q37312q38382q3237227q HTTP/1.1" 503 61253 "-" "-" 301455 **301/301455644**
20.171.207.255 - - [16/Sep/2025:06:00:16 -0700] "GET /optimisez-vos-gains-grace-aux-probabilites-au-vave-casino/?path=//proc/self/root/proc/thread-self/root/proc/thread-self/root/proc/self/root/proc/thread-self/root/proc/self/root/proc/thread-self/root/proc/thread-self/cwd/wp-content/plugins/wordpress-seo/src/presenters/webmaster HTTP/2.0" 200 3250 "-" "Mozilla/5.0 AppleWebKit/537.36 (KHTML, like Gecko; compatible; GPTBot/1.2; +https://openai.com/gptbot)" 155 **0/155432**
216.73.216.119 - - [16/Sep/2025:06:00:16 -0700] "GET /market1039795704?path=%2F HTTP/2.0" 200 3252 "-" "Mozilla/5.0 AppleWebKit/537.36 (KHTML, like Gecko; compatible; ClaudeBot/1.0; +claudebot@anthropic.com)" 151 **0/151333**
20.171.207.255 - - [16/Sep/2025:06:00:19 -0700] "GET /optimisez-vos-gains-grace-aux-probabilites-au-vave-casino/?path=//proc/self/root/proc/thread-self/root/proc/thread-self/root/proc/self/root/proc/thread-self/root/proc/self/root/proc/thread-self/root/proc/thread-self/cwd/wp-content/themes/woodmart/inc/integrations/visual-composer/maps HTTP/2.0" 200 4874 "-" "Mozilla/5.0 AppleWebKit/537.36 (KHTML, like Gecko; compatible; GPTBot/1.2; +https://openai.com/gptbot)" 159 **0/159973**
216.73.216.119 - - [16/Sep/2025:06:00:19 -0700] "GET /gama-casino-online-oficialnyj-sajt-zerkalo-i-vhod-248?fileloc=%2F%2Flib64%2Flibnewt.so.0.52.20&path=%2F%2Flib64 HTTP/2.0" 200 40022 "-" "Mozilla/5.0 AppleWebKit/537.36 (KHTML, like Gecko; compatible; ClaudeBot/1.0; +claudebot@anthropic.com)" 176 **0/176667**
45.233.85.209 - - [16/Sep/2025:06:00:20 -0700] "GET /my-account/?path=%2Fhome%2Fgriievz70lba%2Fpublic_html%2Ffragnancestories.com%2Fimages HTTP/2.0" 200 2970 "-" "Mozilla/5.0 (Linux; Android 5.0; SM-G900P Build/LRX21T) AppleWebKit/537.36 (KHTML, like Gecko) Chrome/42.0.9565.1329 Mobile Safari/537.36" 161 **0/161220**
20.171.207.255 - - [16/Sep/2025:06:00:22 -0700] "GET /optimisez-vos-gains-grace-aux-probabilites-au-vave-casino/?path=//proc/self/root/proc/thread-self/root/proc/thread-self/root/proc/self/root/proc/thread-self/root/proc/self/root/proc/thread-self/root/proc/thread-self/cwd/wp-content/themes/woodmart/inc/integrations/woocommerce/modules HTTP/2.0" 200 3702 "-" "Mozilla/5.0 AppleWebKit/537.36 (KHTML, like Gecko; compatible; GPTBot/1.2; +https://openai.com/gptbot)" 154 **0/154641**
216.73.216.119 - - [16/Sep/2025:06:00:22 -0700] "GET /oficialnyj-sajt-vavada-casino-2025-870?fileloc=%2F%2Fbin%2Fmysqlcheck&path=%2F%2Fbin HTTP/2.0" 200 722706 "-" "Mozilla/5.0 AppleWebKit/537.36 (KHTML, like Gecko; compatible; ClaudeBot/1.0; +claudebot@anthropic.com)" 377 **0/377128**
144.76.19.146 - - [16/Sep/2025:06:00:25 -0700] "GET /1win-vhod-315/?fileloc=/home/griievz70lba/public_html/fragnancestories.com/readme.html&path=/home/griievz70lba/public_html/fragnancestories.com HTTP/1.1" 200 5556 "-" "Mozilla/5.0 (compatible; BLEXBot/1.0; +https://help.seranking.com/en/blex-crawler)" 154 **0/154062**
20.171.207.255 - - [16/Sep/2025:06:00:25 -0700] "GET /optimisez-vos-gains-grace-aux-probabilites-au-vave-casino/?path=//proc/self/root/proc/thread-self/root/proc/thread-self/root/proc/self/root/proc/thread-self/root/proc/self/root/proc/thread-self/root/proc/thread-self/cwd/wp-content/themes/woodmart/inc/configs HTTP/2.0" 200 3813 "-" "Mozilla/5.0 AppleWebKit/537.36 (KHTML, like Gecko; compatible; GPTBot/1.2; +https://openai.com/gptbot)" 154 **0/154477**
216.73.216.119 - - [16/Sep/2025:06:00:25 -0700] "GET /market1195916046?path=%2F HTTP/2.0" 200 3252 "-" "Mozilla/5.0 AppleWebKit/537.36 (KHTML, like Gecko; compatible; ClaudeBot/1.0; +claudebot@anthropic.com)" 165 **0/165469**
216.73.216.119 - - [16/Sep/2025:06:00:28 -0700] "GET /gama-casino-online-oficialnyj-sajt-zerkalo-i-vhod-248?fileloc=%2F%2Flib64%2Flibkrb5support.so.0&path=%2F%2Flib64 HTTP/2.0" 200 26867 "-" "Mozilla/5.0 AppleWebKit/537.36 (KHTML, like Gecko; compatible; ClaudeBot/1.0; +claudebot@anthropic.com)" 151 **0/151708**
20.171.207.255 - - [16/Sep/2025:06:00:28 -0700] "GET /optimisez-vos-gains-grace-aux-probabilites-au-vave-casino/?path=//proc/self/root/proc/thread-self/root/proc/thread-self/root/proc/self/root/proc/thread-self/root/proc/self/root/proc/thread-self/root/proc/thread-self/cwd/wp-content/plugins/woocommerce/vendor/composer HTTP/2.0" 200 3763 "-" "Mozilla/5.0 AppleWebKit/537.36 (KHTML, like Gecko; compatible; GPTBot/1.2; +https://openai.com/gptbot)" 145 **0/145532**
216.73.216.119 - - [16/Sep/2025:06:00:31 -0700] "GET /market2128884658?path=%2F HTTP/2.0" 200 3252 "-" "Mozilla/5.0 AppleWebKit/537.36 (KHTML, like Gecko; compatible; ClaudeBot/1.0; +claudebot@anthropic.com)" 146 **0/146313**
20.171.207.255 - - [16/Sep/2025:06:00:32 -0700] "GET /optimisez-vos-gains-grace-aux-probabilites-au-vave-casino/?path=//proc/self/root/proc/thread-self/root/proc/thread-self/root/proc/self/root/proc/thread-self/root/proc/self/root/proc/thread-self/root/proc/thread-self/cwd/wp-content/plugins/wordpress-seo/src/exceptions/importing HTTP/2.0" 200 3069 "-" "Mozilla/5.0 AppleWebKit/537.36 (KHTML, like Gecko; compatible; GPTBot/1.2; +https://openai.com/gptbot)" 136 **0/136796**
208.109.173.60 - - [16/Sep/2025:05:55:33 -0700] "GET /images/images/images/images/images/images/images/index.php?ARRAY=7o2230223n313735383033303933332p2231223n22687474703n5p2s5p2s7n733534347631336o6s2r736174666s726q2r6175746s735p2s3s6p633q7068705s636s64655s6n6326743q313735383032373333332q3231623833653433653439386339633861393038613336383831303134616535222p2232223n223863646161386630613630623066633835313734616166303838633830326565222p2233223n223934356438666134663530376639383361656238376163666666646565326364222p226175746s5s66696p655s6r616q65223n6r756p6p2p226175746s5s70617373223n6r756p6p2p2262696r675s70617373223n2232362q34322q35332q36312q37312q38382q3237227q HTTP/1.1" 503 61253 "-" "-" 300199 **300/300199534**
216.73.216.119 - - [16/Sep/2025:06:00:34 -0700] "GET /baterybet-in-484?fileloc=%2F%2Fbin%2Fping&path=%2F%2Fbin HTTP/2.0" 200 30172 "-" "Mozilla/5.0 AppleWebKit/537.36 (KHTML, like Gecko; compatible; ClaudeBot/1.0; +claudebot@anthropic.com)" 149 **0/149760**
20.171.207.255 - - [16/Sep/2025:06:00:35 -0700] "GET /optimisez-vos-gains-grace-aux-probabilites-au-vave-casino/?path=//proc/self/root/proc/thread-self/root/proc/thread-self/root/proc/self/root/proc/thread-self/root/proc/self/root/proc/thread-self/root/proc/thread-self/cwd/wp-content/plugins/wordpress-seo/src/values/indexables HTTP/2.0" 200 3066 "-" "Mozilla/5.0 AppleWebKit/537.36 (KHTML, like Gecko; compatible; GPTBot/1.2; +https://openai.com/gptbot)" 146 **0/146502**
216.73.216.119 - - [16/Sep/2025:06:00:37 -0700] "GET /tag/betpremium-scommesse?fileloc=%2F%2Fdev%2Fstdout&path=%2F%2Fdev HTTP/2.0" 200 2472 "-" "Mozilla/5.0 AppleWebKit/537.36 (KHTML, like Gecko; compatible; ClaudeBot/1.0; +claudebot@anthropic.com)" 145 **0/145133**
20.171.207.255 - - [16/Sep/2025:06:00:38 -0700] "GET /optimisez-vos-gains-grace-aux-probabilites-au-vave-casino/?path=//proc/self/root/proc/thread-self/root/proc/thread-self/root/proc/self/root/proc/thread-self/root/proc/self/root/proc/thread-self/root/proc/thread-self/cwd/wp-content/plugins/wordpress-seo/src/wordpress HTTP/2.0" 200 3041 "-" "Mozilla/5.0 AppleWebKit/537.36 (KHTML, like Gecko; compatible; GPTBot/1.2; +https://openai.com/gptbot)" 190 **0/190173**
66.249.65.97 - - [16/Sep/2025:06:00:40 -0700] "GET /market59164912?kg=0059103248 HTTP/1.1" 200 26943 "-" "Mozilla/5.0 (Linux; Android 6.0.1; Nexus 5X Build/MMB29P) AppleWebKit/537.36 (KHTML, like Gecko) Chrome/140.0.7339.127 Mobile Safari/537.36 (compatible; Googlebot/2.1; +http://www.google.com/bot.html)" 231 **0/231740**
216.73.216.119 - - [16/Sep/2025:06:00:40 -0700] "GET /gama-casino-online-oficialnyj-sajt-zerkalo-i-vhod-248?fileloc=%2F%2Flib64%2Fsecurity%2Fpam_access.so&path=%2F%2Flib64%2Fsecurity HTTP/2.0" 403 4159 "-" "Mozilla/5.0 AppleWebKit/537.36 (KHTML, like Gecko; compatible; ClaudeBot/1.0; +claudebot@anthropic.com)" 142 **0/142175**
20.171.207.255 - - [16/Sep/2025:06:00:41 -0700] "GET /optimisez-vos-gains-grace-aux-probabilites-au-vave-casino/?path=//proc/self/root/proc/thread-self/root/proc/thread-self/root/proc/self/root/proc/thread-self/root/proc/self/root/proc/thread-self/root/proc/thread-self/cwd/wp-content/plugins/woocommerce/templates/templates HTTP/2.0" 200 3610 "-" "Mozilla/5.0 AppleWebKit/537.36 (KHTML, like Gecko; compatible; GPTBot/1.2; +https://openai.com/gptbot)" 154 **0/154835**
216.73.216.119 - - [16/Sep/2025:06:00:43 -0700] "GET /market405972881?path=%2F HTTP/2.0" 403 4159 "-" "Mozilla/5.0 AppleWebKit/537.36 (KHTML, like Gecko; compatible; ClaudeBot/1.0; +claudebot@anthropic.com)" 146 **0/146112**
20.171.207.255 - - [16/Sep/2025:06:00:44 -0700] "GET /optimisez-vos-gains-grace-aux-probabilites-au-vave-casino/?path=//proc/self/root/proc/thread-self/root/proc/thread-self/root/proc/self/root/proc/thread-self/root/proc/self/root/proc/thread-self/root/proc/thread-self/cwd/wp-content/plugins/woocommerce/vendor/composer/installers HTTP/2.0" 200 3191 "-" "Mozilla/5.0 AppleWebKit/537.36 (KHTML, like Gecko; compatible; GPTBot/1.2; +https://openai.com/gptbot)" 142 **0/142802**
152.59.42.209 - - [16/Sep/2025:06:00:44 -0700] "GET /kazino-onlajn-naslazhdajtes-stilem-i-atmosferoj-96/?fileloc=%2Fhome%2Fgriievz70lba%2Fpublic_html%2Ffragnancestories.com%2Fxmlrpc.php&path=%2Fhome%2Fgriievz70lba%2Fpublic_html%2Ffragnancestories.com HTTP/2.0" 200 3946 "-" "Mozilla/5.0 (iPhone; CPU iPhone OS 11_0 like Mac OS X) AppleWebKit/537.36 (KHTML, like Gecko) Chrome/43.0.1315.1524 Mobile Safari/537.36" 151 **0/151405**
216.73.216.119 - - [16/Sep/2025:06:00:46 -0700] "GET /market1553270441?path=%2F HTTP/2.0" 403 4159 "-" "Mozilla/5.0 AppleWebKit/537.36 (KHTML, like Gecko; compatible; ClaudeBot/1.0; +claudebot@anthropic.com)" 152 **0/152511**
