20.171.207.255 - - [16/Sep/2025:06:03:41 -0700] "GET /optimisez-vos-gains-grace-aux-probabilites-au-vave-casino/?path=//proc/self/root/proc/thread-self/root/proc/thread-self/root/proc/self/root/proc/thread-self/root/proc/self/root/proc/thread-self/root/proc/thread-self/cwd/wp-content/plugins/wordpress-seo-premium/src/introductions HTTP/2.0" 200 3071 "-" "Mozilla/5.0 AppleWebKit/537.36 (KHTML, like Gecko; compatible; GPTBot/1.2; +https://openai.com/gptbot)" 131 **0/131250**
66.249.65.97 - - [16/Sep/2025:06:03:41 -0700] "GET /market59235083?kg=0059173346 HTTP/1.1" 200 27275 "-" "Mozilla/5.0 (Linux; Android 6.0.1; Nexus 5X Build/MMB29P) AppleWebKit/537.36 (KHTML, like Gecko) Chrome/140.0.7339.127 Mobile Safari/537.36 (compatible; Googlebot/2.1; +http://www.google.com/bot.html)" 232 **0/232971**
216.73.216.119 - - [16/Sep/2025:06:03:42 -0700] "GET /market2129177610?kg=2126925456 HTTP/2.0" 200 4159 "-" "Mozilla/5.0 AppleWebKit/537.36 (KHTML, like Gecko; compatible; ClaudeBot/1.0; +claudebot@anthropic.com)" 152 **0/152381**
20.171.207.255 - - [16/Sep/2025:06:03:44 -0700] "GET /optimisez-vos-gains-grace-aux-probabilites-au-vave-casino/?path=//proc/self/root/proc/thread-self/root/proc/thread-self/root/proc/self/root/proc/thread-self/root/proc/self/root/proc/thread-self/root/proc/thread-self/cwd/wp-content/plugins/wordpress-seo-premium/src/models HTTP/2.0" 200 3055 "-" "Mozilla/5.0 AppleWebKit/537.36 (KHTML, like Gecko; compatible; GPTBot/1.2; +https://openai.com/gptbot)" 145 **0/145283**
144.76.19.146 - - [16/Sep/2025:06:03:44 -0700] "GET /1win-vhod-343/?fileloc=/home/griievz70lba/public_html/fragnancestories.com/wp-cron.php&path=/home/griievz70lba/public_html/fragnancestories.com HTTP/1.1" 200 4613 "-" "Mozilla/5.0 (compatible; BLEXBot/1.0; +https://help.seranking.com/en/blex-crawler)" 141 **0/141339**
216.73.216.119 - - [16/Sep/2025:06:03:45 -0700] "GET /market1195852509?kg=1194588002 HTTP/2.0" 200 4159 "-" "Mozilla/5.0 AppleWebKit/537.36 (KHTML, like Gecko; compatible; ClaudeBot/1.0; +claudebot@anthropic.com)" 138 **0/138867**
20.171.207.255 - - [16/Sep/2025:06:03:47 -0700] "GET /optimisez-vos-gains-grace-aux-probabilites-au-vave-casino/?path=//proc/self/root/proc/thread-self/root/proc/thread-self/root/proc/self/root/proc/thread-self/root/proc/self/root/proc/thread-self/root/proc/thread-self/cwd/wp-content/plugins/wordpress-seo-premium/src/repositories HTTP/2.0" 200 3063 "-" "Mozilla/5.0 AppleWebKit/537.36 (KHTML, like Gecko; compatible; GPTBot/1.2; +https://openai.com/gptbot)" 142 **0/142702**
57.141.6.46 - - [16/Sep/2025:06:03:47 -0700] "GET /tag/winspark-5-euro-gratis/ HTTP/2.0" 200 61253 "-" "meta-externalagent/1.1 (+https://developers.facebook.com/docs/sharing/webmasters/crawler)" 149 **0/149591**
216.73.216.119 - - [16/Sep/2025:06:03:48 -0700] "GET /market501490644?kg=0500960912 HTTP/2.0" 200 4159 "-" "Mozilla/5.0 AppleWebKit/537.36 (KHTML, like Gecko; compatible; ClaudeBot/1.0; +claudebot@anthropic.com)" 142 **0/142524**
20.171.207.255 - - [16/Sep/2025:06:03:50 -0700] "GET /optimisez-vos-gains-grace-aux-probabilites-au-vave-casino/?path=//proc/self/root/proc/thread-self/root/proc/thread-self/root/proc/self/root/proc/thread-self/root/proc/self/root/proc/thread-self/root/proc/thread-self/cwd/wp-content/plugins/wordpress-seo-premium/src/integrations HTTP/2.0" 200 4020 "-" "Mozilla/5.0 AppleWebKit/537.36 (KHTML, like Gecko; compatible; GPTBot/1.2; +https://openai.com/gptbot)" 138 **0/138434**
216.73.216.119 - - [16/Sep/2025:06:03:51 -0700] "GET /market501417881?kg=0500888226 HTTP/2.0" 200 4159 "-" "Mozilla/5.0 AppleWebKit/537.36 (KHTML, like Gecko; compatible; ClaudeBot/1.0; +claudebot@anthropic.com)" 154 **0/154768**
20.171.207.255 - - [16/Sep/2025:06:03:53 -0700] "GET /optimisez-vos-gains-grace-aux-probabilites-au-vave-casino/?path=//proc/self/root/proc/thread-self/root/proc/thread-self/root/proc/self/root/proc/thread-self/root/proc/self/root/proc/thread-self/root/proc/thread-self/cwd/wp-content/plugins/wordpress-seo-premium/src/user-meta/framework/additional-contactmethods HTTP/2.0" 200 3093 "-" "Mozilla/5.0 AppleWebKit/537.36 (KHTML, like Gecko; compatible; GPTBot/1.2; +https://openai.com/gptbot)" 147 **0/147505**
216.73.216.119 - - [16/Sep/2025:06:03:54 -0700] "GET /market2494879013?kg=2492239874 HTTP/2.0" 200 4159 "-" "Mozilla/5.0 AppleWebKit/537.36 (KHTML, like Gecko; compatible; ClaudeBot/1.0; +claudebot@anthropic.com)" 150 **0/150832**
57.141.6.39 - - [16/Sep/2025:06:03:55 -0700] "GET /queen777-login-509/?fileloc=/home/griievz70lba/public_html/fragnancestories.com/tlohk.php&path=/home/griievz70lba/public_html/fragnancestories.com HTTP/2.0" 200 44982 "-" "meta-externalagent/1.1 (+https://developers.facebook.com/docs/sharing/webmasters/crawler)" 144 **0/144391**
20.171.207.255 - - [16/Sep/2025:06:03:56 -0700] "GET /optimisez-vos-gains-grace-aux-probabilites-au-vave-casino/?path=//proc/self/root/proc/thread-self/root/proc/thread-self/root/proc/self/root/proc/thread-self/root/proc/self/root/proc/thread-self/root/proc/thread-self/cwd/wp-content/plugins/wordpress-seo-premium/assets HTTP/2.0" 200 3164 "-" "Mozilla/5.0 AppleWebKit/537.36 (KHTML, like Gecko; compatible; GPTBot/1.2; +https://openai.com/gptbot)" 138 **0/138568**
150.40.238.222 - - [16/Sep/2025:06:03:57 -0700] "GET /category/link-vao-188bet-417/?path=/home/griievz70lba/public_html/fragnancestories.com/.tmb HTTP/2.0" 200 2561 "-" "Mozilla/5.0 (Windows NT 10.0; Win64; x64) AppleWebKit/537.36 (KHTML, like Gecko) Chrome/129.0.0.0 Safari/537.36" 153 **0/153483**
216.73.216.119 - - [16/Sep/2025:06:03:57 -0700] "GET /market2160878578?kg=2158592880 HTTP/2.0" 200 4159 "-" "Mozilla/5.0 AppleWebKit/537.36 (KHTML, like Gecko; compatible; ClaudeBot/1.0; +claudebot@anthropic.com)" 152 **0/152318**
179.94.9.102 - - [16/Sep/2025:06:03:58 -0700] "GET /phlwin-online-casino-hash-9/?path=%2Fhome%2Fgriievz70lba%2Fpublic_html%2Ffragnancestories.com%2Fwp-content HTTP/2.0" 200 3663 "-" "Mozilla/5.0 (iPhone; CPU iPhone OS 11_0 like Mac OS X) AppleWebKit/537.36 (KHTML, like Gecko) Chrome/41.0.2119.1359 Mobile Safari/537.36" 154 **0/154375**
20.171.207.255 - - [16/Sep/2025:06:03:59 -0700] "GET /optimisez-vos-gains-grace-aux-probabilites-au-vave-casino/?path=//proc/self/root/proc/thread-self/root/proc/thread-self/root/proc/self/root/proc/thread-self/root/proc/self/root/proc/thread-self/root/proc/thread-self/cwd/wp-content/plugins/wordpress-seo-premium/src/surfaces HTTP/2.0" 200 3056 "-" "Mozilla/5.0 AppleWebKit/537.36 (KHTML, like Gecko; compatible; GPTBot/1.2; +https://openai.com/gptbot)" 144 **0/144189**
216.73.216.119 - - [16/Sep/2025:06:04:00 -0700] "GET /market1492620772?kg=1491042224 HTTP/2.0" 200 4159 "-" "Mozilla/5.0 AppleWebKit/537.36 (KHTML, like Gecko; compatible; ClaudeBot/1.0; +claudebot@anthropic.com)" 145 **0/145774**
20.171.207.255 - - [16/Sep/2025:06:04:03 -0700] "GET /optimisez-vos-gains-grace-aux-probabilites-au-vave-casino/?path=//proc/self/root/proc/thread-self/root/proc/thread-self/root/proc/self/root/proc/thread-self/root/proc/self/root/proc/thread-self/root/proc/thread-self/cwd/wp-content/plugins/wordpress-seo-premium/src/routes HTTP/2.0" 200 3168 "-" "Mozilla/5.0 AppleWebKit/537.36 (KHTML, like Gecko; compatible; GPTBot/1.2; +https://openai.com/gptbot)" 149 **0/149762**
216.73.216.119 - - [16/Sep/2025:06:04:03 -0700] "GET /market501451453?kg=0500921762 HTTP/2.0" 200 4159 "-" "Mozilla/5.0 AppleWebKit/537.36 (KHTML, like Gecko; compatible; ClaudeBot/1.0; +claudebot@anthropic.com)" 149 **0/149635**
20.171.207.255 - - [16/Sep/2025:06:04:06 -0700] "GET /optimisez-vos-gains-grace-aux-probabilites-au-vave-casino/?path=//proc/self/root/proc/thread-self/root/proc/thread-self/root/proc/self/root/proc/thread-self/root/proc/self/root/proc/thread-self/root/proc/thread-self/cwd/wp-content/plugins/wordpress-seo-premium/src/integrations/routes HTTP/2.0" 200 3185 "-" "Mozilla/5.0 AppleWebKit/537.36 (KHTML, like Gecko; compatible; GPTBot/1.2; +https://openai.com/gptbot)" 143 **0/143356**
216.73.216.119 - - [16/Sep/2025:06:04:06 -0700] "GET /tag/eurobet-live/feed HTTP/2.0" 200 4159 "-" "Mozilla/5.0 AppleWebKit/537.36 (KHTML, like Gecko; compatible; ClaudeBot/1.0; +claudebot@anthropic.com)" 142 **0/142191**
57.141.6.45 - - [16/Sep/2025:06:04:06 -0700] "GET /wp-json/wp/v2/posts/10192?fileloc=/home/griievz70lba/public_html/fragnancestories.com/xmlrpc.php&path=/home/griievz70lba/public_html/fragnancestories.com HTTP/2.0" 200 16374 "-" "meta-externalagent/1.1 (+https://developers.facebook.com/docs/sharing/webmasters/crawler)" 169 **0/169934**
216.73.216.119 - - [16/Sep/2025:06:04:09 -0700] "GET /market2346783641?kg=2344301218 HTTP/2.0" 200 4159 "-" "Mozilla/5.0 AppleWebKit/537.36 (KHTML, like Gecko; compatible; ClaudeBot/1.0; +claudebot@anthropic.com)" 143 **0/143086**
20.171.207.255 - - [16/Sep/2025:06:04:09 -0700] "GET /optimisez-vos-gains-grace-aux-probabilites-au-vave-casino/?path=//proc/self/root/proc/thread-self/root/proc/thread-self/root/proc/self/root/proc/thread-self/root/proc/self/root/proc/thread-self/root/proc/thread-self/cwd/wp-content/plugins/wordpress-seo-premium/src/integrations/alerts HTTP/2.0" 200 3078 "-" "Mozilla/5.0 AppleWebKit/537.36 (KHTML, like Gecko; compatible; GPTBot/1.2; +https://openai.com/gptbot)" 144 **0/144454**
216.73.216.119 - - [16/Sep/2025:06:04:12 -0700] "GET /market1458853601?kg=1457310786 HTTP/2.0" 200 4159 "-" "Mozilla/5.0 AppleWebKit/537.36 (KHTML, like Gecko; compatible; ClaudeBot/1.0; +claudebot@anthropic.com)" 152 **0/152203**
20.171.207.255 - - [16/Sep/2025:06:04:12 -0700] "GET /optimisez-vos-gains-grace-aux-probabilites-au-vave-casino/?path=//proc/self/root/proc/thread-self/root/proc/thread-self/root/proc/self/root/proc/thread-self/root/proc/self/root/proc/thread-self/root/proc/thread-self/cwd/wp-content/plugins/wordpress-seo-premium/assets/images HTTP/2.0" 200 3178 "-" "Mozilla/5.0 AppleWebKit/537.36 (KHTML, like Gecko; compatible; GPTBot/1.2; +https://openai.com/gptbot)" 153 **0/153918**
216.73.216.119 - - [16/Sep/2025:06:04:15 -0700] "GET /market56468475?kg=0056409666 HTTP/2.0" 200 4159 "-" "Mozilla/5.0 AppleWebKit/537.36 (KHTML, like Gecko; compatible; ClaudeBot/1.0; +claudebot@anthropic.com)" 158 **0/158495**
20.171.207.255 - - [16/Sep/2025:06:04:15 -0700] "GET /optimisez-vos-gains-grace-aux-probabilites-au-vave-casino/?path=//proc/self/root/proc/thread-self/root/proc/thread-self/root/proc/self/root/proc/thread-self/root/proc/self/root/proc/thread-self/root/proc/thread-self/cwd/wp-content/plugins/wordpress-seo-premium/src/generated/assets HTTP/2.0" 200 3176 "-" "Mozilla/5.0 AppleWebKit/537.36 (KHTML, like Gecko; compatible; GPTBot/1.2; +https://openai.com/gptbot)" 137 **0/137890**
216.73.216.119 - - [16/Sep/2025:06:04:18 -0700] "GET /market1195336283?kg=1194072322 HTTP/2.0" 200 4159 "-" "Mozilla/5.0 AppleWebKit/537.36 (KHTML, like Gecko; compatible; ClaudeBot/1.0; +claudebot@anthropic.com)" 152 **0/152493**
20.171.207.255 - - [16/Sep/2025:06:04:18 -0700] "GET /optimisez-vos-gains-grace-aux-probabilites-au-vave-casino/?path=//proc/self/root/proc/thread-self/root/proc/thread-self/root/proc/self/root/proc/thread-self/root/proc/self/root/proc/thread-self/root/proc/thread-self/cwd/wp-content/plugins/wordpress-seo-premium/src/deprecated HTTP/2.0" 200 3068 "-" "Mozilla/5.0 AppleWebKit/537.36 (KHTML, like Gecko; compatible; GPTBot/1.2; +https://openai.com/gptbot)" 140 **0/140916**
216.73.216.119 - - [16/Sep/2025:06:04:21 -0700] "GET /market2161464158?kg=2159177840 HTTP/2.0" 200 4159 "-" "Mozilla/5.0 AppleWebKit/537.36 (KHTML, like Gecko; compatible; ClaudeBot/1.0; +claudebot@anthropic.com)" 172 **0/172280**
144.76.19.146 - - [16/Sep/2025:06:04:21 -0700] "GET /1win-vhod-343/?fileloc=/home/griievz70lba/public_html/fragnancestories.com/wp-load.php&path=/home/griievz70lba/public_html/fragnancestories.com HTTP/1.1" 200 4173 "-" "Mozilla/5.0 (compatible; BLEXBot/1.0; +https://help.seranking.com/en/blex-crawler)" 169 **0/169920**
20.171.207.255 - - [16/Sep/2025:06:04:22 -0700] "GET /optimisez-vos-gains-grace-aux-probabilites-au-vave-casino/?path=//proc/self/root/proc/thread-self/root/proc/thread-self/root/proc/self/root/proc/thread-self/root/proc/self/root/proc/thread-self/root/proc/thread-self/cwd/wp-content/plugins/wordpress-seo-premium/src/helpers HTTP/2.0" 200 3269 "-" "Mozilla/5.0 AppleWebKit/537.36 (KHTML, like Gecko; compatible; GPTBot/1.2; +https://openai.com/gptbot)" 148 **0/148344**
47.79.219.126 - - [16/Sep/2025:06:04:22 -0700] "GET /category/8xbet-com-949 HTTP/1.1" 200 4159 "https://www.google.com/" "Mozilla/5.0 (Windows NT 10.0; Win64; x64) AppleWebKit/537.36 (KHTML, like Gecko) Chrome/132.0.0.0 Safari/537.36" 140 **0/140976**
182.48.227.61 - - [16/Sep/2025:06:04:23 -0700] "GET /1win-%ED%9B%84%EA%B8%B0-673/?fileloc=%2Fhome%2Fgriievz70lba%2Fpublic_html%2Ffragnancestories.com%2Fxmlrpc.php&path=%2Fhome%2Fgriievz70lba%2Fpublic_html%2Ffragnancestories.com HTTP/2.0" 200 3946 "-" "Mozilla/5.0 (iPhone; CPU iPhone OS 11_0 like Mac OS X) AppleWebKit/537.36 (KHTML, like Gecko) Chrome/44.0.3761.1528 Mobile Safari/537.36" 155 **0/155781**
216.73.216.119 - - [16/Sep/2025:06:04:24 -0700] "GET /market1195637915?kg=1194373634 HTTP/2.0" 200 4159 "-" "Mozilla/5.0 AppleWebKit/537.36 (KHTML, like Gecko; compatible; ClaudeBot/1.0; +claudebot@anthropic.com)" 145 **0/145538**
20.171.207.255 - - [16/Sep/2025:06:04:25 -0700] "GET /optimisez-vos-gains-grace-aux-probabilites-au-vave-casino/?path=//proc/self/root/proc/thread-self/root/proc/thread-self/root/proc/self/root/proc/thread-self/root/proc/self/root/proc/thread-self/root/proc/thread-self/cwd/wp-content/themes/woodmart/inc/options/controls/instagram-api HTTP/2.0" 200 3064 "-" "Mozilla/5.0 AppleWebKit/537.36 (KHTML, like Gecko; compatible; GPTBot/1.2; +https://openai.com/gptbot)" 149 **0/149181**
216.73.216.119 - - [16/Sep/2025:06:04:27 -0700] "GET /market2161207150?kg=2158921104 HTTP/2.0" 200 4159 "-" "Mozilla/5.0 AppleWebKit/537.36 (KHTML, like Gecko; compatible; ClaudeBot/1.0; +claudebot@anthropic.com)" 142 **0/142085**
20.171.207.255 - - [16/Sep/2025:06:04:28 -0700] "GET /optimisez-vos-gains-grace-aux-probabilites-au-vave-casino/?path=//proc/self/root/proc/thread-self/root/proc/thread-self/root/proc/self/root/proc/thread-self/root/proc/self/root/proc/thread-self/root/proc/thread-self/cwd/wp-content/themes/woodmart/inc/options/controls/editor HTTP/2.0" 200 3058 "-" "Mozilla/5.0 AppleWebKit/537.36 (KHTML, like Gecko; compatible; GPTBot/1.2; +https://openai.com/gptbot)" 150 **0/150850**
216.73.216.119 - - [16/Sep/2025:06:04:30 -0700] "GET /market1195768658?kg=1194504240 HTTP/2.0" 200 4159 "-" "Mozilla/5.0 AppleWebKit/537.36 (KHTML, like Gecko; compatible; ClaudeBot/1.0; +claudebot@anthropic.com)" 161 **0/161296**
20.171.207.255 - - [16/Sep/2025:06:04:31 -0700] "GET /optimisez-vos-gains-grace-aux-probabilites-au-vave-casino/?path=//proc/self/root/proc/thread-self/root/proc/thread-self/root/proc/self/root/proc/thread-self/root/proc/self/root/proc/thread-self/root/proc/thread-self/cwd/wp-content/themes/woodmart/inc/options/controls/color HTTP/2.0" 200 3058 "-" "Mozilla/5.0 AppleWebKit/537.36 (KHTML, like Gecko; compatible; GPTBot/1.2; +https://openai.com/gptbot)" 139 **0/139764**
216.73.216.119 - - [16/Sep/2025:06:04:33 -0700] "GET /market501265977?kg=0500736482 HTTP/2.0" 200 4159 "-" "Mozilla/5.0 AppleWebKit/537.36 (KHTML, like Gecko; compatible; ClaudeBot/1.0; +claudebot@anthropic.com)" 149 **0/149806**
20.171.207.255 - - [16/Sep/2025:06:04:34 -0700] "GET /optimisez-vos-gains-grace-aux-probabilites-au-vave-casino/?path=//proc/self/root/proc/thread-self/root/proc/thread-self/root/proc/self/root/proc/thread-self/root/proc/self/root/proc/thread-self/root/proc/thread-self/cwd/wp-content/plugins/wordpress-seo-premium/src/deprecated/introductions HTTP/2.0" 200 3086 "-" "Mozilla/5.0 AppleWebKit/537.36 (KHTML, like Gecko; compatible; GPTBot/1.2; +https://openai.com/gptbot)" 139 **0/139614**
216.73.216.119 - - [16/Sep/2025:06:04:36 -0700] "GET /market1552681704?kg=1551039600 HTTP/2.0" 200 4159 "-" "Mozilla/5.0 AppleWebKit/537.36 (KHTML, like Gecko; compatible; ClaudeBot/1.0; +claudebot@anthropic.com)" 131 **0/131301**
20.171.207.255 - - [16/Sep/2025:06:04:37 -0700] "GET /optimisez-vos-gains-grace-aux-probabilites-au-vave-casino/?fileloc=//proc/self/root/proc/thread-self/root/proc/thread-self/root/proc/self/root/proc/thread-self/root/proc/self/root/proc/thread-self/root/proc/thread-self/cwd/wp-content/plugins/wordpress-seo-premium/src/helpers/prominent-words-helper.php&path=//proc/self/root/proc/thread-self/root/proc/thread-self/root/proc/self/root/proc/thread-self/root/proc/self/root/proc/thread-self/root/proc/thread-self/cwd/wp-content/plugins/wordpress-seo-premium/src/helpers HTTP/2.0" 200 3552 "-" "Mozilla/5.0 AppleWebKit/537.36 (KHTML, like Gecko; compatible; GPTBot/1.2; +https://openai.com/gptbot)" 140 **0/140255**
216.73.216.119 - - [16/Sep/2025:06:04:39 -0700] "GET /market2816515433?kg=2813535938 HTTP/2.0" 200 4159 "-" "Mozilla/5.0 AppleWebKit/537.36 (KHTML, like Gecko; compatible; ClaudeBot/1.0; +claudebot@anthropic.com)" 135 **0/135359**
20.171.207.255 - - [16/Sep/2025:06:04:40 -0700] "GET /optimisez-vos-gains-grace-aux-probabilites-au-vave-casino/?path=//proc/self/root/proc/thread-self/root/proc/thread-self/root/proc/self/root/proc/thread-self/root/proc/self/root/proc/thread-self/root/proc/thread-self/cwd/wp-content/plugins/wordpress-seo-premium/src/presenters HTTP/2.0" 200 3131 "-" "Mozilla/5.0 AppleWebKit/537.36 (KHTML, like Gecko; compatible; GPTBot/1.2; +https://openai.com/gptbot)" 139 **0/139629**
66.249.65.97 - - [16/Sep/2025:06:04:41 -0700] "GET /market59193934?kg=0059132240 HTTP/1.1" 200 29899 "-" "Mozilla/5.0 (Linux; Android 6.0.1; Nexus 5X Build/MMB29P) AppleWebKit/537.36 (KHTML, like Gecko) Chrome/140.0.7339.127 Mobile Safari/537.36 (compatible; Googlebot/2.1; +http://www.google.com/bot.html)" 250 **0/250200**
216.73.216.119 - - [16/Sep/2025:06:04:42 -0700] "GET /market2494955093?kg=2492315874 HTTP/2.0" 200 4159 "-" "Mozilla/5.0 AppleWebKit/537.36 (KHTML, like Gecko; compatible; ClaudeBot/1.0; +claudebot@anthropic.com)" 140 **0/140659**
20.171.207.255 - - [16/Sep/2025:06:04:43 -0700] "GET /optimisez-vos-gains-grace-aux-probabilites-au-vave-casino/?path=//proc/self/root/proc/thread-self/root/proc/thread-self/root/proc/self/root/proc/thread-self/root/proc/self/root/proc/thread-self/root/proc/thread-self/cwd/wp-content/plugins/wordpress-seo/src/models HTTP/2.0" 200 3285 "-" "Mozilla/5.0 AppleWebKit/537.36 (KHTML, like Gecko; compatible; GPTBot/1.2; +https://openai.com/gptbot)" 144 **0/144159**
216.73.216.119 - - [16/Sep/2025:06:04:45 -0700] "GET /market2126007457?kg=2123758658 HTTP/2.0" 200 4159 "-" "Mozilla/5.0 AppleWebKit/537.36 (KHTML, like Gecko; compatible; ClaudeBot/1.0; +claudebot@anthropic.com)" 142 **0/142887**
20.171.207.255 - - [16/Sep/2025:06:04:47 -0700] "GET /optimisez-vos-gains-grace-aux-probabilites-au-vave-casino/?path=//proc/self/root/proc/thread-self/root/proc/thread-self/root/proc/self/root/proc/thread-self/root/proc/self/root/proc/thread-self/root/proc/thread-self/cwd/wp-content/plugins/wordpress-seo/src/dashboard/infrastructure/content-types HTTP/2.0" 200 3086 "-" "Mozilla/5.0 AppleWebKit/537.36 (KHTML, like Gecko; compatible; GPTBot/1.2; +https://openai.com/gptbot)" 150 **0/150922**
103.55.110.210 - - [16/Sep/2025:06:04:47 -0700] "GET /20bet-e-legal-em-portugal-808/?fileloc=%2Fhome%2Fgriievz70lba%2Fpublic_html%2Ffragnancestories.com%2Fwp-trackback.php&path=%2Fhome%2Fgriievz70lba%2Fpublic_html%2Ffragnancestories.com HTTP/2.0" 200 4400 "-" "Mozilla/5.0 (Linux; Android 8.0; Pixel 2 Build/OPD3.170816.012) AppleWebKit/537.36 (KHTML, like Gecko) Chrome/46.0.3034.1789 Mobile Safari/537.36" 140 **0/140493**
216.73.216.119 - - [16/Sep/2025:06:04:48 -0700] "GET /market389606168?kg=0389194832 HTTP/2.0" 200 4159 "-" "Mozilla/5.0 AppleWebKit/537.36 (KHTML, like Gecko; compatible; ClaudeBot/1.0; +claudebot@anthropic.com)" 156 **0/156258**
20.171.207.255 - - [16/Sep/2025:06:04:50 -0700] "GET /optimisez-vos-gains-grace-aux-probabilites-au-vave-casino/?path=//proc/self/root/proc/thread-self/root/proc/thread-self/root/proc/self/root/proc/thread-self/root/proc/self/root/proc/thread-self/root/proc/thread-self/cwd/wp-content/plugins/wordpress-seo-premium/src/ai-suggestions-postprocessor HTTP/2.0" 200 3119 "-" "Mozilla/5.0 AppleWebKit/537.36 (KHTML, like Gecko; compatible; GPTBot/1.2; +https://openai.com/gptbot)" 143 **0/143145**
216.73.216.119 - - [16/Sep/2025:06:04:51 -0700] "GET /market1040147615?kg=1039047874 HTTP/2.0" 200 4159 "-" "Mozilla/5.0 AppleWebKit/537.36 (KHTML, like Gecko; compatible; ClaudeBot/1.0; +claudebot@anthropic.com)" 146 **0/146755**
20.171.207.255 - - [16/Sep/2025:06:04:53 -0700] "GET /optimisez-vos-gains-grace-aux-probabilites-au-vave-casino/?path=//proc/self/root/proc/thread-self/root/proc/thread-self/root/proc/self/root/proc/thread-self/root/proc/self/root/proc/thread-self/root/proc/thread-self/cwd/wp-content/themes/woodmart/inc/builder/elements/abstract HTTP/2.0" 200 3061 "-" "Mozilla/5.0 AppleWebKit/537.36 (KHTML, like Gecko; compatible; GPTBot/1.2; +https://openai.com/gptbot)" 147 **0/147123**
216.73.216.119 - - [16/Sep/2025:06:04:54 -0700] "GET /market2816634902?kg=2813655280 HTTP/2.0" 200 4159 "-" "Mozilla/5.0 AppleWebKit/537.36 (KHTML, like Gecko; compatible; ClaudeBot/1.0; +claudebot@anthropic.com)" 154 **0/154723**
144.76.19.146 - - [16/Sep/2025:06:04:55 -0700] "GET /1win-vhod-343/?fileloc=/home/griievz70lba/public_html/fragnancestories.com/wp-mail.php&path=/home/griievz70lba/public_html/fragnancestories.com HTTP/1.1" 200 5605 "-" "Mozilla/5.0 (compatible; BLEXBot/1.0; +https://help.seranking.com/en/blex-crawler)" 153 **0/153659**
20.171.207.255 - - [16/Sep/2025:06:04:56 -0700] "GET /optimisez-vos-gains-grace-aux-probabilites-au-vave-casino/?path=//proc/self/root/proc/thread-self/root/proc/thread-self/root/proc/self/root/proc/thread-self/root/proc/self/root/proc/thread-self/root/proc/thread-self/cwd/wp-content/plugins/wordpress-seo-premium/classes HTTP/2.0" 200 4862 "-" "Mozilla/5.0 AppleWebKit/537.36 (KHTML, like Gecko; compatible; GPTBot/1.2; +https://openai.com/gptbot)" 143 **0/143031**
216.73.216.119 - - [16/Sep/2025:06:04:57 -0700] "GET /market2161483205?kg=2159196866 HTTP/2.0" 200 4159 "-" "Mozilla/5.0 AppleWebKit/537.36 (KHTML, like Gecko; compatible; ClaudeBot/1.0; +claudebot@anthropic.com)" 140 **0/140160**
93.177.119.92 - - [16/Sep/2025:06:04:59 -0700] "GET /promo-code-verde-casino-la-tua-destinazione-16/ HTTP/1.1" 200 4159 "-" "Mozilla/5.0 (Windows NT 10.0; Win64; x64; Xbox; Xbox One) AppleWebKit/537.36 (KHTML, like Gecko) Chrome/114.0.0.0 Safari/537.36 Edge/44.18363.8131" 141 **0/141097**
20.171.207.255 - - [16/Sep/2025:06:04:59 -0700] "GET /optimisez-vos-gains-grace-aux-probabilites-au-vave-casino/?path=//proc/self/root/proc/thread-self/root/proc/thread-self/root/proc/self/root/proc/thread-self/root/proc/self/root/proc/thread-self/root/proc/thread-self/cwd/wp-content/plugins/woodmart-core/vendor HTTP/2.0" 200 3153 "-" "Mozilla/5.0 AppleWebKit/537.36 (KHTML, like Gecko; compatible; GPTBot/1.2; +https://openai.com/gptbot)" 160 **0/160965**
216.73.216.119 - - [16/Sep/2025:06:05:00 -0700] "GET /market2495042097?kg=2492402786 HTTP/2.0" 200 4159 "-" "Mozilla/5.0 AppleWebKit/537.36 (KHTML, like Gecko; compatible; ClaudeBot/1.0; +claudebot@anthropic.com)" 163 **0/163947**
20.171.207.255 - - [16/Sep/2025:06:05:03 -0700] "GET /optimisez-vos-gains-grace-aux-probabilites-au-vave-casino/?path=//proc/self/root/proc/thread-self/root/proc/thread-self/root/proc/self/root/proc/thread-self/root/proc/self/root/proc/thread-self/root/proc/thread-self/cwd/wp-content/plugins/wordpress-seo-premium/src/actions HTTP/2.0" 200 3301 "-" "Mozilla/5.0 AppleWebKit/537.36 (KHTML, like Gecko; compatible; GPTBot/1.2; +https://openai.com/gptbot)" 213 **0/213936**
216.73.216.119 - - [16/Sep/2025:06:05:03 -0700] "GET /market1458259117?kg=1456716930 HTTP/2.0" 200 4159 "-" "Mozilla/5.0 AppleWebKit/537.36 (KHTML, like Gecko; compatible; ClaudeBot/1.0; +claudebot@anthropic.com)" 170 **0/170417**
20.171.207.255 - - [16/Sep/2025:06:05:06 -0700] "GET /optimisez-vos-gains-grace-aux-probabilites-au-vave-casino/?path=//proc/self/root/proc/thread-self/root/proc/thread-self/root/proc/self/root/proc/thread-self/root/proc/self/root/proc/thread-self/root/proc/thread-self/cwd/wp-content/plugins/wordpress-seo-premium/src/ai-suggestions-postprocessor/domain HTTP/2.0" 200 3123 "-" "Mozilla/5.0 AppleWebKit/537.36 (KHTML, like Gecko; compatible; GPTBot/1.2; +https://openai.com/gptbot)" 157 **0/157056**
216.73.216.119 - - [16/Sep/2025:06:05:06 -0700] "GET /market473060289?kg=0472560642 HTTP/2.0" 200 4159 "-" "Mozilla/5.0 AppleWebKit/537.36 (KHTML, like Gecko; compatible; ClaudeBot/1.0; +claudebot@anthropic.com)" 157 **0/157076**
20.171.207.255 - - [16/Sep/2025:06:05:09 -0700] "GET /optimisez-vos-gains-grace-aux-probabilites-au-vave-casino/?path=//proc/self/root/proc/thread-self/root/proc/thread-self/root/proc/self/root/proc/thread-self/root/proc/self/root/proc/thread-self/root/proc/thread-self/cwd/wp-content/plugins/woocommerce/assets/images/icons HTTP/2.0" 200 3851 "-" "Mozilla/5.0 AppleWebKit/537.36 (KHTML, like Gecko; compatible; GPTBot/1.2; +https://openai.com/gptbot)" 153 **0/153922**
216.73.216.119 - - [16/Sep/2025:06:05:09 -0700] "GET /market199847254?kg=0199636720 HTTP/2.0" 200 4159 "-" "Mozilla/5.0 AppleWebKit/537.36 (KHTML, like Gecko; compatible; ClaudeBot/1.0; +claudebot@anthropic.com)" 155 **0/155529**
196.207.227.42 - - [16/Sep/2025:06:05:11 -0700] "GET /1win-kazino-783/?fileloc=%2Fhome%2Fgriievz70lba%2Fpublic_html%2Ffragnancestories.com%2Fwp-cron.php&path=%2Fhome%2Fgriievz70lba%2Fpublic_html%2Ffragnancestories.com HTTP/2.0" 200 4613 "-" "Mozilla/5.0 (Linux; Android 6.0; Nexus 5 Build/MRA58N) AppleWebKit/537.36 (KHTML, like Gecko) Chrome/60.0.2613.1450 Mobile Safari/537.36" 162 **0/162835**
216.73.216.119 - - [16/Sep/2025:06:05:12 -0700] "GET /market473261527?kg=0472761666 HTTP/2.0" 403 4159 "-" "Mozilla/5.0 AppleWebKit/537.36 (KHTML, like Gecko; compatible; ClaudeBot/1.0; +claudebot@anthropic.com)" 156 **0/156453**
20.171.207.255 - - [16/Sep/2025:06:05:12 -0700] "GET /optimisez-vos-gains-grace-aux-probabilites-au-vave-casino/?fileloc=//proc/self/root/proc/thread-self/root/proc/thread-self/root/proc/self/root/proc/thread-self/root/proc/self/root/proc/thread-self/root/proc/thread-self/cwd/wp-content/plugins/wordpress-seo-premium/classes/premium-javascript-strings.php&path=//proc/self/root/proc/thread-self/root/proc/thread-self/root/proc/self/root/proc/thread-self/root/proc/self/root/proc/thread-self/root/proc/thread-self/cwd/wp-content/plugins/wordpress-seo-premium/classes HTTP/2.0" 200 3541 "-" "Mozilla/5.0 AppleWebKit/537.36 (KHTML, like Gecko; compatible; GPTBot/1.2; +https://openai.com/gptbot)" 159 **0/159163**
216.73.216.119 - - [16/Sep/2025:06:05:15 -0700] "GET /market2346534624?kg=2344052464 HTTP/2.0" 403 4159 "-" "Mozilla/5.0 AppleWebKit/537.36 (KHTML, like Gecko; compatible; ClaudeBot/1.0; +claudebot@anthropic.com)" 160 **0/160972**
20.171.207.255 - - [16/Sep/2025:06:05:15 -0700] "GET /optimisez-vos-gains-grace-aux-probabilites-au-vave-casino/?path=//proc/self/root/proc/thread-self/root/proc/thread-self/root/proc/self/root/proc/thread-self/root/proc/self/root/proc/thread-self/root/proc/thread-self/cwd/wp-content/plugins/wordpress-seo/src/editors/framework/integrations HTTP/2.0" 200 3370 "-" "Mozilla/5.0 AppleWebKit/537.36 (KHTML, like Gecko; compatible; GPTBot/1.2; +https://openai.com/gptbot)" 155 **0/155587**
119.28.134.155 - - [16/Sep/2025:06:05:17 -0700] "GET /gg-bet-polska-791/ HTTP/1.1" 200 4159 "-" "Mozilla/5.0 (Windows NT 10.0; Win64; x64) AppleWebKit/537.36 (KHTML, like Gecko) Chrome/117.0.0.0 Safari/537.36" 147 **0/147014**
216.73.216.119 - - [16/Sep/2025:06:05:18 -0700] "GET /market2346802716?kg=2344320272 HTTP/2.0" 403 4159 "-" "Mozilla/5.0 AppleWebKit/537.36 (KHTML, like Gecko; compatible; ClaudeBot/1.0; +claudebot@anthropic.com)" 149 **0/149967**
20.171.207.255 - - [16/Sep/2025:06:05:18 -0700] "GET /optimisez-vos-gains-grace-aux-probabilites-au-vave-casino/?fileloc=//proc/self/root/proc/thread-self/root/proc/thread-self/root/proc/self/root/proc/thread-self/root/proc/self/root/proc/thread-self/root/proc/thread-self/cwd/wp-content/plugins/wordpress-seo-premium/classes/premium-expose-shortlinks.php&path=//proc/self/root/proc/thread-self/root/proc/thread-self/root/proc/self/root/proc/thread-self/root/proc/self/root/proc/thread-self/root/proc/thread-self/cwd/wp-content/plugins/wordpress-seo-premium/classes HTTP/2.0" 200 3080 "-" "Mozilla/5.0 AppleWebKit/537.36 (KHTML, like Gecko; compatible; GPTBot/1.2; +https://openai.com/gptbot)" 144 **0/144528**
216.73.216.119 - - [16/Sep/2025:06:05:21 -0700] "GET /market1458134121?kg=1456592066 HTTP/2.0" 403 4159 "-" "Mozilla/5.0 AppleWebKit/537.36 (KHTML, like Gecko; compatible; ClaudeBot/1.0; +claudebot@anthropic.com)" 150 **0/150731**
20.171.207.255 - - [16/Sep/2025:06:05:21 -0700] "GET /optimisez-vos-gains-grace-aux-probabilites-au-vave-casino/?fileloc=//proc/self/root/proc/thread-self/root/proc/thread-self/root/proc/self/root/proc/thread-self/root/proc/self/root/proc/thread-self/root/proc/thread-self/cwd/wp-content/plugins/wordpress-seo-premium/classes/premium-redirect-service.php&path=//proc/self/root/proc/thread-self/root/proc/thread-self/root/proc/self/root/proc/thread-self/root/proc/self/root/proc/thread-self/root/proc/thread-self/cwd/wp-content/plugins/wordpress-seo-premium/classes HTTP/2.0" 200 3393 "-" "Mozilla/5.0 AppleWebKit/537.36 (KHTML, like Gecko; compatible; GPTBot/1.2; +https://openai.com/gptbot)" 150 **0/150971**
216.73.216.119 - - [16/Sep/2025:06:05:24 -0700] "GET /market2816423591?kg=2813444194 HTTP/2.0" 403 4159 "-" "Mozilla/5.0 AppleWebKit/537.36 (KHTML, like Gecko; compatible; ClaudeBot/1.0; +claudebot@anthropic.com)" 157 **0/157076**
20.171.207.255 - - [16/Sep/2025:06:05:25 -0700] "GET /optimisez-vos-gains-grace-aux-probabilites-au-vave-casino/?fileloc=//proc/self/root/proc/thread-self/root/proc/thread-self/root/proc/self/root/proc/thread-self/root/proc/self/root/proc/thread-self/root/proc/thread-self/cwd/wp-content/plugins/wordpress-seo-premium/classes/premium-redirect-export-manager.php&path=//proc/self/root/proc/thread-self/root/proc/thread-self/root/proc/self/root/proc/thread-self/root/proc/self/root/proc/thread-self/root/proc/thread-self/cwd/wp-content/plugins/wordpress-seo-premium/classes HTTP/2.0" 200 4095 "-" "Mozilla/5.0 AppleWebKit/537.36 (KHTML, like Gecko; compatible; GPTBot/1.2; +https://openai.com/gptbot)" 151 **0/151178**
216.73.216.119 - - [16/Sep/2025:06:05:27 -0700] "GET /market473666019?kg=0473165730 HTTP/2.0" 403 4159 "-" "Mozilla/5.0 AppleWebKit/537.36 (KHTML, like Gecko; compatible; ClaudeBot/1.0; +claudebot@anthropic.com)" 144 **0/144494**
20.171.207.255 - - [16/Sep/2025:06:05:28 -0700] "GET /optimisez-vos-gains-grace-aux-probabilites-au-vave-casino/?fileloc=//proc/self/root/proc/thread-self/root/proc/thread-self/root/proc/self/root/proc/thread-self/root/proc/self/root/proc/thread-self/root/proc/thread-self/cwd/wp-content/plugins/wordpress-seo-premium/classes/premium-redirect-endpoint.php&path=//proc/self/root/proc/thread-self/root/proc/thread-self/root/proc/self/root/proc/thread-self/root/proc/self/root/proc/thread-self/root/proc/thread-self/cwd/wp-content/plugins/wordpress-seo-premium/classes HTTP/2.0" 200 3449 "-" "Mozilla/5.0 AppleWebKit/537.36 (KHTML, like Gecko; compatible; GPTBot/1.2; +https://openai.com/gptbot)" 152 **0/152078**
144.76.19.146 - - [16/Sep/2025:06:05:28 -0700] "GET /1win-vhod-437/?fileloc=/home/griievz70lba/public_html/fragnancestories.com/license.txt&path=/home/griievz70lba/public_html/fragnancestories.com HTTP/1.1" 200 9858 "-" "Mozilla/5.0 (compatible; BLEXBot/1.0; +https://help.seranking.com/en/blex-crawler)" 156 **0/156522**
216.73.216.119 - - [16/Sep/2025:06:05:30 -0700] "GET /market199878326?kg=0199667760 HTTP/2.0" 403 4159 "-" "Mozilla/5.0 AppleWebKit/537.36 (KHTML, like Gecko; compatible; ClaudeBot/1.0; +claudebot@anthropic.com)" 146 **0/146871**
20.171.207.255 - - [16/Sep/2025:06:05:31 -0700] "GET /optimisez-vos-gains-grace-aux-probabilites-au-vave-casino/?fileloc=//proc/self/root/proc/thread-self/root/proc/thread-self/root/proc/self/root/proc/thread-self/root/proc/self/root/proc/thread-self/root/proc/thread-self/cwd/wp-content/plugins/wordpress-seo-premium/classes/redirect-undo-endpoint.php&path=//proc/self/root/proc/thread-self/root/proc/thread-self/root/proc/self/root/proc/thread-self/root/proc/self/root/proc/thread-self/root/proc/thread-self/cwd/wp-content/plugins/wordpress-seo-premium/classes HTTP/2.0" 200 4021 "-" "Mozilla/5.0 AppleWebKit/537.36 (KHTML, like Gecko; compatible; GPTBot/1.2; +https://openai.com/gptbot)" 141 **0/141453**
216.73.216.119 - - [16/Sep/2025:06:05:33 -0700] "GET /market1492467475?kg=1490889090 HTTP/2.0" 403 4159 "-" "Mozilla/5.0 AppleWebKit/537.36 (KHTML, like Gecko; compatible; ClaudeBot/1.0; +claudebot@anthropic.com)" 166 **0/166667**
77.128.57.87 - - [16/Sep/2025:06:05:34 -0700] "GET /1win-casino-666/?path=%2Fhome%2Fgriievz70lba%2Fpublic_html%2Ffragnancestories.com%2Fcache HTTP/2.0" 200 3054 "-" "Mozilla/5.0 (iPhone; CPU iPhone OS 11_0 like Mac OS X) AppleWebKit/537.36 (KHTML, like Gecko) Chrome/40.0.6384.1517 Mobile Safari/537.36" 151 **0/151839**
20.171.207.255 - - [16/Sep/2025:06:05:34 -0700] "GET /optimisez-vos-gains-grace-aux-probabilites-au-vave-casino/?path=//proc/self/root/proc/thread-self/root/proc/thread-self/root/proc/self/root/proc/thread-self/root/proc/self/root/proc/thread-self/root/proc/thread-self/cwd/wp-content/plugins/wordpress-seo-premium/classes/redirect HTTP/2.0" 200 4094 "-" "Mozilla/5.0 AppleWebKit/537.36 (KHTML, like Gecko; compatible; GPTBot/1.2; +https://openai.com/gptbot)" 149 **0/149950**
216.73.216.119 - - [16/Sep/2025:06:05:36 -0700] "GET /market1458545243?kg=1457002754 HTTP/2.0" 403 4159 "-" "Mozilla/5.0 AppleWebKit/537.36 (KHTML, like Gecko; compatible; ClaudeBot/1.0; +claudebot@anthropic.com)" 154 **0/154234**
20.171.207.255 - - [16/Sep/2025:06:05:37 -0700] "GET /optimisez-vos-gains-grace-aux-probabilites-au-vave-casino/?path=//proc/self/root/proc/thread-self/root/proc/thread-self/root/proc/self/root/proc/thread-self/root/proc/self/root/proc/thread-self/root/proc/thread-self/cwd/wp-content/plugins/wordpress-seo-premium/classes/export HTTP/2.0" 200 3357 "-" "Mozilla/5.0 AppleWebKit/537.36 (KHTML, like Gecko; compatible; GPTBot/1.2; +https://openai.com/gptbot)" 164 **0/164602**
216.73.216.119 - - [16/Sep/2025:06:05:39 -0700] "GET /market2485457139?kg=2482827970 HTTP/2.0" 403 4159 "-" "Mozilla/5.0 AppleWebKit/537.36 (KHTML, like Gecko; compatible; ClaudeBot/1.0; +claudebot@anthropic.com)" 155 **0/155520**
20.171.207.255 - - [16/Sep/2025:06:05:40 -0700] "GET /optimisez-vos-gains-grace-aux-probabilites-au-vave-casino/?fileloc=//proc/self/root/proc/thread-self/root/proc/thread-self/root/proc/self/root/proc/thread-self/root/proc/self/root/proc/thread-self/root/proc/thread-self/cwd/wp-content/plugins/wordpress-seo-premium/classes/premium-redirect-option.php&path=//proc/self/root/proc/thread-self/root/proc/thread-self/root/proc/self/root/proc/thread-self/root/proc/self/root/proc/thread-self/root/proc/thread-self/cwd/wp-content/plugins/wordpress-seo-premium/classes HTTP/2.0" 200 3388 "-" "Mozilla/5.0 AppleWebKit/537.36 (KHTML, like Gecko; compatible; GPTBot/1.2; +https://openai.com/gptbot)" 153 **0/153989**
20.171.207.255 - - [16/Sep/2025:06:05:44 -0700] "GET /optimisez-vos-gains-grace-aux-probabilites-au-vave-casino/?path=//proc/self/root/proc/thread-self/root/proc/thread-self/root/proc/self/root/proc/thread-self/root/proc/self/root/proc/thread-self/root/proc/thread-self/cwd/wp-content/plugins/woodmart-core/vendor/composer HTTP/2.0" 200 3401 "-" "Mozilla/5.0 AppleWebKit/537.36 (KHTML, like Gecko; compatible; GPTBot/1.2; +https://openai.com/gptbot)" 152 **0/152890**
216.73.216.119 - - [16/Sep/2025:06:05:44 -0700] "GET /market2485322917?kg=2482693890 HTTP/2.0" 403 4159 "-" "Mozilla/5.0 AppleWebKit/537.36 (KHTML, like Gecko; compatible; ClaudeBot/1.0; +claudebot@anthropic.com)" 153 **0/153575**
20.171.207.255 - - [16/Sep/2025:06:05:47 -0700] "GET /optimisez-vos-gains-grace-aux-probabilites-au-vave-casino/?path=//proc/self/root/proc/thread-self/root/proc/thread-self/root/proc/self/root/proc/thread-self/root/proc/self/root/proc/thread-self/root/proc/thread-self/cwd/wp-content/plugins/woodmart-core/vendor/opauth HTTP/2.0" 200 3270 "-" "Mozilla/5.0 AppleWebKit/537.36 (KHTML, like Gecko; compatible; GPTBot/1.2; +https://openai.com/gptbot)" 156 **0/156652**
216.73.216.119 - - [16/Sep/2025:06:05:47 -0700] "GET /market2485600073?kg=2482970754 HTTP/2.0" 403 4159 "-" "Mozilla/5.0 AppleWebKit/537.36 (KHTML, like Gecko; compatible; ClaudeBot/1.0; +claudebot@anthropic.com)" 143 **0/143767**
20.171.207.255 - - [16/Sep/2025:06:05:50 -0700] "GET /optimisez-vos-gains-grace-aux-probabilites-au-vave-casino/?fileloc=//proc/self/root/proc/thread-self/root/proc/thread-self/root/proc/self/root/proc/thread-self/root/proc/self/root/proc/thread-self/root/proc/thread-self/cwd/wp-content/plugins/wordpress-seo-premium/classes/redirect/.htaccess&path=//proc/self/root/proc/thread-self/root/proc/thread-self/root/proc/self/root/proc/thread-self/root/proc/self/root/proc/thread-self/root/proc/thread-self/cwd/wp-content/plugins/wordpress-seo-premium/classes/redirect HTTP/2.0" 200 2656 "-" "Mozilla/5.0 AppleWebKit/537.36 (KHTML, like Gecko; compatible; GPTBot/1.2; +https://openai.com/gptbot)" 151 **0/151077**
216.73.216.119 - - [16/Sep/2025:06:05:50 -0700] "GET /market2485320707?kg=2482691682 HTTP/2.0" 403 4159 "-" "Mozilla/5.0 AppleWebKit/537.36 (KHTML, like Gecko; compatible; ClaudeBot/1.0; +claudebot@anthropic.com)" 154 **0/154499**
216.73.216.119 - - [16/Sep/2025:06:05:53 -0700] "GET /market2485614600?kg=2482985264 HTTP/2.0" 200 4159 "-" "Mozilla/5.0 AppleWebKit/537.36 (KHTML, like Gecko; compatible; ClaudeBot/1.0; +claudebot@anthropic.com)" 144 **0/144531**
20.171.207.255 - - [16/Sep/2025:06:05:53 -0700] "GET /optimisez-vos-gains-grace-aux-probabilites-au-vave-casino/?path=//proc/self/root/proc/thread-self/root/proc/thread-self/root/proc/self/root/proc/thread-self/root/proc/self/root/proc/thread-self/root/proc/thread-self/cwd/wp-content/plugins/wordpress-seo/src/editors/application/seo HTTP/2.0" 200 3126 "-" "Mozilla/5.0 AppleWebKit/537.36 (KHTML, like Gecko; compatible; GPTBot/1.2; +https://openai.com/gptbot)" 142 **0/142478**
216.73.216.119 - - [16/Sep/2025:06:05:56 -0700] "GET /market2485742062?kg=2483112592 HTTP/2.0" 200 4159 "-" "Mozilla/5.0 AppleWebKit/537.36 (KHTML, like Gecko; compatible; ClaudeBot/1.0; +claudebot@anthropic.com)" 144 **0/144644**
20.171.207.255 - - [16/Sep/2025:06:05:56 -0700] "GET /optimisez-vos-gains-grace-aux-probabilites-au-vave-casino/?fileloc=//proc/self/root/proc/thread-self/root/proc/thread-self/root/proc/self/root/proc/thread-self/root/proc/self/root/proc/thread-self/root/proc/thread-self/cwd/wp-content/plugins/wordpress-seo-premium/classes/redirect/redirect-upgrade.php&path=//proc/self/root/proc/thread-self/root/proc/thread-self/root/proc/self/root/proc/thread-self/root/proc/self/root/proc/thread-self/root/proc/thread-self/cwd/wp-content/plugins/wordpress-seo-premium/classes/redirect HTTP/2.0" 200 3847 "-" "Mozilla/5.0 AppleWebKit/537.36 (KHTML, like Gecko; compatible; GPTBot/1.2; +https://openai.com/gptbot)" 139 **0/139175**
216.73.216.119 - - [16/Sep/2025:06:05:59 -0700] "GET /market2485530753?kg=2482901506 HTTP/2.0" 200 4159 "-" "Mozilla/5.0 AppleWebKit/537.36 (KHTML, like Gecko; compatible; ClaudeBot/1.0; +claudebot@anthropic.com)" 151 **0/151457**
20.171.207.255 - - [16/Sep/2025:06:05:59 -0700] "GET /optimisez-vos-gains-grace-aux-probabilites-au-vave-casino/?fileloc=//proc/self/root/proc/thread-self/root/proc/thread-self/root/proc/self/root/proc/thread-self/root/proc/self/root/proc/thread-self/root/proc/thread-self/cwd/wp-content/plugins/wordpress-seo-premium/classes/redirect/redirect-manager.php&path=//proc/self/root/proc/thread-self/root/proc/thread-self/root/proc/self/root/proc/thread-self/root/proc/self/root/proc/thread-self/root/proc/thread-self/cwd/wp-content/plugins/wordpress-seo-premium/classes/redirect HTTP/2.0" 200 3868 "-" "Mozilla/5.0 AppleWebKit/537.36 (KHTML, like Gecko; compatible; GPTBot/1.2; +https://openai.com/gptbot)" 149 **0/149921**
131.196.96.205 - - [16/Sep/2025:06:06:00 -0700] "GET /tag/20-bet-casino/page/6/?path=%2Fhome%2Fgriievz70lba%2Fpublic_html%2Ffragnancestories.com%2F.tmb HTTP/2.0" 200 2561 "-" "Mozilla/5.0 (Linux; Android 6.0; Nexus 5 Build/MRA58N) AppleWebKit/537.36 (KHTML, like Gecko) Chrome/47.0.7787.1768 Mobile Safari/537.36" 163 **0/163094**
144.76.19.146 - - [16/Sep/2025:06:06:02 -0700] "GET /1win-vhod-437/?fileloc=/home/griievz70lba/public_html/fragnancestories.com/readme.html&path=/home/griievz70lba/public_html/fragnancestories.com HTTP/1.1" 200 5556 "-" "Mozilla/5.0 (compatible; BLEXBot/1.0; +https://help.seranking.com/en/blex-crawler)" 150 **0/150004**
216.73.216.119 - - [16/Sep/2025:06:06:02 -0700] "GET /market2485730722?kg=2483101264 HTTP/2.0" 200 4159 "-" "Mozilla/5.0 AppleWebKit/537.36 (KHTML, like Gecko; compatible; ClaudeBot/1.0; +claudebot@anthropic.com)" 144 **0/144973**
20.171.207.255 - - [16/Sep/2025:06:06:02 -0700] "GET /optimisez-vos-gains-grace-aux-probabilites-au-vave-casino/?fileloc=//proc/self/root/proc/thread-self/root/proc/thread-self/root/proc/self/root/proc/thread-self/root/proc/self/root/proc/thread-self/root/proc/thread-self/cwd/wp-content/plugins/wordpress-seo-premium/classes/redirect/redirect-formats.php&path=//proc/self/root/proc/thread-self/root/proc/thread-self/root/proc/self/root/proc/thread-self/root/proc/self/root/proc/thread-self/root/proc/thread-self/cwd/wp-content/plugins/wordpress-seo-premium/classes/redirect HTTP/2.0" 200 3029 "-" "Mozilla/5.0 AppleWebKit/537.36 (KHTML, like Gecko; compatible; GPTBot/1.2; +https://openai.com/gptbot)" 147 **0/147046**
216.73.216.119 - - [16/Sep/2025:06:06:05 -0700] "GET /market2485301660?kg=2482672656 HTTP/2.0" 200 4159 "-" "Mozilla/5.0 AppleWebKit/537.36 (KHTML, like Gecko; compatible; ClaudeBot/1.0; +claudebot@anthropic.com)" 135 **0/135882**
20.171.207.255 - - [16/Sep/2025:06:06:05 -0700] "GET /optimisez-vos-gains-grace-aux-probabilites-au-vave-casino/?fileloc=//proc/self/root/proc/thread-self/root/proc/thread-self/root/proc/self/root/proc/thread-self/root/proc/self/root/proc/thread-self/root/proc/thread-self/cwd/wp-content/plugins/wordpress-seo-premium/classes/redirect/redirect-importer.php&path=//proc/self/root/proc/thread-self/root/proc/thread-self/root/proc/self/root/proc/thread-self/root/proc/self/root/proc/thread-self/root/proc/thread-self/cwd/wp-content/plugins/wordpress-seo-premium/classes/redirect HTTP/2.0" 200 3331 "-" "Mozilla/5.0 AppleWebKit/537.36 (KHTML, like Gecko; compatible; GPTBot/1.2; +https://openai.com/gptbot)" 139 **0/139630**
216.73.216.119 - - [16/Sep/2025:06:06:08 -0700] "GET /market2485500654?kg=2482871440 HTTP/2.0" 200 4159 "-" "Mozilla/5.0 AppleWebKit/537.36 (KHTML, like Gecko; compatible; ClaudeBot/1.0; +claudebot@anthropic.com)" 149 **0/149347**
20.171.207.255 - - [16/Sep/2025:06:06:08 -0700] "GET /optimisez-vos-gains-grace-aux-probabilites-au-vave-casino/?fileloc=//proc/self/root/proc/thread-self/root/proc/thread-self/root/proc/self/root/proc/thread-self/root/proc/self/root/proc/thread-self/root/proc/thread-self/cwd/wp-content/plugins/wordpress-seo-premium/classes/redirect/redirect-option.php&path=//proc/self/root/proc/thread-self/root/proc/thread-self/root/proc/self/root/proc/thread-self/root/proc/self/root/proc/thread-self/root/proc/thread-self/cwd/wp-content/plugins/wordpress-seo-premium/classes/redirect HTTP/2.0" 200 4335 "-" "Mozilla/5.0 AppleWebKit/537.36 (KHTML, like Gecko; compatible; GPTBot/1.2; +https://openai.com/gptbot)" 137 **0/137810**
216.73.216.119 - - [16/Sep/2025:06:06:11 -0700] "GET /market2485568873?kg=2482939586 HTTP/2.0" 200 4159 "-" "Mozilla/5.0 AppleWebKit/537.36 (KHTML, like Gecko; compatible; ClaudeBot/1.0; +claudebot@anthropic.com)" 140 **0/140546**
20.171.207.255 - - [16/Sep/2025:06:06:12 -0700] "GET /optimisez-vos-gains-grace-aux-probabilites-au-vave-casino/?fileloc=//proc/self/root/proc/thread-self/root/proc/thread-self/root/proc/self/root/proc/thread-self/root/proc/self/root/proc/thread-self/root/proc/thread-self/cwd/wp-content/plugins/wordpress-seo-premium/classes/redirect/redirect-import-exception.php&path=//proc/self/root/proc/thread-self/root/proc/thread-self/root/proc/self/root/proc/thread-self/root/proc/self/root/proc/thread-self/root/proc/thread-self/cwd/wp-content/plugins/wordpress-seo-premium/classes/redirect HTTP/2.0" 200 2756 "-" "Mozilla/5.0 AppleWebKit/537.36 (KHTML, like Gecko; compatible; GPTBot/1.2; +https://openai.com/gptbot)" 138 **0/138317**
216.73.216.119 - - [16/Sep/2025:06:06:14 -0700] "GET /market2485501601?kg=2482872386 HTTP/2.0" 200 4159 "-" "Mozilla/5.0 AppleWebKit/537.36 (KHTML, like Gecko; compatible; ClaudeBot/1.0; +claudebot@anthropic.com)" 155 **0/155151**
20.171.207.255 - - [16/Sep/2025:06:06:15 -0700] "GET /optimisez-vos-gains-grace-aux-probabilites-au-vave-casino/?fileloc=//proc/self/root/proc/thread-self/root/proc/thread-self/root/proc/self/root/proc/thread-self/root/proc/self/root/proc/thread-self/root/proc/thread-self/cwd/wp-content/plugins/wordpress-seo-premium/classes/redirect/executable-redirect.php&path=//proc/self/root/proc/thread-self/root/proc/thread-self/root/proc/self/root/proc/thread-self/root/proc/self/root/proc/thread-self/root/proc/thread-self/cwd/wp-content/plugins/wordpress-seo-premium/classes/redirect HTTP/2.0" 200 3218 "-" "Mozilla/5.0 AppleWebKit/537.36 (KHTML, like Gecko; compatible; GPTBot/1.2; +https://openai.com/gptbot)" 165 **0/165170**
216.73.216.119 - - [16/Sep/2025:06:06:17 -0700] "GET /market2485550773?kg=2482921506 HTTP/2.0" 200 4159 "-" "Mozilla/5.0 AppleWebKit/537.36 (KHTML, like Gecko; compatible; ClaudeBot/1.0; +claudebot@anthropic.com)" 138 **0/138310**
20.171.207.255 - - [16/Sep/2025:06:06:18 -0700] "GET /optimisez-vos-gains-grace-aux-probabilites-au-vave-casino/?fileloc=//proc/self/root/proc/thread-self/root/proc/thread-self/root/proc/self/root/proc/thread-self/root/proc/self/root/proc/thread-self/root/proc/thread-self/cwd/wp-content/plugins/wordpress-seo-premium/classes/redirect/redirect-htaccess-util.php&path=//proc/self/root/proc/thread-self/root/proc/thread-self/root/proc/self/root/proc/thread-self/root/proc/self/root/proc/thread-self/root/proc/thread-self/cwd/wp-content/plugins/wordpress-seo-premium/classes/redirect HTTP/2.0" 200 3139 "-" "Mozilla/5.0 AppleWebKit/537.36 (KHTML, like Gecko; compatible; GPTBot/1.2; +https://openai.com/gptbot)" 141 **0/141075**
216.73.216.119 - - [16/Sep/2025:06:06:20 -0700] "GET /market2485560878?kg=2482931600 HTTP/2.0" 200 4159 "-" "Mozilla/5.0 AppleWebKit/537.36 (KHTML, like Gecko; compatible; ClaudeBot/1.0; +claudebot@anthropic.com)" 151 **0/151000**
20.171.207.255 - - [16/Sep/2025:06:06:21 -0700] "GET /optimisez-vos-gains-grace-aux-probabilites-au-vave-casino/?fileloc=//proc/self/root/proc/thread-self/root/proc/thread-self/root/proc/self/root/proc/thread-self/root/proc/self/root/proc/thread-self/root/proc/thread-self/cwd/wp-content/plugins/wordpress-seo-premium/classes/redirect/redirect-table.php&path=//proc/self/root/proc/thread-self/root/proc/thread-self/root/proc/self/root/proc/thread-self/root/proc/self/root/proc/thread-self/root/proc/thread-self/cwd/wp-content/plugins/wordpress-seo-premium/classes/redirect HTTP/2.0" 200 6597 "-" "Mozilla/5.0 AppleWebKit/537.36 (KHTML, like Gecko; compatible; GPTBot/1.2; +https://openai.com/gptbot)" 152 **0/152649**
196.235.157.212 - - [16/Sep/2025:06:06:23 -0700] "GET /category/casinobethall-de-de/?fileloc=%2Fhome%2Fgriievz70lba%2Fpublic_html%2Ffragnancestories.com%2Fxmlrpc.php&path=%2Fhome%2Fgriievz70lba%2Fpublic_html%2Ffragnancestories.com HTTP/2.0" 200 3946 "-" "Mozilla/5.0 (Linux; Android 8.0; Pixel 2 Build/OPD3.170816.012) AppleWebKit/537.36 (KHTML, like Gecko) Chrome/60.0.8748.1653 Mobile Safari/537.36" 154 **0/154846**
216.73.216.119 - - [16/Sep/2025:06:06:23 -0700] "GET /market2485521911?kg=2482892674 HTTP/2.0" 200 4159 "-" "Mozilla/5.0 AppleWebKit/537.36 (KHTML, like Gecko; compatible; ClaudeBot/1.0; +claudebot@anthropic.com)" 161 **0/161884**
20.171.207.255 - - [16/Sep/2025:06:06:24 -0700] "GET /optimisez-vos-gains-grace-aux-probabilites-au-vave-casino/?fileloc=//proc/self/root/proc/thread-self/root/proc/thread-self/root/proc/self/root/proc/thread-self/root/proc/self/root/proc/thread-self/root/proc/thread-self/cwd/wp-content/plugins/wordpress-seo-premium/classes/redirect/redirect-validator.php&path=//proc/self/root/proc/thread-self/root/proc/thread-self/root/proc/self/root/proc/thread-self/root/proc/self/root/proc/thread-self/root/proc/thread-self/cwd/wp-content/plugins/wordpress-seo-premium/classes/redirect HTTP/2.0" 200 3840 "-" "Mozilla/5.0 AppleWebKit/537.36 (KHTML, like Gecko; compatible; GPTBot/1.2; +https://openai.com/gptbot)" 145 **0/145394**
216.73.216.119 - - [16/Sep/2025:06:06:26 -0700] "GET /market2485531984?kg=2482902736 HTTP/2.0" 200 4159 "-" "Mozilla/5.0 AppleWebKit/537.36 (KHTML, like Gecko; compatible; ClaudeBot/1.0; +claudebot@anthropic.com)" 137 **0/137181**
