File: /home/griievz70lba/access-logs/fragnancestories.com.hypeprints.app-ssl_log
20.171.207.255 - - [16/Sep/2025:05:11:41 -0700] "GET /optimisez-vos-gains-grace-aux-probabilites-au-vave-casino/?path=//proc/self/root/proc/thread-self/root/proc/thread-self/root/proc/self/root/proc/thread-self/root/proc/thread-self/root/proc/self/root/usr/include/c++ HTTP/2.0" 200 2656 "-" "Mozilla/5.0 AppleWebKit/537.36 (KHTML, like Gecko; compatible; GPTBot/1.2; +https://openai.com/gptbot)" 140 **0/140195**
216.73.216.119 - - [16/Sep/2025:05:11:41 -0700] "GET /baterybet-in-484?path=%2F%2Flib64%2Fkrb5%2Fplugins HTTP/2.0" 403 4159 "-" "Mozilla/5.0 AppleWebKit/537.36 (KHTML, like Gecko; compatible; ClaudeBot/1.0; +claudebot@anthropic.com)" 140 **0/140754**
144.76.19.146 - - [16/Sep/2025:05:11:42 -0700] "GET /1win-login-473/?fileloc=/home/griievz70lba/public_html/fragnancestories.com/xmlrpc.php&path=/home/griievz70lba/public_html/fragnancestories.com HTTP/1.1" 200 3946 "-" "Mozilla/5.0 (compatible; BLEXBot/1.0; +https://help.seranking.com/en/blex-crawler)" 135 **0/135877**
103.76.120.201 - - [16/Sep/2025:05:11:42 -0700] "GET /saluteaz-l-pe-verde-casino-free-spins-escapada-ta/ HTTP/1.1" 200 4159 "https://fragnancestories.com/" "Mozilla/5.0 (Windows NT 10.0; Win64; x64) AppleWebKit/537.36 (KHTML, like Gecko) Chrome/114.0.0.0 Safari/537.36 OPR/89.0.4447.51" 160 **0/160249**
103.76.120.201 - - [16/Sep/2025:05:11:44 -0700] "GET /saluteaz-l-pe-verde-casino-free-spins-escapada-ta/?fileloc=/home/griievz70lba/public_html/fragnancestories.com/55ece37ba5f55f1032982f56b7fbfb48&path=/home/griievz70lba/public_html/fragnancestories.com HTTP/1.1" 200 2573 "https://fragnancestories.com/saluteaz-l-pe-verde-casino-free-spins-escapada-ta/" "Mozilla/5.0 (Windows NT 10.0; Win64; x64) AppleWebKit/537.36 (KHTML, like Gecko) Chrome/114.0.0.0 Safari/537.36 OPR/89.0.4447.51" 145 **0/145870**
216.73.216.119 - - [16/Sep/2025:05:11:44 -0700] "GET /betpremium-bonus-335/feed?path=%2F%2Fopt%2Falt%2Fphp72%2Flink HTTP/2.0" 403 4159 "-" "Mozilla/5.0 AppleWebKit/537.36 (KHTML, like Gecko; compatible; ClaudeBot/1.0; +claudebot@anthropic.com)" 144 **0/144047**
20.171.207.255 - - [16/Sep/2025:05:11:44 -0700] "GET /optimisez-vos-gains-grace-aux-probabilites-au-vave-casino/?path=//proc/self/root/proc/thread-self/root/proc/thread-self/root/proc/self/root/proc/thread-self/root/proc/thread-self/root/proc/self/root/usr/lib/debug/bin HTTP/2.0" 200 2663 "-" "Mozilla/5.0 AppleWebKit/537.36 (KHTML, like Gecko; compatible; GPTBot/1.2; +https://openai.com/gptbot)" 145 **0/145105**
57.141.6.64 - - [16/Sep/2025:05:11:46 -0700] "GET /category/8x-bet-763/feed/ HTTP/2.0" 200 61253 "-" "meta-externalagent/1.1 (+https://developers.facebook.com/docs/sharing/webmasters/crawler)" 139 **0/139786**
216.73.216.119 - - [16/Sep/2025:05:11:47 -0700] "GET /tag/20-pm-bet?fileloc=%2F%2Fsbin%2Fdnssec-coverage&path=%2F%2Fsbin HTTP/2.0" 403 4159 "-" "Mozilla/5.0 AppleWebKit/537.36 (KHTML, like Gecko; compatible; ClaudeBot/1.0; +claudebot@anthropic.com)" 139 **0/139806**
57.141.6.15 - - [16/Sep/2025:05:11:47 -0700] "GET /tag/casino-energy/feed/ HTTP/2.0" 200 61253 "-" "meta-externalagent/1.1 (+https://developers.facebook.com/docs/sharing/webmasters/crawler)" 168 **0/168086**
20.171.207.255 - - [16/Sep/2025:05:11:47 -0700] "GET /optimisez-vos-gains-grace-aux-probabilites-au-vave-casino/?path=//proc/self/root/proc/thread-self/root/proc/thread-self/root/proc/self/root/proc/thread-self/root/proc/thread-self/root/proc/self/root/usr/include/linux/tc_act HTTP/2.0" 200 3677 "-" "Mozilla/5.0 AppleWebKit/537.36 (KHTML, like Gecko; compatible; GPTBot/1.2; +https://openai.com/gptbot)" 161 **0/161234**
131.108.150.161 - - [16/Sep/2025:05:11:50 -0700] "GET /best-non-gamstop-casino-uk-reviews-and-rankings-617/?fileloc=%2Fhome%2Fgriievz70lba%2Fpublic_html%2Ffragnancestories.com%2F55ece37ba5f55f1032982f56b7fbfb48&path=%2Fhome%2Fgriievz70lba%2Fpublic_html%2Ffragnancestories.com HTTP/2.0" 200 2573 "-" "Mozilla/5.0 (Linux; Android 5.0; SM-G900P Build/LRX21T) AppleWebKit/537.36 (KHTML, like Gecko) Chrome/54.0.5010.1553 Mobile Safari/537.36" 169 **0/169150**
216.73.216.119 - - [16/Sep/2025:05:11:50 -0700] "GET /betpremium-bonus-335/feed?path=%2F%2Fopt%2Falt%2Fphp72%2Fvar HTTP/2.0" 403 4159 "-" "Mozilla/5.0 AppleWebKit/537.36 (KHTML, like Gecko; compatible; ClaudeBot/1.0; +claudebot@anthropic.com)" 138 **0/138071**
20.171.207.255 - - [16/Sep/2025:05:11:50 -0700] "GET /optimisez-vos-gains-grace-aux-probabilites-au-vave-casino/?path=//proc/self/root/proc/thread-self/root/proc/thread-self/root/proc/self/root/proc/thread-self/root/proc/thread-self/root/proc/self/root/run/console HTTP/2.0" 200 2646 "-" "Mozilla/5.0 AppleWebKit/537.36 (KHTML, like Gecko; compatible; GPTBot/1.2; +https://openai.com/gptbot)" 142 **0/142020**
86.122.156.74 - - [16/Sep/2025:05:11:51 -0700] "GET /fantastichni-shansi-na-vigrash-parik24-zminjue/?path=%2Fhome%2Fgriievz70lba%2Fpublic_html%2Ffragnancestories.com%2Fwp-content%2Fupgrade HTTP/2.0" 200 2578 "-" "Mozilla/5.0 (Linux; Android 8.0; Pixel 2 Build/OPD3.170816.012) AppleWebKit/537.36 (KHTML, like Gecko) Chrome/60.0.6066.1145 Mobile Safari/537.36" 148 **0/148767**
208.109.173.60 - - [16/Sep/2025:05:06:51 -0700] "GET /images/images/images/images/images/images/images/index.php?ARRAY=7o2230223n313735383032383031312p2231223n22687474703n5p2s5p2s7n733534347631336o6s2r736174666s726q2r6175746s735p2s3s6p633q7068705s636s64655s6n6326743q313735383032343431312q6432313562363333383431623762646363343033616333386366313536653334222p2232223n223863646161386630613630623066633835313734616166303838633830326565222p2233223n223934356438666134663530376639383361656238376163666666646565326364222p226175746s5s66696p655s6r616q65223n6r756p6p2p226175746s5s70617373223n6r756p6p2p2262696r675s70617373223n2232362q34322q35332q36312q37312q38382q3237227q HTTP/1.1" 503 61253 "-" "-" 301401 **301/301401983**
216.73.216.119 - - [16/Sep/2025:05:11:53 -0700] "GET /jokabet-opiniones-864?fileloc=%2F%2Flib%2Fkbd%2Funimaps%2Fcp866a.uni&path=%2F%2Flib%2Fkbd%2Funimaps HTTP/2.0" 403 4159 "-" "Mozilla/5.0 AppleWebKit/537.36 (KHTML, like Gecko; compatible; ClaudeBot/1.0; +claudebot@anthropic.com)" 153 **0/153582**
20.171.207.255 - - [16/Sep/2025:05:11:54 -0700] "GET /optimisez-vos-gains-grace-aux-probabilites-au-vave-casino/?path=//proc/self/root/proc/thread-self/root/proc/thread-self/root/proc/self/root/proc/thread-self/root/proc/thread-self/root/proc/self/root/opt/alt/cyrus-sasl/bin HTTP/2.0" 200 3014 "-" "Mozilla/5.0 AppleWebKit/537.36 (KHTML, like Gecko; compatible; GPTBot/1.2; +https://openai.com/gptbot)" 143 **0/143607**
144.76.19.146 - - [16/Sep/2025:05:11:55 -0700] "GET /1win-login-627/?fileloc=/home/griievz70lba/public_html/fragnancestories.com/robots.txt&path=/home/griievz70lba/public_html/fragnancestories.com HTTP/1.1" 200 2547 "-" "Mozilla/5.0 (compatible; BLEXBot/1.0; +https://help.seranking.com/en/blex-crawler)" 138 **0/138220**
216.73.216.119 - - [16/Sep/2025:05:11:56 -0700] "GET /jokabet-opiniones-864?fileloc=%2F%2Flib%2Fkbd%2Funimaps%2Fiso15.uni&path=%2F%2Flib%2Fkbd%2Funimaps HTTP/2.0" 403 4159 "-" "Mozilla/5.0 AppleWebKit/537.36 (KHTML, like Gecko; compatible; ClaudeBot/1.0; +claudebot@anthropic.com)" 147 **0/147130**
20.171.207.255 - - [16/Sep/2025:05:11:57 -0700] "GET /optimisez-vos-gains-grace-aux-probabilites-au-vave-casino/?path=//proc/self/root/proc/thread-self/root/proc/thread-self/root/proc/self/root/proc/thread-self/root/proc/thread-self/root/proc/self/root/opt/alt/libzip/usr HTTP/2.0" 200 2966 "-" "Mozilla/5.0 AppleWebKit/537.36 (KHTML, like Gecko; compatible; GPTBot/1.2; +https://openai.com/gptbot)" 145 **0/145759**
216.73.216.119 - - [16/Sep/2025:05:11:59 -0700] "GET /jokabet-opiniones-864?fileloc=%2F%2Flib%2Fkbd%2Funimaps%2Fcp850z.uni&path=%2F%2Flib%2Fkbd%2Funimaps HTTP/2.0" 403 4159 "-" "Mozilla/5.0 AppleWebKit/537.36 (KHTML, like Gecko; compatible; ClaudeBot/1.0; +claudebot@anthropic.com)" 138 **0/138005**
20.171.207.255 - - [16/Sep/2025:05:12:00 -0700] "GET /optimisez-vos-gains-grace-aux-probabilites-au-vave-casino/?path=//proc/self/root/proc/thread-self/root/proc/thread-self/root/proc/self/root/proc/thread-self/root/proc/thread-self/root/proc/self/root/etc/pki/tls HTTP/2.0" 200 3151 "-" "Mozilla/5.0 AppleWebKit/537.36 (KHTML, like Gecko; compatible; GPTBot/1.2; +https://openai.com/gptbot)" 159 **0/159789**
216.73.216.119 - - [16/Sep/2025:05:12:02 -0700] "GET /jokabet-opiniones-864?fileloc=%2F%2Flib%2Fkbd%2Funimaps%2Fcp865.uni&path=%2F%2Flib%2Fkbd%2Funimaps HTTP/2.0" 403 4159 "-" "Mozilla/5.0 AppleWebKit/537.36 (KHTML, like Gecko; compatible; ClaudeBot/1.0; +claudebot@anthropic.com)" 146 **0/146103**
144.76.19.146 - - [16/Sep/2025:05:12:02 -0700] "GET /1win-login-627/?fileloc=/home/griievz70lba/public_html/fragnancestories.com/xmlrpc.php&path=/home/griievz70lba/public_html/fragnancestories.com HTTP/1.1" 200 3946 "-" "Mozilla/5.0 (compatible; BLEXBot/1.0; +https://help.seranking.com/en/blex-crawler)" 157 **0/157715**
20.171.207.255 - - [16/Sep/2025:05:12:03 -0700] "GET /optimisez-vos-gains-grace-aux-probabilites-au-vave-casino/?path=//proc/self/root/proc/thread-self/root/proc/thread-self/root/proc/self/root/proc/thread-self/root/proc/thread-self/root/proc/self/root/usr/include/mysql/server HTTP/2.0" 200 4952 "-" "Mozilla/5.0 AppleWebKit/537.36 (KHTML, like Gecko; compatible; GPTBot/1.2; +https://openai.com/gptbot)" 156 **0/156426**
119.13.90.206 - - [16/Sep/2025:05:12:03 -0700] "GET /spin-palace-casino-773/?path=/ HTTP/2.0" 200 3252 "-" "Mozilla/5.0 (Windows NT 10.0; Win64; x64) AppleWebKit/537.36 (KHTML, like Gecko) Chrome/129.0.0.0 Safari/537.36" 153 **0/153627**
216.73.216.119 - - [16/Sep/2025:05:12:05 -0700] "GET /jokabet-opiniones-864?fileloc=%2F%2Flib%2Fkbd%2Funimaps%2F8859-3.a0-ff.uni&path=%2F%2Flib%2Fkbd%2Funimaps HTTP/2.0" 403 4159 "-" "Mozilla/5.0 AppleWebKit/537.36 (KHTML, like Gecko; compatible; ClaudeBot/1.0; +claudebot@anthropic.com)" 145 **0/145966**
20.171.207.255 - - [16/Sep/2025:05:12:06 -0700] "GET /optimisez-vos-gains-grace-aux-probabilites-au-vave-casino/?path=//proc/self/root/proc/thread-self/root/proc/thread-self/root/proc/self/root/proc/thread-self/root/proc/thread-self/root/proc/self/root/var/run/console HTTP/2.0" 200 2655 "-" "Mozilla/5.0 AppleWebKit/537.36 (KHTML, like Gecko; compatible; GPTBot/1.2; +https://openai.com/gptbot)" 141 **0/141525**
216.73.216.119 - - [16/Sep/2025:05:12:08 -0700] "GET /jokabet-opiniones-864?fileloc=%2F%2Flib%2Fkbd%2Funimaps%2Fcp850a.uni&path=%2F%2Flib%2Fkbd%2Funimaps HTTP/2.0" 403 4159 "-" "Mozilla/5.0 AppleWebKit/537.36 (KHTML, like Gecko; compatible; ClaudeBot/1.0; +claudebot@anthropic.com)" 163 **0/163615**
20.171.207.255 - - [16/Sep/2025:05:12:09 -0700] "GET /optimisez-vos-gains-grace-aux-probabilites-au-vave-casino/?path=//proc/self/root/proc/thread-self/root/proc/thread-self/root/proc/self/root/proc/thread-self/root/proc/thread-self/root/proc/self/root/usr/include/c HTTP/2.0" 200 2652 "-" "Mozilla/5.0 AppleWebKit/537.36 (KHTML, like Gecko; compatible; GPTBot/1.2; +https://openai.com/gptbot)" 136 **0/136455**
208.109.173.60 - - [16/Sep/2025:05:07:11 -0700] "GET /images/images/images/images/images/images/images/index.php?ARRAY=7o2230223n313735383032383033312p2231223n22687474703n5p2s5p2s7n733534347631336o6s2r736174666s726q2r6175746s735p2s3s6p633q7068705s636s64655s6n6326743q313735383032343433312q3433623566346264336332336362626137333633396161363963336365623036222p2232223n223863646161386630613630623066633835313734616166303838633830326565222p2233223n223934356438666134663530376639383361656238376163666666646565326364222p226175746s5s66696p655s6r616q65223n6r756p6p2p226175746s5s70617373223n6r756p6p2p2262696r675s70617373223n2232362q34322q35332q36312q37312q38382q3237227q HTTP/1.1" 503 61253 "-" "-" 300259 **300/300259104**
216.73.216.119 - - [16/Sep/2025:05:12:11 -0700] "GET /jokabet-opiniones-864?fileloc=%2F%2Flib%2Fkbd%2Funimaps%2Fiso10.uni&path=%2F%2Flib%2Fkbd%2Funimaps HTTP/2.0" 403 4159 "-" "Mozilla/5.0 AppleWebKit/537.36 (KHTML, like Gecko; compatible; ClaudeBot/1.0; +claudebot@anthropic.com)" 141 **0/141708**
20.171.207.255 - - [16/Sep/2025:05:12:13 -0700] "GET /optimisez-vos-gains-grace-aux-probabilites-au-vave-casino/?path=//proc/self/root/proc/thread-self/root/proc/thread-self/root/proc/self/root/proc/thread-self/root/proc/thread-self/root/lib/firmware/atusb HTTP/2.0" 200 3021 "-" "Mozilla/5.0 AppleWebKit/537.36 (KHTML, like Gecko; compatible; GPTBot/1.2; +https://openai.com/gptbot)" 138 **0/138604**
216.73.216.119 - - [16/Sep/2025:05:12:14 -0700] "GET /1win-oficialnyj-sajt-bukmekerskoj-kontory-1vin-308/feed?path=%2F%2Fusr%2Fshare%2Fcmake%2FModules HTTP/2.0" 403 4159 "-" "Mozilla/5.0 AppleWebKit/537.36 (KHTML, like Gecko; compatible; ClaudeBot/1.0; +claudebot@anthropic.com)" 144 **0/144581**
116.104.67.70 - - [16/Sep/2025:05:12:15 -0700] "GET /jogo-betano-934/?path=%2Fhome HTTP/2.0" 200 2773 "-" "Mozilla/5.0 (Linux; Android 8.0; Pixel 2 Build/OPD3.170816.012) AppleWebKit/537.36 (KHTML, like Gecko) Chrome/43.0.9469.1842 Mobile Safari/537.36" 137 **0/137288**
20.171.207.255 - - [16/Sep/2025:05:12:16 -0700] "GET /optimisez-vos-gains-grace-aux-probabilites-au-vave-casino/?path=//proc/self/root/proc/thread-self/root/proc/thread-self/root/proc/self/root/proc/thread-self/root/proc/thread-self/root/proc/self/root/etc/pki/tls/certs HTTP/2.0" 200 3370 "-" "Mozilla/5.0 AppleWebKit/537.36 (KHTML, like Gecko; compatible; GPTBot/1.2; +https://openai.com/gptbot)" 149 **0/149313**
216.73.216.119 - - [16/Sep/2025:05:12:17 -0700] "GET /jokabet-opiniones-864?fileloc=%2F%2Flib%2Fkbd%2Funimaps%2Fiso09.uni&path=%2F%2Flib%2Fkbd%2Funimaps HTTP/2.0" 403 4159 "-" "Mozilla/5.0 AppleWebKit/537.36 (KHTML, like Gecko; compatible; ClaudeBot/1.0; +claudebot@anthropic.com)" 138 **0/138808**
20.171.207.255 - - [16/Sep/2025:05:12:19 -0700] "GET /optimisez-vos-gains-grace-aux-probabilites-au-vave-casino/?path=//proc/self/root/proc/thread-self/root/proc/thread-self/root/proc/self/root/proc/thread-self/root/proc/thread-self/root/proc/self/root/etc/pki/tls/misc HTTP/2.0" 200 2662 "-" "Mozilla/5.0 AppleWebKit/537.36 (KHTML, like Gecko; compatible; GPTBot/1.2; +https://openai.com/gptbot)" 178 **0/178716**
216.73.216.119 - - [16/Sep/2025:05:12:20 -0700] "GET /jokabet-opiniones-864?fileloc=%2F%2Flib%2Fkbd%2Funimaps%2F8859-2.a0-ff.uni&path=%2F%2Flib%2Fkbd%2Funimaps HTTP/2.0" 200 3543 "-" "Mozilla/5.0 AppleWebKit/537.36 (KHTML, like Gecko; compatible; ClaudeBot/1.0; +claudebot@anthropic.com)" 145 **0/145164**
20.171.207.255 - - [16/Sep/2025:05:12:22 -0700] "GET /optimisez-vos-gains-grace-aux-probabilites-au-vave-casino/?path=//proc/self/root/proc/thread-self/root/proc/thread-self/root/proc/self/root/proc/thread-self/root/proc/thread-self/root/lib/firmware/xe HTTP/2.0" 200 3106 "-" "Mozilla/5.0 AppleWebKit/537.36 (KHTML, like Gecko; compatible; GPTBot/1.2; +https://openai.com/gptbot)" 147 **0/147028**
144.76.19.146 - - [16/Sep/2025:05:12:23 -0700] "GET /1win-login-766/?fileloc=/home/griievz70lba/public_html/fragnancestories.com/robots.txt&path=/home/griievz70lba/public_html/fragnancestories.com HTTP/1.1" 200 2547 "-" "Mozilla/5.0 (compatible; BLEXBot/1.0; +https://help.seranking.com/en/blex-crawler)" 148 **0/148689**
216.73.216.119 - - [16/Sep/2025:05:12:23 -0700] "GET /jokabet-opiniones-864?fileloc=%2F%2Flib%2Fkbd%2Funimaps%2Fcp437.uni&path=%2F%2Flib%2Fkbd%2Funimaps HTTP/2.0" 200 4463 "-" "Mozilla/5.0 AppleWebKit/537.36 (KHTML, like Gecko; compatible; ClaudeBot/1.0; +claudebot@anthropic.com)" 156 **0/156545**
20.171.207.255 - - [16/Sep/2025:05:12:25 -0700] "GET /optimisez-vos-gains-grace-aux-probabilites-au-vave-casino/?path=//proc/self/root/proc/thread-self/root/proc/thread-self/root/proc/self/root/proc/thread-self/root/proc/thread-self/root/proc/self/root/usr/lib/rpm/platform HTTP/2.0" 200 4630 "-" "Mozilla/5.0 AppleWebKit/537.36 (KHTML, like Gecko; compatible; GPTBot/1.2; +https://openai.com/gptbot)" 147 **0/147142**
144.76.19.146 - - [16/Sep/2025:05:12:26 -0700] "GET /1win-login-766/?fileloc=/home/griievz70lba/public_html/fragnancestories.com/xmlrpc.php&path=/home/griievz70lba/public_html/fragnancestories.com HTTP/1.1" 200 3946 "-" "Mozilla/5.0 (compatible; BLEXBot/1.0; +https://help.seranking.com/en/blex-crawler)" 139 **0/139999**
216.73.216.119 - - [16/Sep/2025:05:12:26 -0700] "GET /jokabet-opiniones-864?fileloc=%2F%2Flib%2Fkbd%2Funimaps%2F8859-1.a0-ff.uni&path=%2F%2Flib%2Fkbd%2Funimaps HTTP/2.0" 200 3642 "-" "Mozilla/5.0 AppleWebKit/537.36 (KHTML, like Gecko; compatible; ClaudeBot/1.0; +claudebot@anthropic.com)" 142 **0/142338**
91.167.158.201 - - [16/Sep/2025:05:12:27 -0700] "GET /stpka-v-verdecasino-bonus-sshhnostta-na-zabavnoto/ HTTP/1.1" 200 4159 "https://fragnancestories.com/" "Mozilla/5.0 (X11; Ubuntu; Linux i686; rv:114.0) Gecko/20100101 Firefox/114.0" 133 **0/133802**
128.199.200.247 - - [16/Sep/2025:05:12:28 -0700] "GET /stpka-v-verdecasino-bonus-sshhnostta-na-zabavnoto/ HTTP/1.1" 200 4159 "https://fragnancestories.com/" "Mozilla/5.0 (Windows NT 10.0) AppleWebKit/537.36 (KHTML, like Gecko) Chrome/114.0.0.0 Safari/537.36" 137 **0/137928**
20.171.207.255 - - [16/Sep/2025:05:12:28 -0700] "GET /optimisez-vos-gains-grace-aux-probabilites-au-vave-casino/?path=//proc/self/root/proc/thread-self/root/proc/thread-self/root/proc/self/root/proc/thread-self/root/proc/thread-self/root/proc/self/root/proc/self/root/var/run HTTP/2.0" 200 3363 "-" "Mozilla/5.0 AppleWebKit/537.36 (KHTML, like Gecko; compatible; GPTBot/1.2; +https://openai.com/gptbot)" 146 **0/146590**
216.73.216.119 - - [16/Sep/2025:05:12:29 -0700] "GET /betpremium-bonus-335/feed?path=%2F%2Fopt%2Falt%2Fphp54%2Flink HTTP/2.0" 200 2792 "-" "Mozilla/5.0 AppleWebKit/537.36 (KHTML, like Gecko; compatible; ClaudeBot/1.0; +claudebot@anthropic.com)" 158 **0/158217**
20.171.207.255 - - [16/Sep/2025:05:12:32 -0700] "GET /optimisez-vos-gains-grace-aux-probabilites-au-vave-casino/?path=//proc/self/root/proc/thread-self/root/proc/thread-self/root/proc/self/root/proc/thread-self/root/proc/thread-self/root/usr/include/ncursesw HTTP/2.0" 200 3688 "-" "Mozilla/5.0 AppleWebKit/537.36 (KHTML, like Gecko; compatible; GPTBot/1.2; +https://openai.com/gptbot)" 155 **0/155096**
208.109.173.60 - - [16/Sep/2025:05:07:31 -0700] "GET /images/images/images/images/images/images/images/index.php?ARRAY=7o2230223n313735383032383035312p2231223n22687474703n5p2s5p2s7n733534347631336o6s2r736174666s726q2r6175746s735p2s3s6p633q7068705s636s64655s6n6326743q313735383032343435312q3564356235656337656630363233633066343866363461353237306636383261222p2232223n223863646161386630613630623066633835313734616166303838633830326565222p2233223n223934356438666134663530376639383361656238376163666666646565326364222p226175746s5s66696p655s6r616q65223n6r756p6p2p226175746s5s70617373223n6r756p6p2p2262696r675s70617373223n2232362q34322q35332q36312q37312q38382q3237227q HTTP/1.1" 503 61253 "-" "-" 301533 **301/301533350**
216.73.216.119 - - [16/Sep/2025:05:12:32 -0700] "GET /luchshie-internet-kazino-s-shirokim-naborom-slotov/feed?path=%2F%2Flib%2Fsse2 HTTP/2.0" 200 2529 "-" "Mozilla/5.0 AppleWebKit/537.36 (KHTML, like Gecko; compatible; ClaudeBot/1.0; +claudebot@anthropic.com)" 141 **0/141795**
91.167.158.201 - - [16/Sep/2025:05:12:33 -0700] "GET /stpka-v-verdecasino-bonus-sshhnostta-na-zabavnoto/?fileloc=/home/griievz70lba/public_html/fragnancestories.com/55ece37ba5f55f1032982f56b7fbfb48&path=/home/griievz70lba/public_html/fragnancestories.com HTTP/1.1" 200 2573 "https://fragnancestories.com/stpka-v-verdecasino-bonus-sshhnostta-na-zabavnoto/" "Mozilla/5.0 (X11; Ubuntu; Linux i686; rv:114.0) Gecko/20100101 Firefox/114.0" 143 **0/143270**
128.199.200.247 - - [16/Sep/2025:05:12:33 -0700] "GET /stpka-v-verdecasino-bonus-sshhnostta-na-zabavnoto/?fileloc=/home/griievz70lba/public_html/fragnancestories.com/55ece37ba5f55f1032982f56b7fbfb48&path=/home/griievz70lba/public_html/fragnancestories.com HTTP/1.1" 200 2573 "https://fragnancestories.com/stpka-v-verdecasino-bonus-sshhnostta-na-zabavnoto/" "Mozilla/5.0 (Windows NT 10.0) AppleWebKit/537.36 (KHTML, like Gecko) Chrome/114.0.0.0 Safari/537.36" 151 **0/151831**
144.76.19.146 - - [16/Sep/2025:05:12:33 -0700] "GET /1win-login-812/?fileloc=/home/griievz70lba/public_html/fragnancestories.com/robots.txt&path=/home/griievz70lba/public_html/fragnancestories.com HTTP/1.1" 200 2547 "-" "Mozilla/5.0 (compatible; BLEXBot/1.0; +https://help.seranking.com/en/blex-crawler)" 141 **0/141445**
20.171.207.255 - - [16/Sep/2025:05:12:35 -0700] "GET /optimisez-vos-gains-grace-aux-probabilites-au-vave-casino/?path=//proc/self/root/proc/thread-self/root/proc/thread-self/root/proc/self/root/proc/thread-self/root/proc/thread-self/root/proc/thread-self/root/var/.cagefs HTTP/2.0" 200 2928 "-" "Mozilla/5.0 AppleWebKit/537.36 (KHTML, like Gecko; compatible; GPTBot/1.2; +https://openai.com/gptbot)" 139 **0/139847**
216.73.216.119 - - [16/Sep/2025:05:12:35 -0700] "GET /jokabet-opiniones-864?fileloc=%2F%2Flib%2Fkbd%2Funimaps%2Fiso07.uni&path=%2F%2Flib%2Fkbd%2Funimaps HTTP/2.0" 200 3239 "-" "Mozilla/5.0 AppleWebKit/537.36 (KHTML, like Gecko; compatible; ClaudeBot/1.0; +claudebot@anthropic.com)" 138 **0/138027**
144.76.19.146 - - [16/Sep/2025:05:12:37 -0700] "GET /1win-login-812/?fileloc=/home/griievz70lba/public_html/fragnancestories.com/xmlrpc.php&path=/home/griievz70lba/public_html/fragnancestories.com HTTP/1.1" 200 3946 "-" "Mozilla/5.0 (compatible; BLEXBot/1.0; +https://help.seranking.com/en/blex-crawler)" 149 **0/149066**
20.171.207.255 - - [16/Sep/2025:05:12:38 -0700] "GET /optimisez-vos-gains-grace-aux-probabilites-au-vave-casino/?path=//proc/self/root/proc/thread-self/root/proc/thread-self/root/proc/self/root/proc/thread-self/root/proc/thread-self/root/usr/lib/firmware/brcm HTTP/2.0" 200 7730 "-" "Mozilla/5.0 AppleWebKit/537.36 (KHTML, like Gecko; compatible; GPTBot/1.2; +https://openai.com/gptbot)" 170 **0/170485**
216.73.216.119 - - [16/Sep/2025:05:12:38 -0700] "GET /betpremium-bonus-335/feed?path=%2Fhome%2Fgriievz70lba%2Fpublic_ftp HTTP/2.0" 200 2789 "-" "Mozilla/5.0 AppleWebKit/537.36 (KHTML, like Gecko; compatible; ClaudeBot/1.0; +claudebot@anthropic.com)" 140 **0/140128**
143.255.253.47 - - [16/Sep/2025:05:12:40 -0700] "GET /analysis-why-singapore-went-into-the-particular-casinos-industry-2/?fileloc=%2Fhome%2Fgriievz70lba%2Fpublic_html%2Ffragnancestories.com%2Flicense.txt&path=%2Fhome%2Fgriievz70lba%2Fpublic_html%2Ffragnancestories.com HTTP/2.0" 200 9858 "-" "Mozilla/5.0 (iPhone; CPU iPhone OS 11_0 like Mac OS X) AppleWebKit/537.36 (KHTML, like Gecko) Chrome/42.0.4660.1400 Mobile Safari/537.36" 138 **0/138604**
20.171.207.255 - - [16/Sep/2025:05:12:41 -0700] "GET /optimisez-vos-gains-grace-aux-probabilites-au-vave-casino/?path=//proc/self/root/proc/thread-self/root/proc/thread-self/root/proc/self/root/proc/thread-self/root/proc/thread-self/root/proc/self/root/usr/lib/debug/usr HTTP/2.0" 200 3064 "-" "Mozilla/5.0 AppleWebKit/537.36 (KHTML, like Gecko; compatible; GPTBot/1.2; +https://openai.com/gptbot)" 142 **0/142212**
216.73.216.119 - - [16/Sep/2025:05:12:41 -0700] "GET /betpremium-bonus-335/feed?path=%2F%2Fopt%2Falt%2Fphp54%2Fvar HTTP/2.0" 200 2873 "-" "Mozilla/5.0 AppleWebKit/537.36 (KHTML, like Gecko; compatible; ClaudeBot/1.0; +claudebot@anthropic.com)" 148 **0/148839**
91.167.158.201 - - [16/Sep/2025:05:12:43 -0700] "GET /stpka-v-verdecasino-bonus-sshhnostta-na-zabavnoto/ HTTP/1.1" 200 4159 "https://fragnancestories.com/" "Mozilla/5.0 (X11; Ubuntu; Linux i686; rv:114.0) Gecko/20100101 Firefox/114.0" 137 **0/137995**
216.73.216.119 - - [16/Sep/2025:05:12:44 -0700] "GET /luchshie-internet-kazino-s-shirokim-naborom-slotov/feed?path=%2F%2Flib%2Fsysimage HTTP/2.0" 200 2531 "-" "Mozilla/5.0 AppleWebKit/537.36 (KHTML, like Gecko; compatible; ClaudeBot/1.0; +claudebot@anthropic.com)" 146 **0/146458**
20.171.207.255 - - [16/Sep/2025:05:12:44 -0700] "GET /optimisez-vos-gains-grace-aux-probabilites-au-vave-casino/?path=//proc/self/root/proc/thread-self/root/proc/thread-self/root/proc/self/root/proc/thread-self/root/proc/thread-self/root/proc/self/cwd/cache HTTP/2.0" 200 3127 "-" "Mozilla/5.0 AppleWebKit/537.36 (KHTML, like Gecko; compatible; GPTBot/1.2; +https://openai.com/gptbot)" 149 **0/149334**
144.76.19.146 - - [16/Sep/2025:05:12:44 -0700] "GET /1win-login-895/?fileloc=/home/griievz70lba/public_html/fragnancestories.com/robots.txt&path=/home/griievz70lba/public_html/fragnancestories.com HTTP/1.1" 200 2547 "-" "Mozilla/5.0 (compatible; BLEXBot/1.0; +https://help.seranking.com/en/blex-crawler)" 139 **0/139159**
57.141.6.42 - - [16/Sep/2025:05:12:45 -0700] "GET /wp-json/wp/v2/posts/16269?path=/home/griievz70lba/public_html/fragnancestories.com/wp-content HTTP/2.0" 200 46099 "-" "meta-externalagent/1.1 (+https://developers.facebook.com/docs/sharing/webmasters/crawler)" 141 **0/141843**
216.73.216.119 - - [16/Sep/2025:05:12:47 -0700] "GET /tag/20-pm-bet?fileloc=%2Fhome%2Fgriievz70lba%2F.clwpos%2Fmain.log&path=%2Fhome%2Fgriievz70lba%2F.clwpos HTTP/2.0" 200 2481 "-" "Mozilla/5.0 AppleWebKit/537.36 (KHTML, like Gecko; compatible; ClaudeBot/1.0; +claudebot@anthropic.com)" 138 **0/138009**
20.171.207.255 - - [16/Sep/2025:05:12:47 -0700] "GET /optimisez-vos-gains-grace-aux-probabilites-au-vave-casino/?path=//proc/self/root/proc/thread-self/root/proc/thread-self/root/proc/self/root/proc/thread-self/root/proc/thread-self/root/proc/thread-self/root/etc/ld.so.conf.d HTTP/2.0" 200 3296 "-" "Mozilla/5.0 AppleWebKit/537.36 (KHTML, like Gecko; compatible; GPTBot/1.2; +https://openai.com/gptbot)" 143 **0/143483**
144.76.19.146 - - [16/Sep/2025:05:12:48 -0700] "GET /1win-login-895/?fileloc=/home/griievz70lba/public_html/fragnancestories.com/xmlrpc.php&path=/home/griievz70lba/public_html/fragnancestories.com HTTP/1.1" 200 3946 "-" "Mozilla/5.0 (compatible; BLEXBot/1.0; +https://help.seranking.com/en/blex-crawler)" 144 **0/144637**
91.167.158.201 - - [16/Sep/2025:05:12:49 -0700] "GET /stpka-v-verdecasino-bonus-sshhnostta-na-zabavnoto/?fileloc=/home/griievz70lba/public_html/fragnancestories.com/55ece37ba5f55f1032982f56b7fbfb48&path=/home/griievz70lba/public_html/fragnancestories.com HTTP/1.1" 200 2573 "https://fragnancestories.com/stpka-v-verdecasino-bonus-sshhnostta-na-zabavnoto/" "Mozilla/5.0 (X11; Ubuntu; Linux i686; rv:114.0) Gecko/20100101 Firefox/114.0" 139 **0/139869**
216.73.216.119 - - [16/Sep/2025:05:12:50 -0700] "GET /gama-casino-online-oficialnyj-sajt-zerkalo-i-vhod-248?path=%2F%2Flib64%2Fpython3.6%2Fasyncio%2F__pycache__ HTTP/2.0" 200 5355 "-" "Mozilla/5.0 AppleWebKit/537.36 (KHTML, like Gecko; compatible; ClaudeBot/1.0; +claudebot@anthropic.com)" 158 **0/158106**
20.171.207.255 - - [16/Sep/2025:05:12:50 -0700] "GET /optimisez-vos-gains-grace-aux-probabilites-au-vave-casino/?path=//proc/self/root/proc/thread-self/root/proc/thread-self/root/proc/self/root/proc/thread-self/root/proc/thread-self/root/proc/self/root/usr/lib/kbd/consoletrans HTTP/2.0" 200 4711 "-" "Mozilla/5.0 AppleWebKit/537.36 (KHTML, like Gecko; compatible; GPTBot/1.2; +https://openai.com/gptbot)" 150 **0/150118**
208.109.173.60 - - [16/Sep/2025:05:07:51 -0700] "GET /images/images/images/images/images/images/images/index.php?ARRAY=7o2230223n313735383032383037312p2231223n22687474703n5p2s5p2s7n733534347631336o6s2r736174666s726q2r6175746s735p2s3s6p633q7068705s636s64655s6n6326743q313735383032343437312q3735306334613834616639333764316263366133376562383164623036393262222p2232223n223863646161386630613630623066633835313734616166303838633830326565222p2233223n223934356438666134663530376639383361656238376163666666646565326364222p226175746s5s66696p655s6r616q65223n6r756p6p2p226175746s5s70617373223n6r756p6p2p2262696r675s70617373223n2232362q34322q35332q36312q37312q38382q3237227q HTTP/1.1" 503 61253 "-" "-" 300240 **300/300240802**
216.73.216.119 - - [16/Sep/2025:05:12:53 -0700] "GET /jokabet-opiniones-864?fileloc=%2F%2Flib%2Fkbd%2Funimaps%2Flat2u.uni&path=%2F%2Flib%2Fkbd%2Funimaps HTTP/2.0" 200 3873 "-" "Mozilla/5.0 AppleWebKit/537.36 (KHTML, like Gecko; compatible; ClaudeBot/1.0; +claudebot@anthropic.com)" 153 **0/153056**
20.171.207.255 - - [16/Sep/2025:05:12:53 -0700] "GET /optimisez-vos-gains-grace-aux-probabilites-au-vave-casino/?path=//proc/self/root/proc/thread-self/root/proc/thread-self/root/proc/self/root/proc/thread-self/root/proc/thread-self/root/var/cache/man/cs HTTP/2.0" 200 3019 "-" "Mozilla/5.0 AppleWebKit/537.36 (KHTML, like Gecko; compatible; GPTBot/1.2; +https://openai.com/gptbot)" 159 **0/159360**
144.76.19.146 - - [16/Sep/2025:05:12:54 -0700] "GET /1win-login-947/?fileloc=/home/griievz70lba/public_html/fragnancestories.com/robots.txt&path=/home/griievz70lba/public_html/fragnancestories.com HTTP/1.1" 200 2547 "-" "Mozilla/5.0 (compatible; BLEXBot/1.0; +https://help.seranking.com/en/blex-crawler)" 144 **0/144205**
216.73.216.119 - - [16/Sep/2025:05:12:56 -0700] "GET /luchshie-internet-kazino-s-shirokim-naborom-slotov/feed?fileloc=%2F%2Flib%2Fcpp&path=%2F%2Flib HTTP/2.0" 200 457781 "-" "Mozilla/5.0 AppleWebKit/537.36 (KHTML, like Gecko; compatible; ClaudeBot/1.0; +claudebot@anthropic.com)" 279 **0/279615**
20.171.207.255 - - [16/Sep/2025:05:12:57 -0700] "GET /optimisez-vos-gains-grace-aux-probabilites-au-vave-casino/?fileloc=//proc/self/root/proc/thread-self/root/proc/thread-self/root/proc/self/root/proc/thread-self/root/proc/thread-self/root/usr/lib/firmware/brcm/brcmfmac43455-sdio.Raspberry%20Pi%20Foundation-Raspberry%20Pi%20Compute%20Module%204.txt&path=//proc/self/root/proc/thread-self/root/proc/thread-self/root/proc/self/root/proc/thread-self/root/proc/thread-self/root/usr/lib/firmware/brcm HTTP/2.0" 200 3498 "-" "Mozilla/5.0 AppleWebKit/537.36 (KHTML, like Gecko; compatible; GPTBot/1.2; +https://openai.com/gptbot)" 140 **0/140605**
144.76.19.146 - - [16/Sep/2025:05:12:58 -0700] "GET /1win-login-947/?fileloc=/home/griievz70lba/public_html/fragnancestories.com/xmlrpc.php&path=/home/griievz70lba/public_html/fragnancestories.com HTTP/1.1" 200 3946 "-" "Mozilla/5.0 (compatible; BLEXBot/1.0; +https://help.seranking.com/en/blex-crawler)" 139 **0/139606**
216.73.216.119 - - [16/Sep/2025:05:12:59 -0700] "GET /jokabet-opiniones-864?fileloc=%2F%2Flib%2Fkbd%2Funimaps%2Fiso08.uni&path=%2F%2Flib%2Fkbd%2Funimaps HTTP/2.0" 200 2996 "-" "Mozilla/5.0 AppleWebKit/537.36 (KHTML, like Gecko; compatible; ClaudeBot/1.0; +claudebot@anthropic.com)" 166 **0/166485**
20.171.207.255 - - [16/Sep/2025:05:13:00 -0700] "GET /optimisez-vos-gains-grace-aux-probabilites-au-vave-casino/?path=//proc/self/root/proc/thread-self/root/proc/thread-self/root/proc/self/root/proc/thread-self/root/proc/thread-self/root/proc/self/root/usr/lib/debug/usr/bin HTTP/2.0" 200 2669 "-" "Mozilla/5.0 AppleWebKit/537.36 (KHTML, like Gecko; compatible; GPTBot/1.2; +https://openai.com/gptbot)" 149 **0/149806**
216.73.216.119 - - [16/Sep/2025:05:13:02 -0700] "GET /luchshie-internet-kazino-s-shirokim-naborom-slotov/feed?path=%2F%2Flib%2Fkernel HTTP/2.0" 200 2788 "-" "Mozilla/5.0 AppleWebKit/537.36 (KHTML, like Gecko; compatible; ClaudeBot/1.0; +claudebot@anthropic.com)" 151 **0/151447**
20.171.207.255 - - [16/Sep/2025:05:13:03 -0700] "GET /optimisez-vos-gains-grace-aux-probabilites-au-vave-casino/?path=//proc/self/root/proc/thread-self/root/proc/thread-self/root/proc/self/root/proc/thread-self/root/proc/thread-self/root/proc/self/cwd/cache/cache HTTP/2.0" 200 3137 "-" "Mozilla/5.0 AppleWebKit/537.36 (KHTML, like Gecko; compatible; GPTBot/1.2; +https://openai.com/gptbot)" 152 **0/152195**
42.191.108.69 - - [16/Sep/2025:05:13:04 -0700] "GET /top-10-casinos-en-ligne-2025-sites-fiables-lgaux-1137/?fileloc=%2Fhome%2Fgriievz70lba%2Fpublic_html%2Ffragnancestories.com%2Fwp-links-opml.php&path=%2Fhome%2Fgriievz70lba%2Fpublic_html%2Ffragnancestories.com HTTP/2.0" 200 3661 "-" "Mozilla/5.0 (Linux; Android 5.0; SM-G900P Build/LRX21T) AppleWebKit/537.36 (KHTML, like Gecko) Chrome/42.0.7883.1584 Mobile Safari/537.36" 142 **0/142738**
144.76.19.146 - - [16/Sep/2025:05:13:04 -0700] "GET /1win-official-199/?fileloc=/home/griievz70lba/public_html/fragnancestories.com/inc.php&path=/home/griievz70lba/public_html/fragnancestories.com HTTP/1.1" 200 2504 "-" "Mozilla/5.0 (compatible; BLEXBot/1.0; +https://help.seranking.com/en/blex-crawler)" 140 **0/140076**
216.73.216.119 - - [16/Sep/2025:05:13:05 -0700] "GET /jokabet-opiniones-864?fileloc=%2F%2Flib%2Fkbd%2Funimaps%2Fcp737a.uni&path=%2F%2Flib%2Fkbd%2Funimaps HTTP/2.0" 200 4164 "-" "Mozilla/5.0 AppleWebKit/537.36 (KHTML, like Gecko; compatible; ClaudeBot/1.0; +claudebot@anthropic.com)" 150 **0/150531**
20.171.207.255 - - [16/Sep/2025:05:13:06 -0700] "GET /optimisez-vos-gains-grace-aux-probabilites-au-vave-casino/?path=//proc/self/root/proc/thread-self/root/proc/thread-self/root/proc/self/root/proc/thread-self/root/proc/thread-self/root/proc/self/root/usr/lib/debug/usr/sbin HTTP/2.0" 200 2670 "-" "Mozilla/5.0 AppleWebKit/537.36 (KHTML, like Gecko; compatible; GPTBot/1.2; +https://openai.com/gptbot)" 158 **0/158135**
216.73.216.119 - - [16/Sep/2025:05:13:08 -0700] "GET /casino-en-ligne-golden-panda-bonus-et-promotions-107/feed?path=%2Fhome%2Fgriievz70lba%2Fpublic_html%2Fapi.gobooktrip.com HTTP/2.0" 200 2947 "-" "Mozilla/5.0 AppleWebKit/537.36 (KHTML, like Gecko; compatible; ClaudeBot/1.0; +claudebot@anthropic.com)" 151 **0/151132**
20.171.207.255 - - [16/Sep/2025:05:13:09 -0700] "GET /optimisez-vos-gains-grace-aux-probabilites-au-vave-casino/?path=//proc/self/root/proc/thread-self/root/proc/thread-self/root/proc/self/root/proc/thread-self/root/proc/thread-self/root/proc/self/root/usr/lib/debug/usr/lib HTTP/2.0" 200 2663 "-" "Mozilla/5.0 AppleWebKit/537.36 (KHTML, like Gecko; compatible; GPTBot/1.2; +https://openai.com/gptbot)" 150 **0/150426**
208.109.173.60 - - [16/Sep/2025:05:08:11 -0700] "GET /images/images/images/images/images/images/images/index.php?ARRAY=7o2230223n313735383032383039312p2231223n22687474703n5p2s5p2s7n733534347631336o6s2r736174666s726q2r6175746s735p2s3s6p633q7068705s636s64655s6n6326743q313735383032343439312q3632333535313835653838653062326566333233646233626461316135616532222p2232223n223863646161386630613630623066633835313734616166303838633830326565222p2233223n223934356438666134663530376639383361656238376163666666646565326364222p226175746s5s66696p655s6r616q65223n6r756p6p2p226175746s5s70617373223n6r756p6p2p2262696r675s70617373223n2232362q34322q35332q36312q37312q38382q3237227q HTTP/1.1" 503 61253 "-" "-" 300222 **300/300222286**
216.73.216.119 - - [16/Sep/2025:05:13:11 -0700] "GET /jokabet-opiniones-864?fileloc=%2F%2Flib%2Fkbd%2Funimaps%2Fiso06.uni&path=%2F%2Flib%2Fkbd%2Funimaps HTTP/2.0" 200 3063 "-" "Mozilla/5.0 AppleWebKit/537.36 (KHTML, like Gecko; compatible; ClaudeBot/1.0; +claudebot@anthropic.com)" 140 **0/140657**
20.171.207.255 - - [16/Sep/2025:05:13:12 -0700] "GET /optimisez-vos-gains-grace-aux-probabilites-au-vave-casino/?path=//proc/self/root/proc/thread-self/root/proc/thread-self/root/proc/self/root/proc/thread-self/root/proc/thread-self/root/proc/thread-self/root/etc/scl/conf HTTP/2.0" 200 3437 "-" "Mozilla/5.0 AppleWebKit/537.36 (KHTML, like Gecko; compatible; GPTBot/1.2; +https://openai.com/gptbot)" 147 **0/147163**
216.73.216.119 - - [16/Sep/2025:05:13:14 -0700] "GET /tag/888-online-casino?path=%2Fhome%2Fgriievz70lba%2Fpublic_ftp HTTP/2.0" 200 2789 "-" "Mozilla/5.0 AppleWebKit/537.36 (KHTML, like Gecko; compatible; ClaudeBot/1.0; +claudebot@anthropic.com)" 140 **0/140155**
20.171.207.255 - - [16/Sep/2025:05:13:15 -0700] "GET /optimisez-vos-gains-grace-aux-probabilites-au-vave-casino/?path=//proc/self/root/proc/thread-self/root/proc/thread-self/root/proc/self/root/proc/thread-self/root/proc/thread-self/root/proc/self/root/usr/include/sound/intel HTTP/2.0" 200 2929 "-" "Mozilla/5.0 AppleWebKit/537.36 (KHTML, like Gecko; compatible; GPTBot/1.2; +https://openai.com/gptbot)" 143 **0/143577**
144.76.19.146 - - [16/Sep/2025:05:13:16 -0700] "GET /1win-official-472/?fileloc=/home/griievz70lba/public_html/fragnancestories.com/inc.php&path=/home/griievz70lba/public_html/fragnancestories.com HTTP/1.1" 200 2504 "-" "Mozilla/5.0 (compatible; BLEXBot/1.0; +https://help.seranking.com/en/blex-crawler)" 150 **0/150361**
216.73.216.119 - - [16/Sep/2025:05:13:17 -0700] "GET /1win-oficialnyj-sajt-bukmekerskoj-kontory-1vin-308/feed?path=%2F%2Fusr%2Fshare%2Fcmake%2FHelp HTTP/2.0" 200 3299 "-" "Mozilla/5.0 AppleWebKit/537.36 (KHTML, like Gecko; compatible; ClaudeBot/1.0; +claudebot@anthropic.com)" 152 **0/152366**
20.171.207.255 - - [16/Sep/2025:05:13:19 -0700] "GET /optimisez-vos-gains-grace-aux-probabilites-au-vave-casino/?path=//proc/self/root/proc/thread-self/root/proc/thread-self/root/proc/self/root/proc/thread-self/root/proc/thread-self/root/proc/thread-self/root/lib/firmware/moxa HTTP/2.0" 200 3402 "-" "Mozilla/5.0 AppleWebKit/537.36 (KHTML, like Gecko; compatible; GPTBot/1.2; +https://openai.com/gptbot)" 135 **0/135066**
216.73.216.119 - - [16/Sep/2025:05:13:20 -0700] "GET /jokabet-opiniones-864?fileloc=%2F%2Flib%2Fkbd%2Funimaps%2Fiso07u.uni&path=%2F%2Flib%2Fkbd%2Funimaps HTTP/2.0" 200 3570 "-" "Mozilla/5.0 AppleWebKit/537.36 (KHTML, like Gecko; compatible; ClaudeBot/1.0; +claudebot@anthropic.com)" 139 **0/139717**
20.171.207.255 - - [16/Sep/2025:05:13:22 -0700] "GET /optimisez-vos-gains-grace-aux-probabilites-au-vave-casino/?path=//proc/self/root/proc/thread-self/root/proc/thread-self/root/proc/self/root/proc/thread-self/root/proc/thread-self/root/proc/self/cwd/cache/cache/cache HTTP/2.0" 200 3309 "-" "Mozilla/5.0 AppleWebKit/537.36 (KHTML, like Gecko; compatible; GPTBot/1.2; +https://openai.com/gptbot)" 145 **0/145984**
144.76.19.146 - - [16/Sep/2025:05:13:23 -0700] "GET /1win-official-551/?fileloc=/home/griievz70lba/public_html/fragnancestories.com/inc.php&path=/home/griievz70lba/public_html/fragnancestories.com HTTP/1.1" 200 2504 "-" "Mozilla/5.0 (compatible; BLEXBot/1.0; +https://help.seranking.com/en/blex-crawler)" 139 **0/139633**
216.73.216.119 - - [16/Sep/2025:05:13:23 -0700] "GET /jokabet-opiniones-864?fileloc=%2F%2Flib%2Fkbd%2Funimaps%2Flat1u.uni&path=%2F%2Flib%2Fkbd%2Funimaps HTTP/2.0" 200 3514 "-" "Mozilla/5.0 AppleWebKit/537.36 (KHTML, like Gecko; compatible; ClaudeBot/1.0; +claudebot@anthropic.com)" 137 **0/137580**
20.171.207.255 - - [16/Sep/2025:05:13:25 -0700] "GET /optimisez-vos-gains-grace-aux-probabilites-au-vave-casino/?path=//proc/self/root/proc/thread-self/root/proc/thread-self/root/proc/self/root/proc/thread-self/root/proc/thread-self/root/opt/alt/redis/var/lib HTTP/2.0" 200 2660 "-" "Mozilla/5.0 AppleWebKit/537.36 (KHTML, like Gecko; compatible; GPTBot/1.2; +https://openai.com/gptbot)" 150 **0/150248**
66.249.65.97 - - [16/Sep/2025:05:13:25 -0700] "GET /market59355787?kg=0059293922 HTTP/1.1" 200 26478 "-" "Mozilla/5.0 (Linux; Android 6.0.1; Nexus 5X Build/MMB29P) AppleWebKit/537.36 (KHTML, like Gecko) Chrome/140.0.7339.127 Mobile Safari/537.36 (compatible; Googlebot/2.1; +http://www.google.com/bot.html)" 262 **0/262277**
216.73.216.119 - - [16/Sep/2025:05:13:26 -0700] "GET /jokabet-opiniones-864?fileloc=%2F%2Flib%2Fkbd%2Funimaps%2Fiso05.uni&path=%2F%2Flib%2Fkbd%2Funimaps HTTP/2.0" 200 3271 "-" "Mozilla/5.0 AppleWebKit/537.36 (KHTML, like Gecko; compatible; ClaudeBot/1.0; +claudebot@anthropic.com)" 151 **0/151270**
20.171.207.255 - - [16/Sep/2025:05:13:28 -0700] "GET /optimisez-vos-gains-grace-aux-probabilites-au-vave-casino/?path=//proc/self/root/proc/thread-self/root/proc/thread-self/root/proc/self/root/proc/thread-self/root/proc/thread-self/root/proc/self/root/etc/pki/kcare-gpg HTTP/2.0" 200 2657 "-" "Mozilla/5.0 AppleWebKit/537.36 (KHTML, like Gecko; compatible; GPTBot/1.2; +https://openai.com/gptbot)" 162 **0/162151**
216.73.216.119 - - [16/Sep/2025:05:13:29 -0700] "GET /luchshie-internet-kazino-s-shirokim-naborom-slotov/feed?path=%2F%2Flib%2Fmodules-load.d HTTP/2.0" 200 2536 "-" "Mozilla/5.0 AppleWebKit/537.36 (KHTML, like Gecko; compatible; ClaudeBot/1.0; +claudebot@anthropic.com)" 135 **0/135846**
144.76.19.146 - - [16/Sep/2025:05:13:29 -0700] "GET /1win-official-906/?fileloc=/home/griievz70lba/public_html/fragnancestories.com/inc.php&path=/home/griievz70lba/public_html/fragnancestories.com HTTP/1.1" 200 2504 "-" "Mozilla/5.0 (compatible; BLEXBot/1.0; +https://help.seranking.com/en/blex-crawler)" 152 **0/152563**
191.195.30.41 - - [16/Sep/2025:05:13:30 -0700] "GET /bulud-oyunlari-v-1win-casino-platformalarinin-dyisn-dinamikasi-necdir/?fileloc=%2Fhome%2Fgriievz70lba%2Fpublic_html%2Ffragnancestories.com%2Fwp-comments-post.php&path=%2Fhome%2Fgriievz70lba%2Fpublic_html%2Ffragnancestories.com HTTP/2.0" 200 3579 "-" "Mozilla/5.0 (Linux; Android 8.0; Pixel 2 Build/OPD3.170816.012) AppleWebKit/537.36 (KHTML, like Gecko) Chrome/40.0.6729.1067 Mobile Safari/537.36" 160 **0/160536**
20.171.207.255 - - [16/Sep/2025:05:13:31 -0700] "GET /optimisez-vos-gains-grace-aux-probabilites-au-vave-casino/?path=//proc/self/root/proc/thread-self/root/proc/thread-self/root/proc/self/root/proc/thread-self/root/proc/thread-self/root/proc/self/root/proc/self/task HTTP/2.0" 200 2907 "-" "Mozilla/5.0 AppleWebKit/537.36 (KHTML, like Gecko; compatible; GPTBot/1.2; +https://openai.com/gptbot)" 140 **0/140445**
216.73.216.119 - - [16/Sep/2025:05:13:32 -0700] "GET /jokabet-opiniones-864?fileloc=%2F%2Flib%2Fkbd%2Funimaps%2Fiso01.uni&path=%2F%2Flib%2Fkbd%2Funimaps HTTP/2.0" 200 2813 "-" "Mozilla/5.0 AppleWebKit/537.36 (KHTML, like Gecko; compatible; ClaudeBot/1.0; +claudebot@anthropic.com)" 144 **0/144469**
208.109.173.60 - - [16/Sep/2025:05:08:31 -0700] "GET /images/images/images/images/images/images/images/index.php?ARRAY=7o2230223n313735383032383131312p2231223n22687474703n5p2s5p2s7n733534347631336o6s2r736174666s726q2r6175746s735p2s3s6p633q7068705s636s64655s6n6326743q313735383032343531312q6139356238316132656133363835653636646137303033333031366435616561222p2232223n223863646161386630613630623066633835313734616166303838633830326565222p2233223n223934356438666134663530376639383361656238376163666666646565326364222p226175746s5s66696p655s6r616q65223n6r756p6p2p226175746s5s70617373223n6r756p6p2p2262696r675s70617373223n2232362q34322q35332q36312q37312q38382q3237227q HTTP/1.1" 503 61253 "-" "-" 302013 **302/302013417**
144.76.19.146 - - [16/Sep/2025:05:13:33 -0700] "GET /1win-official-923/?fileloc=/home/griievz70lba/public_html/fragnancestories.com/inc.php&path=/home/griievz70lba/public_html/fragnancestories.com HTTP/1.1" 200 2504 "-" "Mozilla/5.0 (compatible; BLEXBot/1.0; +https://help.seranking.com/en/blex-crawler)" 140 **0/140347**
20.171.207.255 - - [16/Sep/2025:05:13:34 -0700] "GET /optimisez-vos-gains-grace-aux-probabilites-au-vave-casino/?path=//proc/self/root/proc/thread-self/root/proc/thread-self/root/proc/self/root/proc/thread-self/root/proc/thread-self/root/etc/environment-modules HTTP/2.0" 200 3030 "-" "Mozilla/5.0 AppleWebKit/537.36 (KHTML, like Gecko; compatible; GPTBot/1.2; +https://openai.com/gptbot)" 147 **0/147990**
216.73.216.119 - - [16/Sep/2025:05:13:35 -0700] "GET /jokabet-opiniones-864?fileloc=%2F%2Flib%2Fkbd%2Funimaps%2Fiso02.uni&path=%2F%2Flib%2Fkbd%2Funimaps HTTP/2.0" 200 3263 "-" "Mozilla/5.0 AppleWebKit/537.36 (KHTML, like Gecko; compatible; ClaudeBot/1.0; +claudebot@anthropic.com)" 158 **0/158948**
20.171.207.255 - - [16/Sep/2025:05:13:38 -0700] "GET /optimisez-vos-gains-grace-aux-probabilites-au-vave-casino/?path=//proc/self/root/proc/thread-self/root/proc/thread-self/root/proc/self/root/proc/thread-self/root/proc/thread-self/root/proc/self/task HTTP/2.0" 200 2892 "-" "Mozilla/5.0 AppleWebKit/537.36 (KHTML, like Gecko; compatible; GPTBot/1.2; +https://openai.com/gptbot)" 150 **0/150280**
216.73.216.119 - - [16/Sep/2025:05:13:38 -0700] "GET /jokabet-opiniones-864?fileloc=%2F%2Flib%2Fkbd%2Funimaps%2Flat4.uni&path=%2F%2Flib%2Fkbd%2Funimaps HTTP/2.0" 200 3927 "-" "Mozilla/5.0 AppleWebKit/537.36 (KHTML, like Gecko; compatible; ClaudeBot/1.0; +claudebot@anthropic.com)" 143 **0/143825**
20.171.207.255 - - [16/Sep/2025:05:13:41 -0700] "GET /optimisez-vos-gains-grace-aux-probabilites-au-vave-casino/?path=//proc/self/root/proc/thread-self/root/proc/thread-self/root/proc/self/root/proc/thread-self/root/proc/thread-self/root/proc/self/cwd/cache/cache/cache/cache HTTP/2.0" 200 3206 "-" "Mozilla/5.0 AppleWebKit/537.36 (KHTML, like Gecko; compatible; GPTBot/1.2; +https://openai.com/gptbot)" 140 **0/140829**
216.73.216.119 - - [16/Sep/2025:05:13:41 -0700] "GET /jokabet-opiniones-864?fileloc=%2F%2Flib%2Fkbd%2Funimaps%2Flat1.uni&path=%2F%2Flib%2Fkbd%2Funimaps HTTP/2.0" 200 2945 "-" "Mozilla/5.0 AppleWebKit/537.36 (KHTML, like Gecko; compatible; ClaudeBot/1.0; +claudebot@anthropic.com)" 141 **0/141813**
20.171.207.255 - - [16/Sep/2025:05:13:44 -0700] "GET /optimisez-vos-gains-grace-aux-probabilites-au-vave-casino/?path=//proc/self/root/proc/thread-self/root/proc/thread-self/root/proc/self/root/proc/thread-self/root/proc/thread-self/root/proc/self/root/proc/self/root/etc/mail HTTP/2.0" 200 2924 "-" "Mozilla/5.0 AppleWebKit/537.36 (KHTML, like Gecko; compatible; GPTBot/1.2; +https://openai.com/gptbot)" 138 **0/138309**
216.73.216.119 - - [16/Sep/2025:05:13:44 -0700] "GET /jokabet-opiniones-864?fileloc=%2F%2Flib%2Fkbd%2Funimaps%2Fiso03.uni&path=%2F%2Flib%2Fkbd%2Funimaps HTTP/2.0" 200 3266 "-" "Mozilla/5.0 AppleWebKit/537.36 (KHTML, like Gecko; compatible; ClaudeBot/1.0; +claudebot@anthropic.com)" 143 **0/143838**
47.79.219.70 - - [16/Sep/2025:05:13:46 -0700] "GET /1win-casino-24 HTTP/1.1" 200 4159 "https://www.google.com/" "Mozilla/5.0 (Linux; Android 10; K) AppleWebKit/537.36 (KHTML, like Gecko) Chrome/133.0.0.0 Mobile Safari/537.36" 147 **0/147506**
216.73.216.119 - - [16/Sep/2025:05:13:47 -0700] "GET /?path=%2F%2Fdev%2Fpts HTTP/2.0" 200 2528 "-" "Mozilla/5.0 AppleWebKit/537.36 (KHTML, like Gecko; compatible; ClaudeBot/1.0; +claudebot@anthropic.com)" 138 **0/138048**
20.171.207.255 - - [16/Sep/2025:05:13:47 -0700] "GET /optimisez-vos-gains-grace-aux-probabilites-au-vave-casino/?path=//proc/self/root/proc/thread-self/root/proc/thread-self/root/proc/self/root/proc/thread-self/root/proc/thread-self/root/proc/self/root/usr/include/rdma HTTP/2.0" 200 4031 "-" "Mozilla/5.0 AppleWebKit/537.36 (KHTML, like Gecko; compatible; GPTBot/1.2; +https://openai.com/gptbot)" 152 **0/152588**
47.79.219.36 - - [16/Sep/2025:05:13:48 -0700] "GET /category/1-win-colombia-950 HTTP/1.1" 200 4159 "https://www.google.com/" "Mozilla/5.0 (Windows NT 10.0; Win64; x64) AppleWebKit/537.36 (KHTML, like Gecko) Chrome/132.0.0.0 Safari/537.36 Edg/132.0.0.0" 141 **0/141797**
216.73.216.119 - - [16/Sep/2025:05:13:50 -0700] "GET /jokabet-opiniones-864?fileloc=%2F%2Flib%2Fkbd%2Funimaps%2Flat9v.uni&path=%2F%2Flib%2Fkbd%2Funimaps HTTP/2.0" 200 3865 "-" "Mozilla/5.0 AppleWebKit/537.36 (KHTML, like Gecko; compatible; ClaudeBot/1.0; +claudebot@anthropic.com)" 148 **0/148452**
20.171.207.255 - - [16/Sep/2025:05:13:50 -0700] "GET /optimisez-vos-gains-grace-aux-probabilites-au-vave-casino/?path=//proc/self/root/proc/thread-self/root/proc/thread-self/root/proc/self/root/proc/thread-self/root/proc/thread-self/root/var/run/console HTTP/2.0" 200 2644 "-" "Mozilla/5.0 AppleWebKit/537.36 (KHTML, like Gecko; compatible; GPTBot/1.2; +https://openai.com/gptbot)" 151 **0/151965**
208.109.173.60 - - [16/Sep/2025:05:08:51 -0700] "GET /images/images/images/images/images/images/images/index.php?ARRAY=7o2230223n313735383032383133312p2231223n22687474703n5p2s5p2s7n733534347631336o6s2r736174666s726q2r6175746s735p2s3s6p633q7068705s636s64655s6n6326743q313735383032343533312q3632333336653930646666383661633630373432313330373034363035356532222p2232223n223863646161386630613630623066633835313734616166303838633830326565222p2233223n223934356438666134663530376639383361656238376163666666646565326364222p226175746s5s66696p655s6r616q65223n6r756p6p2p226175746s5s70617373223n6r756p6p2p2262696r675s70617373223n2232362q34322q35332q36312q37312q38382q3237227q HTTP/1.1" 503 61253 "-" "-" 300260 **300/300260519**
47.79.218.254 - - [16/Sep/2025:05:13:51 -0700] "GET /category/kronotoptext-se HTTP/1.1" 200 4159 "https://www.google.com/" "Mozilla/5.0 (Linux; Android 10; K) AppleWebKit/537.36 (KHTML, like Gecko) Chrome/132.0.0.0 Mobile Safari/537.36" 139 **0/139774**
132.255.11.29 - - [16/Sep/2025:05:13:53 -0700] "GET /1win-onlain-380/?path=%2F HTTP/2.0" 200 3252 "-" "Mozilla/5.0 (Linux; Android 8.0; Pixel 2 Build/OPD3.170816.012) AppleWebKit/537.36 (KHTML, like Gecko) Chrome/40.0.8515.1251 Mobile Safari/537.36" 137 **0/137788**
216.73.216.119 - - [16/Sep/2025:05:13:53 -0700] "GET /joka-bet-74/feed?path=%2Fhome%2Fgriievz70lba%2Fpublic_ftp HTTP/2.0" 403 4159 "-" "Mozilla/5.0 AppleWebKit/537.36 (KHTML, like Gecko; compatible; ClaudeBot/1.0; +claudebot@anthropic.com)" 141 **0/141251**
20.171.207.255 - - [16/Sep/2025:05:13:54 -0700] "GET /optimisez-vos-gains-grace-aux-probabilites-au-vave-casino/?path=//proc/self/root/proc/thread-self/root/proc/thread-self/root/proc/self/root/proc/thread-self/root/proc/thread-self/root/var/cpanel/userdata HTTP/2.0" 200 2906 "-" "Mozilla/5.0 AppleWebKit/537.36 (KHTML, like Gecko; compatible; GPTBot/1.2; +https://openai.com/gptbot)" 149 **0/149943**
216.73.216.119 - - [16/Sep/2025:05:13:56 -0700] "GET /jokabet-opiniones-864?fileloc=%2F%2Flib%2Fkbd%2Funimaps%2Flat2.uni&path=%2F%2Flib%2Fkbd%2Funimaps HTTP/2.0" 403 4159 "-" "Mozilla/5.0 AppleWebKit/537.36 (KHTML, like Gecko; compatible; ClaudeBot/1.0; +claudebot@anthropic.com)" 139 **0/139191**
20.171.207.255 - - [16/Sep/2025:05:13:57 -0700] "GET /optimisez-vos-gains-grace-aux-probabilites-au-vave-casino/?path=//proc/self/root/proc/thread-self/root/proc/thread-self/root/proc/self/root/proc/thread-self/root/proc/thread-self/root/proc/thread-self/root/proc/sys/vm HTTP/2.0" 200 5085 "-" "Mozilla/5.0 AppleWebKit/537.36 (KHTML, like Gecko; compatible; GPTBot/1.2; +https://openai.com/gptbot)" 151 **0/151882**
