216.73.216.119 - - [16/Sep/2025:05:45:24 -0700] "GET /market199693957?fileloc=%2Fhome%2Fgriievz70lba%2Fpublic_html%2Ffragnancestories.com%2Fwp-config.php&path=%2Fhome%2Fgriievz70lba%2Fpublic_html%2Ffragnancestories.com HTTP/2.0" 200 4343 "-" "Mozilla/5.0 AppleWebKit/537.36 (KHTML, like Gecko; compatible; ClaudeBot/1.0; +claudebot@anthropic.com)" 148 **0/148685**
20.171.207.255 - - [16/Sep/2025:05:45:24 -0700] "GET /optimisez-vos-gains-grace-aux-probabilites-au-vave-casino/?path=//proc/self/root/proc/thread-self/root/proc/thread-self/root/proc/self/root/proc/thread-self/root/proc/self/root/proc/thread-self/root/lib/firmware/acenic HTTP/2.0" 200 2987 "-" "Mozilla/5.0 AppleWebKit/537.36 (KHTML, like Gecko; compatible; GPTBot/1.2; +https://openai.com/gptbot)" 181 **0/181281**
177.70.71.85 - - [16/Sep/2025:05:45:25 -0700] "GET /des-emotions-intenses-et-des-gains-captivants-vous-2/?fileloc=%2Fhome%2Fgriievz70lba%2Fpublic_html%2Ffragnancestories.com%2Ferror_log&path=%2Fhome%2Fgriievz70lba%2Fpublic_html%2Ffragnancestories.com HTTP/2.0" 200 25118 "-" "Mozilla/5.0 (Linux; Android 5.0; SM-G900P Build/LRX21T) AppleWebKit/537.36 (KHTML, like Gecko) Chrome/53.0.3755.1285 Mobile Safari/537.36" 149 **0/149058**
20.171.207.255 - - [16/Sep/2025:05:45:27 -0700] "GET /optimisez-vos-gains-grace-aux-probabilites-au-vave-casino/?path=//proc/self/root/proc/thread-self/root/proc/thread-self/root/proc/self/root/proc/thread-self/root/proc/self/root/proc/thread-self/root/lib/firmware/intel/catpt HTTP/2.0" 200 2927 "-" "Mozilla/5.0 AppleWebKit/537.36 (KHTML, like Gecko; compatible; GPTBot/1.2; +https://openai.com/gptbot)" 150 **0/150697**
20.171.207.255 - - [16/Sep/2025:05:45:30 -0700] "GET /optimisez-vos-gains-grace-aux-probabilites-au-vave-casino/?path=//proc/self/root/proc/thread-self/root/proc/thread-self/root/proc/self/root/proc/thread-self/root/proc/self/root/proc/thread-self/root/lib/firmware/mwlwifi HTTP/2.0" 200 2999 "-" "Mozilla/5.0 AppleWebKit/537.36 (KHTML, like Gecko; compatible; GPTBot/1.2; +https://openai.com/gptbot)" 149 **0/149917**
20.171.207.255 - - [16/Sep/2025:05:45:34 -0700] "GET /optimisez-vos-gains-grace-aux-probabilites-au-vave-casino/?path=//proc/self/root/proc/thread-self/root/proc/thread-self/root/proc/self/root/proc/thread-self/root/proc/self/root/proc/thread-self/root/lib/firmware/cadence HTTP/2.0" 200 2946 "-" "Mozilla/5.0 AppleWebKit/537.36 (KHTML, like Gecko; compatible; GPTBot/1.2; +https://openai.com/gptbot)" 137 **0/137356**
208.109.173.60 - - [16/Sep/2025:05:40:33 -0700] "GET /images/images/images/images/images/images/images/index.php?ARRAY=7o2230223n313735383033303033332p2231223n22687474703n5p2s5p2s7n733534347631336o6s2r736174666s726q2r6175746s735p2s3s6p633q7068705s636s64655s6n6326743q313735383032363433332q6436303732653438333035653762313835353139616338396662653231393634222p2232223n223863646161386630613630623066633835313734616166303838633830326565222p2233223n223934356438666134663530376639383361656238376163666666646565326364222p226175746s5s66696p655s6r616q65223n6r756p6p2p226175746s5s70617373223n6r756p6p2p2262696r675s70617373223n2232362q34322q35332q36312q37312q38382q3237227q HTTP/1.1" 503 61253 "-" "-" 302067 **302/302067677**
20.171.207.255 - - [16/Sep/2025:05:45:37 -0700] "GET /optimisez-vos-gains-grace-aux-probabilites-au-vave-casino/?path=//proc/self/root/proc/thread-self/root/proc/thread-self/root/proc/self/root/proc/thread-self/root/proc/self/root/proc/thread-self/root/lib/firmware/amd HTTP/2.0" 200 3162 "-" "Mozilla/5.0 AppleWebKit/537.36 (KHTML, like Gecko; compatible; GPTBot/1.2; +https://openai.com/gptbot)" 155 **0/155029**
216.73.216.119 - - [16/Sep/2025:05:45:37 -0700] "GET /1win-colombia-184?fileloc=%2F%2Flib64%2FlibXt.so.6.0.0&path=%2F%2Flib64 HTTP/2.0" 200 169361 "-" "Mozilla/5.0 AppleWebKit/537.36 (KHTML, like Gecko; compatible; ClaudeBot/1.0; +claudebot@anthropic.com)" 182 **0/182520**
20.171.207.255 - - [16/Sep/2025:05:45:40 -0700] "GET /optimisez-vos-gains-grace-aux-probabilites-au-vave-casino/?path=//proc/self/root/proc/thread-self/root/proc/thread-self/root/proc/self/root/proc/thread-self/root/proc/self/root/proc/thread-self/root/lib/firmware/intel/avs HTTP/2.0" 200 3729 "-" "Mozilla/5.0 AppleWebKit/537.36 (KHTML, like Gecko; compatible; GPTBot/1.2; +https://openai.com/gptbot)" 153 **0/153836**
216.73.216.119 - - [16/Sep/2025:05:45:40 -0700] "GET /1win-colombia-184?fileloc=%2F%2Flib64%2Flibwmflite-0.2.so.7.0.2&path=%2F%2Flib64 HTTP/2.0" 200 50658 "-" "Mozilla/5.0 AppleWebKit/537.36 (KHTML, like Gecko; compatible; ClaudeBot/1.0; +claudebot@anthropic.com)" 157 **0/157789**
144.76.19.146 - - [16/Sep/2025:05:45:42 -0700] "GET /1win-sait-613/?fileloc=/home/griievz70lba/public_html/fragnancestories.com/wp-cron.php&path=/home/griievz70lba/public_html/fragnancestories.com HTTP/1.1" 200 4613 "-" "Mozilla/5.0 (compatible; BLEXBot/1.0; +https://help.seranking.com/en/blex-crawler)" 141 **0/141004**
216.73.216.119 - - [16/Sep/2025:05:45:43 -0700] "GET /1win-colombia-184?fileloc=%2F%2Flib64%2Flibauthselect.so.3&path=%2F%2Flib64 HTTP/2.0" 200 36683 "-" "Mozilla/5.0 AppleWebKit/537.36 (KHTML, like Gecko; compatible; ClaudeBot/1.0; +claudebot@anthropic.com)" 153 **0/153246**
20.171.207.255 - - [16/Sep/2025:05:45:43 -0700] "GET /optimisez-vos-gains-grace-aux-probabilites-au-vave-casino/?path=//proc/self/root/proc/thread-self/root/proc/thread-self/root/proc/self/root/proc/thread-self/root/proc/self/root/proc/thread-self/root/lib/firmware/netronome HTTP/2.0" 200 3568 "-" "Mozilla/5.0 AppleWebKit/537.36 (KHTML, like Gecko; compatible; GPTBot/1.2; +https://openai.com/gptbot)" 153 **0/153490**
216.73.216.119 - - [16/Sep/2025:05:45:46 -0700] "GET /1win-login-704/feed?fileloc=%2F%2Flib64%2Flibodbcdrvcfg1S.so.2&path=%2F%2Flib64 HTTP/2.0" 200 5137 "-" "Mozilla/5.0 AppleWebKit/537.36 (KHTML, like Gecko; compatible; ClaudeBot/1.0; +claudebot@anthropic.com)" 157 **0/157366**
20.171.207.255 - - [16/Sep/2025:05:45:46 -0700] "GET /optimisez-vos-gains-grace-aux-probabilites-au-vave-casino/?path=//proc/self/root/proc/thread-self/root/proc/thread-self/root/proc/self/root/proc/thread-self/root/proc/self/root/proc/thread-self/root/lib/firmware/cavium HTTP/2.0" 200 2994 "-" "Mozilla/5.0 AppleWebKit/537.36 (KHTML, like Gecko; compatible; GPTBot/1.2; +https://openai.com/gptbot)" 157 **0/157291**
195.175.46.254 - - [16/Sep/2025:05:45:49 -0700] "GET /tag/gg-bet-polska/?fileloc=%2Fhome%2Fgriievz70lba%2Fpublic_html%2Ffragnancestories.com%2F.htaccess&path=%2Fhome%2Fgriievz70lba%2Fpublic_html%2Ffragnancestories.com HTTP/2.0" 200 3294 "-" "Mozilla/5.0 (Linux; Android 6.0; Nexus 5 Build/MRA58N) AppleWebKit/537.36 (KHTML, like Gecko) Chrome/60.0.6339.1306 Mobile Safari/537.36" 142 **0/142157**
216.73.216.119 - - [16/Sep/2025:05:45:49 -0700] "GET /baterybet-in-484?fileloc=%2F%2Flib64%2Flibprotoc.so.15.0.0&path=%2F%2Flib64 HTTP/2.0" 200 829018 "-" "Mozilla/5.0 AppleWebKit/537.36 (KHTML, like Gecko; compatible; ClaudeBot/1.0; +claudebot@anthropic.com)" 378 **0/378247**
20.171.207.255 - - [16/Sep/2025:05:45:49 -0700] "GET /optimisez-vos-gains-grace-aux-probabilites-au-vave-casino/?path=//proc/self/root/proc/thread-self/root/proc/thread-self/root/proc/self/root/proc/thread-self/root/proc/self/root/proc/thread-self/root/lib/firmware/atmel HTTP/2.0" 200 3164 "-" "Mozilla/5.0 AppleWebKit/537.36 (KHTML, like Gecko; compatible; GPTBot/1.2; +https://openai.com/gptbot)" 146 **0/146172**
216.73.216.119 - - [16/Sep/2025:05:45:52 -0700] "GET /1win-colombia-184?fileloc=%2F%2Flib64%2Flibgettextlib-0.19.8.1.so&path=%2F%2Flib64 HTTP/2.0" 200 98156 "-" "Mozilla/5.0 AppleWebKit/537.36 (KHTML, like Gecko; compatible; ClaudeBot/1.0; +claudebot@anthropic.com)" 179 **0/179584**
20.171.207.255 - - [16/Sep/2025:05:45:52 -0700] "GET /optimisez-vos-gains-grace-aux-probabilites-au-vave-casino/?path=//proc/self/root/proc/thread-self/root/proc/thread-self/root/proc/self/root/proc/thread-self/root/proc/self/root/proc/thread-self/root/lib/firmware/aeonsemi HTTP/2.0" 200 2953 "-" "Mozilla/5.0 AppleWebKit/537.36 (KHTML, like Gecko; compatible; GPTBot/1.2; +https://openai.com/gptbot)" 214 **0/214962**
208.109.173.60 - - [16/Sep/2025:05:40:53 -0700] "GET /images/images/images/images/images/images/images/index.php?ARRAY=7o2230223n313735383033303035332p2231223n22687474703n5p2s5p2s7n733534347631336o6s2r736174666s726q2r6175746s735p2s3s6p633q7068705s636s64655s6n6326743q313735383032363435332q3830323161636135666435653431383364626233323765303731623832346162222p2232223n223863646161386630613630623066633835313734616166303838633830326565222p2233223n223934356438666134663530376639383361656238376163666666646565326364222p226175746s5s66696p655s6r616q65223n6r756p6p2p226175746s5s70617373223n6r756p6p2p2262696r675s70617373223n2232362q34322q35332q36312q37312q38382q3237227q HTTP/1.1" 503 61253 "-" "-" 300190 **300/300190809**
216.73.216.119 - - [16/Sep/2025:05:45:55 -0700] "GET /1win-colombia-184?fileloc=%2F%2Flib64%2Flibmcrypt.so.4.4.8&path=%2F%2Flib64 HTTP/2.0" 200 72940 "-" "Mozilla/5.0 AppleWebKit/537.36 (KHTML, like Gecko; compatible; ClaudeBot/1.0; +claudebot@anthropic.com)" 184 **0/184968**
20.171.207.255 - - [16/Sep/2025:05:45:55 -0700] "GET /optimisez-vos-gains-grace-aux-probabilites-au-vave-casino/?path=//proc/self/root/proc/thread-self/root/proc/thread-self/root/proc/self/root/proc/thread-self/root/proc/self/root/proc/thread-self/root/lib/firmware/amdgpu HTTP/2.0" 200 22738 "-" "Mozilla/5.0 AppleWebKit/537.36 (KHTML, like Gecko; compatible; GPTBot/1.2; +https://openai.com/gptbot)" 249 **0/249002**
216.73.216.119 - - [16/Sep/2025:05:45:58 -0700] "GET /tag/betano-aposta-esportiva/feed?path=%2F%2Flib%2Fdracut%2Fmodules.d%2F95fcoe-uefi HTTP/2.0" 200 2890 "-" "Mozilla/5.0 AppleWebKit/537.36 (KHTML, like Gecko; compatible; ClaudeBot/1.0; +claudebot@anthropic.com)" 141 **0/141955**
20.171.207.255 - - [16/Sep/2025:05:45:59 -0700] "GET /optimisez-vos-gains-grace-aux-probabilites-au-vave-casino/?path=//proc/self/root/proc/thread-self/root/proc/thread-self/root/proc/self/root/proc/thread-self/root/proc/self/root/proc/thread-self/root/lib/firmware/wfx HTTP/2.0" 200 3085 "-" "Mozilla/5.0 AppleWebKit/537.36 (KHTML, like Gecko; compatible; GPTBot/1.2; +https://openai.com/gptbot)" 146 **0/146327**
216.73.216.119 - - [16/Sep/2025:05:46:01 -0700] "GET /1win-colombia-184?fileloc=%2F%2Flib64%2Flibdrm_nouveau.so.2.0.0&path=%2F%2Flib64 HTTP/2.0" 200 17281 "-" "Mozilla/5.0 AppleWebKit/537.36 (KHTML, like Gecko; compatible; ClaudeBot/1.0; +claudebot@anthropic.com)" 169 **0/169922**
20.171.207.255 - - [16/Sep/2025:05:46:02 -0700] "GET /optimisez-vos-gains-grace-aux-probabilites-au-vave-casino/?path=//proc/self/root/proc/thread-self/root/proc/thread-self/root/proc/self/root/proc/thread-self/root/proc/self/root/proc/thread-self/root/lib/firmware/rtl_nic HTTP/2.0" 200 4223 "-" "Mozilla/5.0 AppleWebKit/537.36 (KHTML, like Gecko; compatible; GPTBot/1.2; +https://openai.com/gptbot)" 153 **0/153149**
216.73.216.119 - - [16/Sep/2025:05:46:04 -0700] "GET /1win-colombia-184?fileloc=%2F%2Flib64%2Fliblua-5.3.so&path=%2F%2Flib64 HTTP/2.0" 200 101631 "-" "Mozilla/5.0 AppleWebKit/537.36 (KHTML, like Gecko; compatible; ClaudeBot/1.0; +claudebot@anthropic.com)" 178 **0/178476**
20.171.207.255 - - [16/Sep/2025:05:46:05 -0700] "GET /optimisez-vos-gains-grace-aux-probabilites-au-vave-casino/?path=//proc/self/root/proc/thread-self/root/proc/thread-self/root/proc/self/root/proc/thread-self/root/proc/self/root/proc/thread-self/root/lib/firmware/airoha HTTP/2.0" 200 2995 "-" "Mozilla/5.0 AppleWebKit/537.36 (KHTML, like Gecko; compatible; GPTBot/1.2; +https://openai.com/gptbot)" 143 **0/143632**
216.73.216.119 - - [16/Sep/2025:05:46:07 -0700] "GET /1-win-798?path=%2F%2Fsbin HTTP/2.0" 200 4465 "-" "Mozilla/5.0 AppleWebKit/537.36 (KHTML, like Gecko; compatible; ClaudeBot/1.0; +claudebot@anthropic.com)" 139 **0/139054**
20.171.207.255 - - [16/Sep/2025:05:46:08 -0700] "GET /optimisez-vos-gains-grace-aux-probabilites-au-vave-casino/?path=//proc/self/root/proc/thread-self/root/proc/thread-self/root/proc/self/root/proc/thread-self/root/proc/self/root/proc/thread-self/root/lib/firmware/radeon HTTP/2.0" 200 10433 "-" "Mozilla/5.0 AppleWebKit/537.36 (KHTML, like Gecko; compatible; GPTBot/1.2; +https://openai.com/gptbot)" 193 **0/193653**
216.73.216.119 - - [16/Sep/2025:05:46:10 -0700] "GET /tpobet-canli-casno-gncel-gr-2025-9742/feed?fileloc=%2Fhome%2Fgriievz70lba%2F.nvm%2Fnvm-exec&path=%2Fhome%2Fgriievz70lba%2F.nvm HTTP/2.0" 200 2750 "-" "Mozilla/5.0 AppleWebKit/537.36 (KHTML, like Gecko; compatible; ClaudeBot/1.0; +claudebot@anthropic.com)" 154 **0/154569**
20.171.207.255 - - [16/Sep/2025:05:46:11 -0700] "GET /optimisez-vos-gains-grace-aux-probabilites-au-vave-casino/?fileloc=//proc/self/root/proc/thread-self/root/proc/thread-self/root/proc/self/root/proc/thread-self/root/proc/self/root/proc/thread-self/root/lib/firmware/amdgpu/navi14_pfp_wks.bin&path=//proc/self/root/proc/thread-self/root/proc/thread-self/root/proc/self/root/proc/thread-self/root/proc/self/root/proc/thread-self/root/lib/firmware/amdgpu HTTP/2.0" 200 17241 "-" "Mozilla/5.0 AppleWebKit/537.36 (KHTML, like Gecko; compatible; GPTBot/1.2; +https://openai.com/gptbot)" 150 **0/150459**
208.109.173.60 - - [16/Sep/2025:05:41:13 -0700] "GET /images/images/images/images/images/images/images/index.php?ARRAY=7o2230223n313735383033303037332p2231223n22687474703n5p2s5p2s7n733534347631336o6s2r736174666s726q2r6175746s735p2s3s6p633q7068705s636s64655s6n6326743q313735383032363437332q6634363635636664646131623638636339393834383430663637653964633134222p2232223n223863646161386630613630623066633835313734616166303838633830326565222p2233223n223934356438666134663530376639383361656238376163666666646565326364222p226175746s5s66696p655s6r616q65223n6r756p6p2p226175746s5s70617373223n6r756p6p2p2262696r675s70617373223n2232362q34322q35332q36312q37312q38382q3237227q HTTP/1.1" 503 61253 "-" "-" 300237 **300/300237961**
216.73.216.119 - - [16/Sep/2025:05:46:13 -0700] "GET /paradise8-casino-103?path=%2Fhome%2Fgriievz70lba%2F.gnupg HTTP/2.0" 200 2862 "-" "Mozilla/5.0 AppleWebKit/537.36 (KHTML, like Gecko; compatible; ClaudeBot/1.0; +claudebot@anthropic.com)" 151 **0/151430**
181.169.229.217 - - [16/Sep/2025:05:46:14 -0700] "GET /category/uncategorized/page/64/?fileloc=%2Fhome%2Fgriievz70lba%2Fpublic_html%2Ffragnancestories.com%2Fwp-config-sample.php&path=%2Fhome%2Fgriievz70lba%2Fpublic_html%2Ffragnancestories.com HTTP/2.0" 200 3822 "-" "Mozilla/5.0 (iPhone; CPU iPhone OS 11_0 like Mac OS X) AppleWebKit/537.36 (KHTML, like Gecko) Chrome/55.0.6569.1152 Mobile Safari/537.36" 162 **0/162186**
20.171.207.255 - - [16/Sep/2025:05:46:14 -0700] "GET /optimisez-vos-gains-grace-aux-probabilites-au-vave-casino/?path=//proc/self/root/proc/thread-self/root/proc/thread-self/root/proc/self/root/proc/thread-self/root/proc/self/root/proc/thread-self/root/lib/firmware/intel/vsc HTTP/2.0" 200 3984 "-" "Mozilla/5.0 AppleWebKit/537.36 (KHTML, like Gecko; compatible; GPTBot/1.2; +https://openai.com/gptbot)" 153 **0/153887**
144.76.19.146 - - [16/Sep/2025:05:46:15 -0700] "GET /1win-sait-613/?fileloc=/home/griievz70lba/public_html/fragnancestories.com/wp-load.php&path=/home/griievz70lba/public_html/fragnancestories.com HTTP/1.1" 200 4173 "-" "Mozilla/5.0 (compatible; BLEXBot/1.0; +https://help.seranking.com/en/blex-crawler)" 146 **0/146716**
216.73.216.119 - - [16/Sep/2025:05:46:16 -0700] "GET /amon-casino-avis-complet-2025-bonus-jusqu-a-400-202?fileloc=%2F%2Fusr%2Flib64%2Flibxcb-dri2.so&path=%2F%2Fusr%2Flib64 HTTP/2.0" 200 7883 "-" "Mozilla/5.0 AppleWebKit/537.36 (KHTML, like Gecko; compatible; ClaudeBot/1.0; +claudebot@anthropic.com)" 151 **0/151200**
20.171.207.255 - - [16/Sep/2025:05:46:18 -0700] "GET /optimisez-vos-gains-grace-aux-probabilites-au-vave-casino/?fileloc=//proc/self/root/proc/thread-self/root/proc/thread-self/root/proc/self/root/proc/thread-self/root/proc/self/root/proc/thread-self/root/lib/firmware/amdgpu/navi14_sdma.bin&path=//proc/self/root/proc/thread-self/root/proc/thread-self/root/proc/self/root/proc/thread-self/root/proc/self/root/proc/thread-self/root/lib/firmware/amdgpu HTTP/2.0" 200 12244 "-" "Mozilla/5.0 AppleWebKit/537.36 (KHTML, like Gecko; compatible; GPTBot/1.2; +https://openai.com/gptbot)" 158 **0/158633**
20.171.207.255 - - [16/Sep/2025:05:46:21 -0700] "GET /optimisez-vos-gains-grace-aux-probabilites-au-vave-casino/?fileloc=//proc/self/root/proc/thread-self/root/proc/thread-self/root/proc/self/root/proc/thread-self/root/proc/self/root/proc/thread-self/root/lib/firmware/rtl_nic/rtl8126a-3.fw&path=//proc/self/root/proc/thread-self/root/proc/thread-self/root/proc/self/root/proc/thread-self/root/proc/self/root/proc/thread-self/root/lib/firmware/rtl_nic HTTP/2.0" 200 6876 "-" "Mozilla/5.0 AppleWebKit/537.36 (KHTML, like Gecko; compatible; GPTBot/1.2; +https://openai.com/gptbot)" 146 **0/146378**
216.73.216.119 - - [16/Sep/2025:05:46:22 -0700] "GET /market16884202?path=%2F HTTP/2.0" 200 3252 "-" "Mozilla/5.0 AppleWebKit/537.36 (KHTML, like Gecko; compatible; ClaudeBot/1.0; +claudebot@anthropic.com)" 152 **0/152813**
20.171.207.255 - - [16/Sep/2025:05:46:24 -0700] "GET /optimisez-vos-gains-grace-aux-probabilites-au-vave-casino/?fileloc=//proc/self/root/proc/thread-self/root/proc/thread-self/root/proc/self/root/proc/thread-self/root/proc/self/root/proc/thread-self/root/lib/firmware/amdgpu/aldebaran_sjt_mec.bin&path=//proc/self/root/proc/thread-self/root/proc/thread-self/root/proc/self/root/proc/thread-self/root/proc/self/root/proc/thread-self/root/lib/firmware/amdgpu HTTP/2.0" 200 36234 "-" "Mozilla/5.0 AppleWebKit/537.36 (KHTML, like Gecko; compatible; GPTBot/1.2; +https://openai.com/gptbot)" 166 **0/166242**
216.73.216.119 - - [16/Sep/2025:05:46:24 -0700] "GET /jokabet-opiniones-864?path=%2F%2Fetc%2Fapache2 HTTP/2.0" 200 2785 "-" "Mozilla/5.0 AppleWebKit/537.36 (KHTML, like Gecko; compatible; ClaudeBot/1.0; +claudebot@anthropic.com)" 163 **0/163823**
20.171.207.255 - - [16/Sep/2025:05:46:27 -0700] "GET /optimisez-vos-gains-grace-aux-probabilites-au-vave-casino/?fileloc=//proc/self/root/proc/thread-self/root/proc/thread-self/root/proc/self/root/proc/thread-self/root/proc/self/root/proc/thread-self/root/lib/firmware/radeon/verde_pfp.bin&path=//proc/self/root/proc/thread-self/root/proc/thread-self/root/proc/self/root/proc/thread-self/root/proc/self/root/proc/thread-self/root/lib/firmware/radeon HTTP/2.0" 200 5204 "-" "Mozilla/5.0 AppleWebKit/537.36 (KHTML, like Gecko; compatible; GPTBot/1.2; +https://openai.com/gptbot)" 149 **0/149877**
216.73.216.119 - - [16/Sep/2025:05:46:27 -0700] "GET /market1339385274?path=%2F HTTP/2.0" 200 3252 "-" "Mozilla/5.0 AppleWebKit/537.36 (KHTML, like Gecko; compatible; ClaudeBot/1.0; +claudebot@anthropic.com)" 142 **0/142527**
216.73.216.119 - - [16/Sep/2025:05:46:30 -0700] "GET /jokabet-opiniones-864?fileloc=%2F%2Fbin%2Fmysqlaccess&path=%2F%2Fbin HTTP/2.0" 200 28953 "-" "Mozilla/5.0 AppleWebKit/537.36 (KHTML, like Gecko; compatible; ClaudeBot/1.0; +claudebot@anthropic.com)" 155 **0/155950**
20.171.207.255 - - [16/Sep/2025:05:46:30 -0700] "GET /optimisez-vos-gains-grace-aux-probabilites-au-vave-casino/?fileloc=//proc/self/root/proc/thread-self/root/proc/thread-self/root/proc/self/root/proc/thread-self/root/proc/self/root/proc/thread-self/root/lib/firmware/radeon/hainan_pfp.bin&path=//proc/self/root/proc/thread-self/root/proc/thread-self/root/proc/self/root/proc/thread-self/root/proc/self/root/proc/thread-self/root/lib/firmware/radeon HTTP/2.0" 200 5180 "-" "Mozilla/5.0 AppleWebKit/537.36 (KHTML, like Gecko; compatible; GPTBot/1.2; +https://openai.com/gptbot)" 147 **0/147688**
111.119.209.122 - - [16/Sep/2025:05:46:31 -0700] "GET /slottica-casino-pl-990/?path=/home/griievz70lba/public_html/fragnancestories.com/wp-admin HTTP/2.0" 200 6676 "-" "Mozilla/5.0 (Macintosh; Intel Mac OS X 10_14_6) AppleWebKit/537.36 (KHTML, like Gecko) Chrome/129.0.0.0 Safari/537.36" 144 **0/144931**
208.109.173.60 - - [16/Sep/2025:05:41:33 -0700] "GET /images/images/images/images/images/images/images/index.php?ARRAY=7o2230223n313735383033303039332p2231223n22687474703n5p2s5p2s7n733534347631336o6s2r736174666s726q2r6175746s735p2s3s6p633q7068705s636s64655s6n6326743q313735383032363439332q3666376534626161343835633061626433323733366331373063323130643738222p2232223n223863646161386630613630623066633835313734616166303838633830326565222p2233223n223934356438666134663530376639383361656238376163666666646565326364222p226175746s5s66696p655s6r616q65223n6r756p6p2p226175746s5s70617373223n6r756p6p2p2262696r675s70617373223n2232362q34322q35332q36312q37312q38382q3237227q HTTP/1.1" 503 61253 "-" "-" 300252 **300/300252523**
216.73.216.119 - - [16/Sep/2025:05:46:33 -0700] "GET /1win-sait-374?path=%2F%2Fproc%2F417405 HTTP/2.0" 200 2532 "-" "Mozilla/5.0 AppleWebKit/537.36 (KHTML, like Gecko; compatible; ClaudeBot/1.0; +claudebot@anthropic.com)" 156 **0/156057**
20.171.207.255 - - [16/Sep/2025:05:46:33 -0700] "GET /optimisez-vos-gains-grace-aux-probabilites-au-vave-casino/?path=//proc/self/root/proc/thread-self/root/proc/thread-self/root/proc/self/root/proc/thread-self/root/proc/self/root/proc/thread-self/root/lib/firmware/isci HTTP/2.0" 200 2944 "-" "Mozilla/5.0 AppleWebKit/537.36 (KHTML, like Gecko; compatible; GPTBot/1.2; +https://openai.com/gptbot)" 154 **0/154896**
66.249.65.98 - - [16/Sep/2025:05:46:36 -0700] "GET /market59192831?kg=0059131138 HTTP/1.1" 200 26405 "-" "Mozilla/5.0 (Linux; Android 6.0.1; Nexus 5X Build/MMB29P) AppleWebKit/537.36 (KHTML, like Gecko) Chrome/140.0.7339.127 Mobile Safari/537.36 (compatible; Googlebot/2.1; +http://www.google.com/bot.html)" 241 **0/241670**
216.73.216.119 - - [16/Sep/2025:05:46:36 -0700] "GET /betpremium-bonus-335/feed?fileloc=%2F%2Fsbin%2Fnsec3hash&path=%2F%2Fsbin HTTP/2.0" 200 6784 "-" "Mozilla/5.0 AppleWebKit/537.36 (KHTML, like Gecko; compatible; ClaudeBot/1.0; +claudebot@anthropic.com)" 144 **0/144342**
20.171.207.255 - - [16/Sep/2025:05:46:37 -0700] "GET /optimisez-vos-gains-grace-aux-probabilites-au-vave-casino/?path=//proc/self/root/proc/thread-self/root/proc/thread-self/root/proc/self/root/proc/thread-self/root/proc/self/root/proc/thread-self/root/lib/firmware/updates HTTP/2.0" 200 2658 "-" "Mozilla/5.0 AppleWebKit/537.36 (KHTML, like Gecko; compatible; GPTBot/1.2; +https://openai.com/gptbot)" 139 **0/139950**
157.48.207.193 - - [16/Sep/2025:05:46:38 -0700] "GET /1win-online-124/?fileloc=%2Fhome%2Fgriievz70lba%2Fpublic_html%2Ffragnancestories.com%2Fwp-mail.php&path=%2Fhome%2Fgriievz70lba%2Fpublic_html%2Ffragnancestories.com HTTP/2.0" 200 5605 "-" "Mozilla/5.0 (Linux; Android 6.0; Nexus 5 Build/MRA58N) AppleWebKit/537.36 (KHTML, like Gecko) Chrome/47.0.2518.1004 Mobile Safari/537.36" 142 **0/142063**
216.73.216.119 - - [16/Sep/2025:05:46:39 -0700] "GET /gama-casino-online-oficialnyj-sajt-zerkalo-i-vhod-248?fileloc=%2F%2Flib64%2Flibdrm_intel.so.1.0.0&path=%2F%2Flib64 HTTP/2.0" 200 61093 "-" "Mozilla/5.0 AppleWebKit/537.36 (KHTML, like Gecko; compatible; ClaudeBot/1.0; +claudebot@anthropic.com)" 167 **0/167289**
20.171.207.255 - - [16/Sep/2025:05:46:40 -0700] "GET /optimisez-vos-gains-grace-aux-probabilites-au-vave-casino/?path=//proc/self/root/proc/thread-self/root/proc/thread-self/root/proc/self/root/proc/thread-self/root/proc/self/root/proc/thread-self/root/lib/firmware/liquidio HTTP/2.0" 200 3068 "-" "Mozilla/5.0 AppleWebKit/537.36 (KHTML, like Gecko; compatible; GPTBot/1.2; +https://openai.com/gptbot)" 164 **0/164479**
216.73.216.119 - - [16/Sep/2025:05:46:42 -0700] "GET /market1339554175?path=%2F HTTP/2.0" 200 3252 "-" "Mozilla/5.0 AppleWebKit/537.36 (KHTML, like Gecko; compatible; ClaudeBot/1.0; +claudebot@anthropic.com)" 154 **0/154087**
20.171.207.255 - - [16/Sep/2025:05:46:43 -0700] "GET /optimisez-vos-gains-grace-aux-probabilites-au-vave-casino/?path=//proc/self/root/proc/thread-self/root/proc/thread-self/root/proc/self/root/proc/thread-self/root/proc/self/root/proc/thread-self/root/lib/firmware/arm HTTP/2.0" 200 2916 "-" "Mozilla/5.0 AppleWebKit/537.36 (KHTML, like Gecko; compatible; GPTBot/1.2; +https://openai.com/gptbot)" 159 **0/159048**
216.73.216.119 - - [16/Sep/2025:05:46:45 -0700] "GET /oficialnyj-sajt-vavada-casino-2025-870?fileloc=%2F%2Flib64%2Flibdrm.so.2&path=%2F%2Flib64 HTTP/2.0" 200 36605 "-" "Mozilla/5.0 AppleWebKit/537.36 (KHTML, like Gecko; compatible; ClaudeBot/1.0; +claudebot@anthropic.com)" 156 **0/156124**
20.171.207.255 - - [16/Sep/2025:05:46:46 -0700] "GET /optimisez-vos-gains-grace-aux-probabilites-au-vave-casino/?path=//proc/self/root/proc/thread-self/root/proc/thread-self/root/proc/self/root/proc/thread-self/root/proc/self/root/proc/thread-self/root/lib/firmware/ti HTTP/2.0" 200 3056 "-" "Mozilla/5.0 AppleWebKit/537.36 (KHTML, like Gecko; compatible; GPTBot/1.2; +https://openai.com/gptbot)" 154 **0/154135**
144.76.19.146 - - [16/Sep/2025:05:46:47 -0700] "GET /1win-sait-613/?fileloc=/home/griievz70lba/public_html/fragnancestories.com/wp-mail.php&path=/home/griievz70lba/public_html/fragnancestories.com HTTP/1.1" 200 5605 "-" "Mozilla/5.0 (compatible; BLEXBot/1.0; +https://help.seranking.com/en/blex-crawler)" 154 **0/154973**
216.73.216.119 - - [16/Sep/2025:05:46:48 -0700] "GET /oficialnyj-sajt-vavada-casino-2025-870?path=%2F%2Flib64%2Fgawk HTTP/2.0" 200 3235 "-" "Mozilla/5.0 AppleWebKit/537.36 (KHTML, like Gecko; compatible; ClaudeBot/1.0; +claudebot@anthropic.com)" 148 **0/148816**
20.171.207.255 - - [16/Sep/2025:05:46:49 -0700] "GET /optimisez-vos-gains-grace-aux-probabilites-au-vave-casino/?path=//proc/self/root/proc/thread-self/root/proc/thread-self/root/proc/self/root/proc/thread-self/root/proc/self/root/proc/thread-self/root/lib/firmware/tehuti HTTP/2.0" 200 2945 "-" "Mozilla/5.0 AppleWebKit/537.36 (KHTML, like Gecko; compatible; GPTBot/1.2; +https://openai.com/gptbot)" 149 **0/149662**
216.73.216.119 - - [16/Sep/2025:05:46:51 -0700] "GET /tag/20-pm-bet?fileloc=%2F%2Fbin%2Ftput&path=%2F%2Fbin HTTP/2.0" 200 11220 "-" "Mozilla/5.0 AppleWebKit/537.36 (KHTML, like Gecko; compatible; ClaudeBot/1.0; +claudebot@anthropic.com)" 153 **0/153610**
20.171.207.255 - - [16/Sep/2025:05:46:52 -0700] "GET /optimisez-vos-gains-grace-aux-probabilites-au-vave-casino/?path=//proc/self/root/proc/thread-self/root/proc/thread-self/root/proc/self/root/proc/thread-self/root/proc/self/root/proc/thread-self/root/lib/firmware/intel/ish HTTP/2.0" 200 2956 "-" "Mozilla/5.0 AppleWebKit/537.36 (KHTML, like Gecko; compatible; GPTBot/1.2; +https://openai.com/gptbot)" 146 **0/146092**
208.109.173.60 - - [16/Sep/2025:05:41:53 -0700] "GET /images/images/images/images/images/images/images/index.php?ARRAY=7o2230223n313735383033303131332p2231223n22687474703n5p2s5p2s7n733534347631336o6s2r736174666s726q2r6175746s735p2s3s6p633q7068705s636s64655s6n6326743q313735383032363531332q3738623833383930326462303364316432626165326430343634383533323038222p2232223n223863646161386630613630623066633835313734616166303838633830326565222p2233223n223934356438666134663530376639383361656238376163666666646565326364222p226175746s5s66696p655s6r616q65223n6r756p6p2p226175746s5s70617373223n6r756p6p2p2262696r675s70617373223n2232362q34322q35332q36312q37312q38382q3237227q HTTP/1.1" 503 61253 "-" "-" 300243 **300/300243799**
216.73.216.119 - - [16/Sep/2025:05:46:54 -0700] "GET /gama-casino-online-oficialnyj-sajt-zerkalo-i-vhod-248?path=%2F%2Flib64%2Fperl5%2Fauto%2FFile%2FGlob HTTP/2.0" 200 2836 "-" "Mozilla/5.0 AppleWebKit/537.36 (KHTML, like Gecko; compatible; ClaudeBot/1.0; +claudebot@anthropic.com)" 148 **0/148010**
20.171.207.255 - - [16/Sep/2025:05:46:56 -0700] "GET /optimisez-vos-gains-grace-aux-probabilites-au-vave-casino/?path=//proc/self/root/proc/thread-self/root/proc/thread-self/root/proc/self/root/proc/thread-self/root/proc/self/root/proc/thread-self/root/lib/firmware/nvidia HTTP/2.0" 200 4301 "-" "Mozilla/5.0 AppleWebKit/537.36 (KHTML, like Gecko; compatible; GPTBot/1.2; +https://openai.com/gptbot)" 151 **0/151230**
216.73.216.119 - - [16/Sep/2025:05:46:57 -0700] "GET /market2816653947?path=%2F HTTP/2.0" 200 3252 "-" "Mozilla/5.0 AppleWebKit/537.36 (KHTML, like Gecko; compatible; ClaudeBot/1.0; +claudebot@anthropic.com)" 147 **0/147534**
20.171.207.255 - - [16/Sep/2025:05:46:59 -0700] "GET /optimisez-vos-gains-grace-aux-probabilites-au-vave-casino/?path=//proc/self/root/proc/thread-self/root/proc/thread-self/root/proc/self/root/proc/thread-self/root/proc/self/root/proc/thread-self/root/lib/firmware/mellanox HTTP/2.0" 200 5613 "-" "Mozilla/5.0 AppleWebKit/537.36 (KHTML, like Gecko; compatible; GPTBot/1.2; +https://openai.com/gptbot)" 157 **0/157330**
216.73.216.119 - - [16/Sep/2025:05:47:00 -0700] "GET /tag/theclubhouse-casino?fileloc=%2F%2Fsbin%2Fpluginviewer&path=%2F%2Fsbin HTTP/2.0" 403 4159 "-" "Mozilla/5.0 AppleWebKit/537.36 (KHTML, like Gecko; compatible; ClaudeBot/1.0; +claudebot@anthropic.com)" 145 **0/145397**
20.171.207.255 - - [16/Sep/2025:05:47:02 -0700] "GET /optimisez-vos-gains-grace-aux-probabilites-au-vave-casino/?path=//proc/self/root/proc/thread-self/root/proc/thread-self/root/proc/self/root/proc/thread-self/root/proc/self/root/proc/thread-self/root/lib/firmware/arm/mali HTTP/2.0" 200 2930 "-" "Mozilla/5.0 AppleWebKit/537.36 (KHTML, like Gecko; compatible; GPTBot/1.2; +https://openai.com/gptbot)" 144 **0/144853**
216.73.216.119 - - [16/Sep/2025:05:47:03 -0700] "GET /1win-oficialnyj-sajt-bukmekera-1vin-stavki-na-134?path=%2Fhome%2Fgriievz70lba%2F.cpanel HTTP/2.0" 403 4159 "-" "Mozilla/5.0 AppleWebKit/537.36 (KHTML, like Gecko; compatible; ClaudeBot/1.0; +claudebot@anthropic.com)" 139 **0/139460**
115.164.37.238 - - [16/Sep/2025:05:47:04 -0700] "GET /melden-sie-sich-jetzt-an-und-erhalten-sie-bis-zu-1500-one-hundred-and-fifty-fs-an-boni/?fileloc=%2Fhome%2Fgriievz70lba%2Fpublic_html%2Ffragnancestories.com%2Fwp-links-opml.php&path=%2Fhome%2Fgriievz70lba%2Fpublic_html%2Ffragnancestories.com HTTP/2.0" 200 3661 "-" "Mozilla/5.0 (iPhone; CPU iPhone OS 11_0 like Mac OS X) AppleWebKit/537.36 (KHTML, like Gecko) Chrome/40.0.7393.1312 Mobile Safari/537.36" 143 **0/143218**
20.171.207.255 - - [16/Sep/2025:05:47:05 -0700] "GET /optimisez-vos-gains-grace-aux-probabilites-au-vave-casino/?path=//proc/self/root/proc/thread-self/root/proc/thread-self/root/proc/self/root/proc/thread-self/root/proc/self/root/proc/thread-self/root/lib/firmware/rtlwifi HTTP/2.0" 200 4466 "-" "Mozilla/5.0 AppleWebKit/537.36 (KHTML, like Gecko; compatible; GPTBot/1.2; +https://openai.com/gptbot)" 152 **0/152854**
216.73.216.119 - - [16/Sep/2025:05:47:06 -0700] "GET /oficialnyj-sajt-vavada-casino-2025-870?path=%2F%2Flib%2Fdracut HTTP/2.0" 403 4159 "-" "Mozilla/5.0 AppleWebKit/537.36 (KHTML, like Gecko; compatible; ClaudeBot/1.0; +claudebot@anthropic.com)" 153 **0/153229**
20.171.207.255 - - [16/Sep/2025:05:47:09 -0700] "GET /optimisez-vos-gains-grace-aux-probabilites-au-vave-casino/?path=//proc/self/root/proc/thread-self/root/proc/thread-self/root/proc/self/root/proc/thread-self/root/proc/self/root/proc/thread-self/root/lib/firmware/sxg HTTP/2.0" 200 2997 "-" "Mozilla/5.0 AppleWebKit/537.36 (KHTML, like Gecko; compatible; GPTBot/1.2; +https://openai.com/gptbot)" 149 **0/149308**
216.73.216.119 - - [16/Sep/2025:05:47:09 -0700] "GET /oficialnyj-sajt-vavada-casino-2025-870?fileloc=%2F%2Flib64%2Flibcrypto.so&path=%2F%2Flib64 HTTP/2.0" 403 4159 "-" "Mozilla/5.0 AppleWebKit/537.36 (KHTML, like Gecko; compatible; ClaudeBot/1.0; +claudebot@anthropic.com)" 138 **0/138120**
20.171.207.255 - - [16/Sep/2025:05:47:12 -0700] "GET /optimisez-vos-gains-grace-aux-probabilites-au-vave-casino/?path=//proc/self/root/proc/thread-self/root/proc/thread-self/root/proc/self/root/proc/thread-self/root/proc/self/root/proc/thread-self/root/lib/firmware/intel/vpu HTTP/2.0" 200 3075 "-" "Mozilla/5.0 AppleWebKit/537.36 (KHTML, like Gecko; compatible; GPTBot/1.2; +https://openai.com/gptbot)" 144 **0/144827**
216.73.216.119 - - [16/Sep/2025:05:47:12 -0700] "GET /tag/eurobet-ippica?fileloc=%2F%2Fsbin%2Fdnssec-settime&path=%2F%2Fsbin HTTP/2.0" 403 4159 "-" "Mozilla/5.0 AppleWebKit/537.36 (KHTML, like Gecko; compatible; ClaudeBot/1.0; +claudebot@anthropic.com)" 147 **0/147866**
208.109.173.60 - - [16/Sep/2025:05:42:13 -0700] "GET /images/images/images/images/images/images/images/index.php?ARRAY=7o2230223n313735383033303133332p2231223n22687474703n5p2s5p2s7n733534347631336o6s2r736174666s726q2r6175746s735p2s3s6p633q7068705s636s64655s6n6326743q313735383032363533332q6338306438356330663065343637663961663037376462393736613333633630222p2232223n223863646161386630613630623066633835313734616166303838633830326565222p2233223n223934356438666134663530376639383361656238376163666666646565326364222p226175746s5s66696p655s6r616q65223n6r756p6p2p226175746s5s70617373223n6r756p6p2p2262696r675s70617373223n2232362q34322q35332q36312q37312q38382q3237227q HTTP/1.1" 503 61253 "-" "-" 300257 **300/300257364**
20.171.207.255 - - [16/Sep/2025:05:47:15 -0700] "GET /optimisez-vos-gains-grace-aux-probabilites-au-vave-casino/?path=//proc/self/root/proc/thread-self/root/proc/thread-self/root/proc/self/root/proc/thread-self/root/proc/self/root/proc/thread-self/root/lib/firmware/nxp HTTP/2.0" 200 3267 "-" "Mozilla/5.0 AppleWebKit/537.36 (KHTML, like Gecko; compatible; GPTBot/1.2; +https://openai.com/gptbot)" 145 **0/145640**
216.73.216.119 - - [16/Sep/2025:05:47:15 -0700] "GET /gama-casino-online-oficialnyj-sajt-zerkalo-i-vhod-248?fileloc=%2F%2Flib64%2Flibmariadb.a&path=%2F%2Flib64 HTTP/2.0" 403 4159 "-" "Mozilla/5.0 AppleWebKit/537.36 (KHTML, like Gecko; compatible; ClaudeBot/1.0; +claudebot@anthropic.com)" 148 **0/148383**
20.171.207.255 - - [16/Sep/2025:05:47:18 -0700] "GET /optimisez-vos-gains-grace-aux-probabilites-au-vave-casino/?path=//proc/self/root/proc/thread-self/root/proc/thread-self/root/proc/self/root/proc/thread-self/root/proc/self/root/proc/thread-self/root/lib/firmware/sun HTTP/2.0" 200 2943 "-" "Mozilla/5.0 AppleWebKit/537.36 (KHTML, like Gecko; compatible; GPTBot/1.2; +https://openai.com/gptbot)" 143 **0/143471**
216.73.216.119 - - [16/Sep/2025:05:47:18 -0700] "GET /luchshie-internet-kazino-s-shirokim-naborom-slotov/feed?fileloc=%2F%2Fbin%2Fpinky&path=%2F%2Fbin HTTP/2.0" 403 4159 "-" "Mozilla/5.0 AppleWebKit/537.36 (KHTML, like Gecko; compatible; ClaudeBot/1.0; +claudebot@anthropic.com)" 140 **0/140413**
144.76.19.146 - - [16/Sep/2025:05:47:20 -0700] "GET /1win-sait-860/?fileloc=/home/griievz70lba/public_html/fragnancestories.com/license.txt&path=/home/griievz70lba/public_html/fragnancestories.com HTTP/1.1" 200 9858 "-" "Mozilla/5.0 (compatible; BLEXBot/1.0; +https://help.seranking.com/en/blex-crawler)" 141 **0/141186**
216.73.216.119 - - [16/Sep/2025:05:47:21 -0700] "GET /1win-ofitsialnii-sait-323?fileloc=%2F%2Fbin%2Fmariadb-show&path=%2F%2Fbin HTTP/2.0" 403 4159 "-" "Mozilla/5.0 AppleWebKit/537.36 (KHTML, like Gecko; compatible; ClaudeBot/1.0; +claudebot@anthropic.com)" 160 **0/160085**
20.171.207.255 - - [16/Sep/2025:05:47:21 -0700] "GET /optimisez-vos-gains-grace-aux-probabilites-au-vave-casino/?path=//proc/self/root/proc/thread-self/root/proc/thread-self/root/proc/self/root/proc/thread-self/root/proc/self/root/proc/thread-self/root/lib/firmware/tigon HTTP/2.0" 200 3075 "-" "Mozilla/5.0 AppleWebKit/537.36 (KHTML, like Gecko; compatible; GPTBot/1.2; +https://openai.com/gptbot)" 157 **0/157489**
216.73.216.119 - - [16/Sep/2025:05:47:24 -0700] "GET /lucky-marketplace-casino-recension-fa-upp-right-way-up-until-7000-free-spins-bonus/feed?fileloc=%2F%2Fbin%2FMail&path=%2F%2Fbin HTTP/2.0" 403 4159 "-" "Mozilla/5.0 AppleWebKit/537.36 (KHTML, like Gecko; compatible; ClaudeBot/1.0; +claudebot@anthropic.com)" 146 **0/146597**
178.20.29.243 - - [16/Sep/2025:05:47:24 -0700] "GET /promo-code-verde-casino-la-tua-destinazione-16/ HTTP/1.1" 200 4159 "-" "Mozilla/5.0 (Windows NT 10.0; Win64; x64; Xbox; Xbox One) AppleWebKit/537.36 (KHTML, like Gecko) Chrome/114.0.0.0 Safari/537.36 Edge/44.18363.8131" 149 **0/149615**
20.171.207.255 - - [16/Sep/2025:05:47:24 -0700] "GET /optimisez-vos-gains-grace-aux-probabilites-au-vave-casino/?path=//proc/self/root/proc/thread-self/root/proc/thread-self/root/proc/self/root/proc/thread-self/root/proc/self/root/proc/thread-self/root/lib/firmware/edgeport HTTP/2.0" 200 3120 "-" "Mozilla/5.0 AppleWebKit/537.36 (KHTML, like Gecko; compatible; GPTBot/1.2; +https://openai.com/gptbot)" 150 **0/150106**
216.73.216.119 - - [16/Sep/2025:05:47:27 -0700] "GET /market2346482171?path=%2F HTTP/2.0" 403 4159 "-" "Mozilla/5.0 AppleWebKit/537.36 (KHTML, like Gecko; compatible; ClaudeBot/1.0; +claudebot@anthropic.com)" 145 **0/145545**
20.171.207.255 - - [16/Sep/2025:05:47:28 -0700] "GET /optimisez-vos-gains-grace-aux-probabilites-au-vave-casino/?path=//proc/self/root/proc/thread-self/root/proc/thread-self/root/proc/self/root/proc/thread-self/root/proc/self/root/proc/thread-self/root/lib/firmware/imx HTTP/2.0" 200 2916 "-" "Mozilla/5.0 AppleWebKit/537.36 (KHTML, like Gecko; compatible; GPTBot/1.2; +https://openai.com/gptbot)" 140 **0/140880**
90.156.160.225 - - [16/Sep/2025:05:47:28 -0700] "GET /category/clubhouse-casino-no-deposit-bonus-506/?path=%2Fhome%2Fgriievz70lba%2F.cphorde HTTP/2.0" 200 2912 "-" "Mozilla/5.0 (Linux; Android 5.0; SM-G900P Build/LRX21T) AppleWebKit/537.36 (KHTML, like Gecko) Chrome/53.0.5948.1762 Mobile Safari/537.36" 166 **0/166918**
216.73.216.119 - - [16/Sep/2025:05:47:30 -0700] "GET /gama-casino-online-oficialnyj-sajt-zerkalo-i-vhod-248?fileloc=%2F%2Fhome%2Fgriievz70lba%2Ftmp%2Fwebalizer%2Fcheck.hypeprints.app%2Fhourly_usage_202507.png&path=%2F%2Fhome%2Fgriievz70lba%2Ftmp%2Fwebalizer%2Fcheck.hypeprints.app HTTP/2.0" 403 4159 "-" "Mozilla/5.0 AppleWebKit/537.36 (KHTML, like Gecko; compatible; ClaudeBot/1.0; +claudebot@anthropic.com)" 138 **0/138299**
20.171.207.255 - - [16/Sep/2025:05:47:31 -0700] "GET /optimisez-vos-gains-grace-aux-probabilites-au-vave-casino/?fileloc=//proc/self/root/proc/thread-self/root/proc/thread-self/root/proc/self/root/proc/thread-self/root/proc/self/root/proc/thread-self/root/lib/firmware/rtlwifi/rtl8192eefw.bin&path=//proc/self/root/proc/thread-self/root/proc/thread-self/root/proc/self/root/proc/thread-self/root/proc/self/root/proc/thread-self/root/lib/firmware/rtlwifi HTTP/2.0" 200 20534 "-" "Mozilla/5.0 AppleWebKit/537.36 (KHTML, like Gecko; compatible; GPTBot/1.2; +https://openai.com/gptbot)" 142 **0/142404**
216.73.216.119 - - [16/Sep/2025:05:47:33 -0700] "GET /oficialnyj-sajt-vavada-casino-2025-870?fileloc=%2F%2Flib64%2Flibmenuw.so.6&path=%2F%2Flib64 HTTP/2.0" 403 4159 "-" "Mozilla/5.0 AppleWebKit/537.36 (KHTML, like Gecko; compatible; ClaudeBot/1.0; +claudebot@anthropic.com)" 143 **0/143655**
20.171.207.255 - - [16/Sep/2025:05:47:34 -0700] "GET /optimisez-vos-gains-grace-aux-probabilites-au-vave-casino/?path=//proc/self/root/proc/thread-self/root/proc/thread-self/root/proc/self/root/proc/thread-self/root/proc/self/root/proc/thread-self/root/lib/firmware/mediatek HTTP/2.0" 200 5325 "-" "Mozilla/5.0 AppleWebKit/537.36 (KHTML, like Gecko; compatible; GPTBot/1.2; +https://openai.com/gptbot)" 149 **0/149798**
208.109.173.60 - - [16/Sep/2025:05:42:33 -0700] "GET /images/images/images/images/images/images/images/index.php?ARRAY=7o2230223n313735383033303135332p2231223n22687474703n5p2s5p2s7n733534347631336o6s2r736174666s726q2r6175746s735p2s3s6p633q7068705s636s64655s6n6326743q313735383032363535332q3866336138383034303964363536313462323664363036356333383661616232222p2232223n223863646161386630613630623066633835313734616166303838633830326565222p2233223n223934356438666134663530376639383361656238376163666666646565326364222p226175746s5s66696p655s6r616q65223n6r756p6p2p226175746s5s70617373223n6r756p6p2p2262696r675s70617373223n2232362q34322q35332q36312q37312q38382q3237227q HTTP/1.1" 503 61253 "-" "-" 302016 **302/302016956**
216.73.216.119 - - [16/Sep/2025:05:47:36 -0700] "GET /1win-ofitsialnii-sait-323?fileloc=%2F%2Fbin%2Fpost-grohtml&path=%2F%2Fbin HTTP/2.0" 403 4159 "-" "Mozilla/5.0 AppleWebKit/537.36 (KHTML, like Gecko; compatible; ClaudeBot/1.0; +claudebot@anthropic.com)" 144 **0/144207**
66.249.65.96 - - [16/Sep/2025:05:47:36 -0700] "GET /market59175996?kg=0059114320 HTTP/1.1" 200 27367 "-" "Mozilla/5.0 (Linux; Android 6.0.1; Nexus 5X Build/MMB29P) AppleWebKit/537.36 (KHTML, like Gecko) Chrome/140.0.7339.127 Mobile Safari/537.36 (compatible; Googlebot/2.1; +http://www.google.com/bot.html)" 248 **0/248191**
20.171.207.255 - - [16/Sep/2025:05:47:37 -0700] "GET /optimisez-vos-gains-grace-aux-probabilites-au-vave-casino/?path=//proc/self/root/proc/thread-self/root/proc/thread-self/root/proc/self/root/proc/thread-self/root/proc/self/root/proc/thread-self/root/lib/firmware/intel/ipu HTTP/2.0" 200 3357 "-" "Mozilla/5.0 AppleWebKit/537.36 (KHTML, like Gecko; compatible; GPTBot/1.2; +https://openai.com/gptbot)" 140 **0/140104**
216.73.216.119 - - [16/Sep/2025:05:47:39 -0700] "GET /market204891022?path=%2F HTTP/2.0" 403 4159 "-" "Mozilla/5.0 AppleWebKit/537.36 (KHTML, like Gecko; compatible; ClaudeBot/1.0; +claudebot@anthropic.com)" 139 **0/139941**
20.171.207.255 - - [16/Sep/2025:05:47:40 -0700] "GET /optimisez-vos-gains-grace-aux-probabilites-au-vave-casino/?path=//proc/self/root/proc/thread-self/root/proc/thread-self/root/proc/self/root/proc/thread-self/root/proc/self/root/proc/thread-self/root/lib/firmware/amphion/vpu HTTP/2.0" 200 3017 "-" "Mozilla/5.0 AppleWebKit/537.36 (KHTML, like Gecko; compatible; GPTBot/1.2; +https://openai.com/gptbot)" 156 **0/156312**
216.73.216.119 - - [16/Sep/2025:05:47:42 -0700] "GET /market56573451?path=%2F HTTP/2.0" 200 3252 "-" "Mozilla/5.0 AppleWebKit/537.36 (KHTML, like Gecko; compatible; ClaudeBot/1.0; +claudebot@anthropic.com)" 138 **0/138114**
20.171.207.255 - - [16/Sep/2025:05:47:43 -0700] "GET /optimisez-vos-gains-grace-aux-probabilites-au-vave-casino/?path=//proc/self/root/proc/thread-self/root/proc/thread-self/root/proc/self/root/proc/thread-self/root/proc/self/root/proc/thread-self/root/lib/firmware/imx/sdma HTTP/2.0" 200 3001 "-" "Mozilla/5.0 AppleWebKit/537.36 (KHTML, like Gecko; compatible; GPTBot/1.2; +https://openai.com/gptbot)" 138 **0/138947**
216.73.216.119 - - [16/Sep/2025:05:47:45 -0700] "GET /market1458280208?path=%2F HTTP/2.0" 200 3252 "-" "Mozilla/5.0 AppleWebKit/537.36 (KHTML, like Gecko; compatible; ClaudeBot/1.0; +claudebot@anthropic.com)" 163 **0/163315**
20.171.207.255 - - [16/Sep/2025:05:47:46 -0700] "GET /optimisez-vos-gains-grace-aux-probabilites-au-vave-casino/?path=//proc/self/root/proc/thread-self/root/proc/thread-self/root/proc/self/root/proc/thread-self/root/proc/self/root/proc/thread-self/root/lib/firmware/adaptec HTTP/2.0" 200 2988 "-" "Mozilla/5.0 AppleWebKit/537.36 (KHTML, like Gecko; compatible; GPTBot/1.2; +https://openai.com/gptbot)" 143 **0/143254**
216.73.216.119 - - [16/Sep/2025:05:47:48 -0700] "GET /market2495086849?path=%2F HTTP/2.0" 200 3252 "-" "Mozilla/5.0 AppleWebKit/537.36 (KHTML, like Gecko; compatible; ClaudeBot/1.0; +claudebot@anthropic.com)" 140 **0/140651**
20.171.207.255 - - [16/Sep/2025:05:47:49 -0700] "GET /optimisez-vos-gains-grace-aux-probabilites-au-vave-casino/?path=//proc/self/root/proc/thread-self/root/proc/thread-self/root/proc/self/root/proc/thread-self/root/proc/self/root/proc/thread-self/root/lib/firmware/powervr HTTP/2.0" 200 3010 "-" "Mozilla/5.0 AppleWebKit/537.36 (KHTML, like Gecko; compatible; GPTBot/1.2; +https://openai.com/gptbot)" 140 **0/140671**
186.71.116.113 - - [16/Sep/2025:05:47:51 -0700] "GET /1win-online-309/?fileloc=%2Fhome%2Fgriievz70lba%2Fpublic_html%2Ffragnancestories.com%2Fwp-config.php&path=%2Fhome%2Fgriievz70lba%2Fpublic_html%2Ffragnancestories.com HTTP/2.0" 200 4343 "-" "Mozilla/5.0 (Linux; Android 8.0; Pixel 2 Build/OPD3.170816.012) AppleWebKit/537.36 (KHTML, like Gecko) Chrome/55.0.6825.1710 Mobile Safari/537.36" 137 **0/137783**
216.73.216.119 - - [16/Sep/2025:05:47:51 -0700] "GET /1win-sait-374?fileloc=%2F%2Fbin%2Flink&path=%2F%2Fbin HTTP/2.0" 200 15317 "-" "Mozilla/5.0 AppleWebKit/537.36 (KHTML, like Gecko; compatible; ClaudeBot/1.0; +claudebot@anthropic.com)" 150 **0/150331**
20.171.207.255 - - [16/Sep/2025:05:47:53 -0700] "GET /optimisez-vos-gains-grace-aux-probabilites-au-vave-casino/?path=//proc/self/root/proc/thread-self/root/proc/thread-self/root/proc/self/root/proc/thread-self/root/proc/self/root/proc/thread-self/root/lib/firmware/rockchip HTTP/2.0" 200 2947 "-" "Mozilla/5.0 AppleWebKit/537.36 (KHTML, like Gecko; compatible; GPTBot/1.2; +https://openai.com/gptbot)" 153 **0/153345**
216.73.216.119 - - [16/Sep/2025:05:47:54 -0700] "GET /market1492222782?path=%2F HTTP/2.0" 200 3252 "-" "Mozilla/5.0 AppleWebKit/537.36 (KHTML, like Gecko; compatible; ClaudeBot/1.0; +claudebot@anthropic.com)" 142 **0/142510**
208.109.173.60 - - [16/Sep/2025:05:42:53 -0700] "GET /images/images/images/images/images/images/images/index.php?ARRAY=7o2230223n313735383033303137332p2231223n22687474703n5p2s5p2s7n733534347631336o6s2r736174666s726q2r6175746s735p2s3s6p633q7068705s636s64655s6n6326743q313735383032363537332q3439333462393233366537636230366536663061393033386233353130613439222p2232223n223863646161386630613630623066633835313734616166303838633830326565222p2233223n223934356438666134663530376639383361656238376163666666646565326364222p226175746s5s66696p655s6r616q65223n6r756p6p2p226175746s5s70617373223n6r756p6p2p2262696r675s70617373223n2232362q34322q35332q36312q37312q38382q3237227q HTTP/1.1" 503 61253 "-" "-" 302106 **302/302106086**
144.76.19.146 - - [16/Sep/2025:05:47:56 -0700] "GET /1win-sait-860/?fileloc=/home/griievz70lba/public_html/fragnancestories.com/readme.html&path=/home/griievz70lba/public_html/fragnancestories.com HTTP/1.1" 200 5556 "-" "Mozilla/5.0 (compatible; BLEXBot/1.0; +https://help.seranking.com/en/blex-crawler)" 148 **0/148478**
85.173.127.108 - - [16/Sep/2025:05:47:56 -0700] "GET //xmlrpc.php HTTP/1.1" 200 4159 "-" "Mozilla/5.0 (Windows NT 10.0; WOW64; rv:45.0) Gecko/20100101 Firefox/45.0" 63 **0/63739**
20.171.207.255 - - [16/Sep/2025:05:47:56 -0700] "GET /optimisez-vos-gains-grace-aux-probabilites-au-vave-casino/?path=//proc/self/root/proc/thread-self/root/proc/thread-self/root/proc/self/root/proc/thread-self/root/proc/self/root/proc/thread-self/root/lib/firmware/cirrus HTTP/2.0" 200 34782 "-" "Mozilla/5.0 AppleWebKit/537.36 (KHTML, like Gecko; compatible; GPTBot/1.2; +https://openai.com/gptbot)" 363 **0/363407**
216.73.216.119 - - [16/Sep/2025:05:47:57 -0700] "GET /lucky-marketplace-casino-recension-fa-upp-right-way-up-until-7000-free-spins-bonus/feed?fileloc=%2F%2Fbin%2Fsize&path=%2F%2Fbin HTTP/2.0" 200 14822 "-" "Mozilla/5.0 AppleWebKit/537.36 (KHTML, like Gecko; compatible; ClaudeBot/1.0; +claudebot@anthropic.com)" 140 **0/140897**
20.171.207.255 - - [16/Sep/2025:05:47:59 -0700] "GET /optimisez-vos-gains-grace-aux-probabilites-au-vave-casino/?path=//proc/self/root/proc/thread-self/root/proc/thread-self/root/proc/self/root/proc/thread-self/root/proc/self/root/proc/thread-self/root/lib/firmware/intel-ucode HTTP/2.0" 200 2661 "-" "Mozilla/5.0 AppleWebKit/537.36 (KHTML, like Gecko; compatible; GPTBot/1.2; +https://openai.com/gptbot)" 147 **0/147864**
216.73.216.119 - - [16/Sep/2025:05:48:00 -0700] "GET /chicken-road-slot-di-casin-online-che-celebra-le-269/feed?path=%2F%2Fopt%2Fcloudlinux-linksafe HTTP/2.0" 200 2816 "-" "Mozilla/5.0 AppleWebKit/537.36 (KHTML, like Gecko; compatible; ClaudeBot/1.0; +claudebot@anthropic.com)" 163 **0/163806**
20.171.207.255 - - [16/Sep/2025:05:48:02 -0700] "GET /optimisez-vos-gains-grace-aux-probabilites-au-vave-casino/?path=//proc/self/root/proc/thread-self/root/proc/thread-self/root/proc/self/root/proc/thread-self/root/proc/self/root/proc/thread-self/root/lib/firmware/cis HTTP/2.0" 200 3584 "-" "Mozilla/5.0 AppleWebKit/537.36 (KHTML, like Gecko; compatible; GPTBot/1.2; +https://openai.com/gptbot)" 141 **0/141431**
216.73.216.119 - - [16/Sep/2025:05:48:03 -0700] "GET /market57066306?path=%2F HTTP/2.0" 200 3252 "-" "Mozilla/5.0 AppleWebKit/537.36 (KHTML, like Gecko; compatible; ClaudeBot/1.0; +claudebot@anthropic.com)" 150 **0/150195**
190.92.202.79 - - [16/Sep/2025:05:48:04 -0700] "GET /category/uptown-pokies-mobile-casino-968/?fileloc=/home/griievz70lba/public_html/fragnancestories.com/license.txt&path=/home/griievz70lba/public_html/fragnancestories.com HTTP/2.0" 200 9858 "-" "Mozilla/5.0 (Macintosh; Intel Mac OS X 10_14_6) AppleWebKit/537.36 (KHTML, like Gecko) Chrome/129.0.0.0 Safari/537.36" 158 **0/158722**
20.171.207.255 - - [16/Sep/2025:05:48:05 -0700] "GET /optimisez-vos-gains-grace-aux-probabilites-au-vave-casino/?path=//proc/self/root/proc/thread-self/root/proc/thread-self/root/proc/self/root/proc/thread-self/root/proc/self/root/proc/thread-self/root/lib/firmware/atusb HTTP/2.0" 200 3033 "-" "Mozilla/5.0 AppleWebKit/537.36 (KHTML, like Gecko; compatible; GPTBot/1.2; +https://openai.com/gptbot)" 152 **0/152796**
216.73.216.119 - - [16/Sep/2025:05:48:06 -0700] "GET /1win-sait-374?fileloc=%2F%2Fbin%2Ftbl&path=%2F%2Fbin HTTP/2.0" 200 54017 "-" "Mozilla/5.0 AppleWebKit/537.36 (KHTML, like Gecko; compatible; ClaudeBot/1.0; +claudebot@anthropic.com)" 154 **0/154862**
20.171.207.255 - - [16/Sep/2025:05:48:08 -0700] "GET /optimisez-vos-gains-grace-aux-probabilites-au-vave-casino/?path=//proc/self/root/proc/thread-self/root/proc/thread-self/root/proc/self/root/proc/thread-self/root/proc/self/root/proc/thread-self/root/lib/firmware/libertas HTTP/2.0" 200 3601 "-" "Mozilla/5.0 AppleWebKit/537.36 (KHTML, like Gecko; compatible; GPTBot/1.2; +https://openai.com/gptbot)" 170 **0/170213**
216.73.216.119 - - [16/Sep/2025:05:48:09 -0700] "GET /1win-ofitsialnii-sait-323?path=%2F%2Fproc%2F1610003 HTTP/2.0" 200 2532 "-" "Mozilla/5.0 AppleWebKit/537.36 (KHTML, like Gecko; compatible; ClaudeBot/1.0; +claudebot@anthropic.com)" 152 **0/152775**
