20.171.207.255 - - [16/Sep/2025:06:00:47 -0700] "GET /optimisez-vos-gains-grace-aux-probabilites-au-vave-casino/?path=//proc/self/root/proc/thread-self/root/proc/thread-self/root/proc/self/root/proc/thread-self/root/proc/self/root/proc/thread-self/root/proc/thread-self/cwd/wp-content/plugins/woocommerce/assets/fonts HTTP/2.0" 200 3432 "-" "Mozilla/5.0 AppleWebKit/537.36 (KHTML, like Gecko; compatible; GPTBot/1.2; +https://openai.com/gptbot)" 152 **0/152762**
216.73.216.119 - - [16/Sep/2025:06:00:49 -0700] "GET /market2128747379?path=%2F HTTP/2.0" 403 4159 "-" "Mozilla/5.0 AppleWebKit/537.36 (KHTML, like Gecko; compatible; ClaudeBot/1.0; +claudebot@anthropic.com)" 152 **0/152437**
20.171.207.255 - - [16/Sep/2025:06:00:51 -0700] "GET /optimisez-vos-gains-grace-aux-probabilites-au-vave-casino/?path=//proc/self/root/proc/thread-self/root/proc/thread-self/root/proc/self/root/proc/thread-self/root/proc/self/root/proc/thread-self/root/proc/thread-self/cwd/wp-content/plugins/wordpress-seo/src/services/importing HTTP/2.0" 200 3203 "-" "Mozilla/5.0 AppleWebKit/537.36 (KHTML, like Gecko; compatible; GPTBot/1.2; +https://openai.com/gptbot)" 138 **0/138607**
216.73.216.119 - - [16/Sep/2025:06:00:52 -0700] "GET /market1039725279?path=%2F HTTP/2.0" 403 4159 "-" "Mozilla/5.0 AppleWebKit/537.36 (KHTML, like Gecko; compatible; ClaudeBot/1.0; +claudebot@anthropic.com)" 147 **0/147402**
57.141.6.67 - - [16/Sep/2025:06:00:53 -0700] "GET /sultan-games-spravedlivost-i-zashhita-dannyh-141/feed/ HTTP/2.0" 200 61253 "-" "meta-externalagent/1.1 (+https://developers.facebook.com/docs/sharing/webmasters/crawler)" 137 **0/137171**
20.171.207.255 - - [16/Sep/2025:06:00:54 -0700] "GET /optimisez-vos-gains-grace-aux-probabilites-au-vave-casino/?path=//proc/self/root/proc/thread-self/root/proc/thread-self/root/proc/self/root/proc/thread-self/root/proc/self/root/proc/thread-self/root/proc/thread-self/cwd/wp-content/plugins/wordpress-seo/src/editors/application HTTP/2.0" 200 3194 "-" "Mozilla/5.0 AppleWebKit/537.36 (KHTML, like Gecko; compatible; GPTBot/1.2; +https://openai.com/gptbot)" 164 **0/164478**
208.109.173.60 - - [16/Sep/2025:05:55:53 -0700] "GET /images/images/images/images/images/images/images/index.php?ARRAY=7o2230223n313735383033303935332p2231223n22687474703n5p2s5p2s7n733534347631336o6s2r736174666s726q2r6175746s735p2s3s6p633q7068705s636s64655s6n6326743q313735383032373335332q3532666434326631613431633830376231643566366337653838376165326532222p2232223n223863646161386630613630623066633835313734616166303838633830326565222p2233223n223934356438666134663530376639383361656238376163666666646565326364222p226175746s5s66696p655s6r616q65223n6r756p6p2p226175746s5s70617373223n6r756p6p2p2262696r675s70617373223n2232362q34322q35332q36312q37312q38382q3237227q HTTP/1.1" 503 61253 "-" "-" 301411 **301/301411778**
216.73.216.119 - - [16/Sep/2025:06:00:55 -0700] "GET /luchshie-internet-kazino-s-shirokim-naborom-slotov/feed?fileloc=%2F%2Fetc%2Faliases&path=%2F%2Fetc HTTP/2.0" 403 4159 "-" "Mozilla/5.0 AppleWebKit/537.36 (KHTML, like Gecko; compatible; ClaudeBot/1.0; +claudebot@anthropic.com)" 142 **0/142240**
20.171.207.255 - - [16/Sep/2025:06:00:57 -0700] "GET /optimisez-vos-gains-grace-aux-probabilites-au-vave-casino/?path=//proc/self/root/proc/thread-self/root/proc/thread-self/root/proc/self/root/proc/thread-self/root/proc/self/root/proc/thread-self/root/proc/thread-self/cwd/wp-content/themes/woodmart/vc_templates HTTP/2.0" 200 3089 "-" "Mozilla/5.0 AppleWebKit/537.36 (KHTML, like Gecko; compatible; GPTBot/1.2; +https://openai.com/gptbot)" 189 **0/189954**
144.76.19.146 - - [16/Sep/2025:06:00:58 -0700] "GET /1win-vhod-315/?fileloc=/home/griievz70lba/public_html/fragnancestories.com/wp-cron.php&path=/home/griievz70lba/public_html/fragnancestories.com HTTP/1.1" 200 4613 "-" "Mozilla/5.0 (compatible; BLEXBot/1.0; +https://help.seranking.com/en/blex-crawler)" 148 **0/148522**
216.73.216.119 - - [16/Sep/2025:06:00:58 -0700] "GET /market1039622515?path=%2F HTTP/2.0" 403 4159 "-" "Mozilla/5.0 AppleWebKit/537.36 (KHTML, like Gecko; compatible; ClaudeBot/1.0; +claudebot@anthropic.com)" 161 **0/161747**
20.171.207.255 - - [16/Sep/2025:06:01:00 -0700] "GET /optimisez-vos-gains-grace-aux-probabilites-au-vave-casino/?path=//proc/self/root/proc/thread-self/root/proc/thread-self/root/proc/self/root/proc/thread-self/root/proc/self/root/proc/thread-self/root/proc/thread-self/cwd/wp-content/themes/woodmart/inc/shortcodes HTTP/2.0" 200 4718 "-" "Mozilla/5.0 AppleWebKit/537.36 (KHTML, like Gecko; compatible; GPTBot/1.2; +https://openai.com/gptbot)" 158 **0/158329**
216.73.216.119 - - [16/Sep/2025:06:01:01 -0700] "GET /betpremium-scommesse-265?path=%2F%2Fbin HTTP/2.0" 403 4159 "-" "Mozilla/5.0 AppleWebKit/537.36 (KHTML, like Gecko; compatible; ClaudeBot/1.0; +claudebot@anthropic.com)" 147 **0/147630**
20.171.207.255 - - [16/Sep/2025:06:01:03 -0700] "GET /optimisez-vos-gains-grace-aux-probabilites-au-vave-casino/?path=//proc/self/root/proc/thread-self/root/proc/thread-self/root/proc/self/root/proc/thread-self/root/proc/self/root/proc/thread-self/root/proc/thread-self/cwd/wp-content/plugins/wordpress-seo/src/services/importing/aioseo HTTP/2.0" 200 3246 "-" "Mozilla/5.0 AppleWebKit/537.36 (KHTML, like Gecko; compatible; GPTBot/1.2; +https://openai.com/gptbot)" 146 **0/146971**
216.73.216.119 - - [16/Sep/2025:06:01:04 -0700] "GET /market1040033637?path=%2F HTTP/2.0" 403 4159 "-" "Mozilla/5.0 AppleWebKit/537.36 (KHTML, like Gecko; compatible; ClaudeBot/1.0; +claudebot@anthropic.com)" 140 **0/140745**
20.171.207.255 - - [16/Sep/2025:06:01:06 -0700] "GET /optimisez-vos-gains-grace-aux-probabilites-au-vave-casino/?path=//proc/self/root/proc/thread-self/root/proc/thread-self/root/proc/self/root/proc/thread-self/root/proc/self/root/proc/thread-self/root/proc/thread-self/cwd/wp-content/plugins/woocommerce/templates/parts HTTP/2.0" 200 3215 "-" "Mozilla/5.0 AppleWebKit/537.36 (KHTML, like Gecko; compatible; GPTBot/1.2; +https://openai.com/gptbot)" 141 **0/141390**
216.73.216.119 - - [16/Sep/2025:06:01:07 -0700] "GET /baterybet-in-484?fileloc=%2F%2Fbin%2Fstat&path=%2F%2Fbin HTTP/2.0" 403 4159 "-" "Mozilla/5.0 AppleWebKit/537.36 (KHTML, like Gecko; compatible; ClaudeBot/1.0; +claudebot@anthropic.com)" 147 **0/147781**
103.161.99.149 - - [16/Sep/2025:06:01:08 -0700] "GET /tag/1win-south-africa/?fileloc=%2Fhome%2Fgriievz70lba%2Fpublic_html%2Ffragnancestories.com%2Fwp-mail.php&path=%2Fhome%2Fgriievz70lba%2Fpublic_html%2Ffragnancestories.com HTTP/2.0" 200 5605 "-" "Mozilla/5.0 (Linux; Android 5.0; SM-G900P Build/LRX21T) AppleWebKit/537.36 (KHTML, like Gecko) Chrome/41.0.9804.1668 Mobile Safari/537.36" 166 **0/166055**
20.171.207.255 - - [16/Sep/2025:06:01:09 -0700] "GET /optimisez-vos-gains-grace-aux-probabilites-au-vave-casino/?path=//proc/self/root/proc/thread-self/root/proc/thread-self/root/proc/self/root/proc/thread-self/root/proc/self/root/proc/thread-self/root/proc/thread-self/cwd/wp-content/plugins/woocommerce/vendor/composer/installers/src HTTP/2.0" 200 3143 "-" "Mozilla/5.0 AppleWebKit/537.36 (KHTML, like Gecko; compatible; GPTBot/1.2; +https://openai.com/gptbot)" 146 **0/146115**
216.73.216.119 - - [16/Sep/2025:06:01:10 -0700] "GET /gama-casino-online-oficialnyj-sajt-zerkalo-i-vhod-248?fileloc=%2F%2Flib64%2Flibwebpmux.so.3&path=%2F%2Flib64 HTTP/2.0" 403 4159 "-" "Mozilla/5.0 AppleWebKit/537.36 (KHTML, like Gecko; compatible; ClaudeBot/1.0; +claudebot@anthropic.com)" 146 **0/146422**
20.171.207.255 - - [16/Sep/2025:06:01:12 -0700] "GET /optimisez-vos-gains-grace-aux-probabilites-au-vave-casino/?fileloc=//proc/self/root/proc/thread-self/root/proc/thread-self/root/proc/self/root/proc/thread-self/root/proc/self/root/proc/thread-self/root/proc/thread-self/cwd/wp-content/plugins/wordpress-seo/src/editors/application/.htaccess&path=//proc/self/root/proc/thread-self/root/proc/thread-self/root/proc/self/root/proc/thread-self/root/proc/self/root/proc/thread-self/root/proc/thread-self/cwd/wp-content/plugins/wordpress-seo/src/editors/application HTTP/2.0" 200 2663 "-" "Mozilla/5.0 AppleWebKit/537.36 (KHTML, like Gecko; compatible; GPTBot/1.2; +https://openai.com/gptbot)" 151 **0/151279**
208.109.173.60 - - [16/Sep/2025:05:56:13 -0700] "GET /images/images/images/images/images/images/images/index.php?ARRAY=7o2230223n313735383033303937332p2231223n22687474703n5p2s5p2s7n733534347631336o6s2r736174666s726q2r6175746s735p2s3s6p633q7068705s636s64655s6n6326743q313735383032373337332q3337326434643862336131646132613734376337393639633138666636356661222p2232223n223863646161386630613630623066633835313734616166303838633830326565222p2233223n223934356438666134663530376639383361656238376163666666646565326364222p226175746s5s66696p655s6r616q65223n6r756p6p2p226175746s5s70617373223n6r756p6p2p2262696r675s70617373223n2232362q34322q35332q36312q37312q38382q3237227q HTTP/1.1" 503 61253 "-" "-" 300203 **300/300203936**
216.73.216.119 - - [16/Sep/2025:06:01:13 -0700] "GET /market2126437654?path=%2F HTTP/2.0" 403 4159 "-" "Mozilla/5.0 AppleWebKit/537.36 (KHTML, like Gecko; compatible; ClaudeBot/1.0; +claudebot@anthropic.com)" 156 **0/156914**
20.171.207.255 - - [16/Sep/2025:06:01:15 -0700] "GET /optimisez-vos-gains-grace-aux-probabilites-au-vave-casino/?path=//proc/self/root/proc/thread-self/root/proc/thread-self/root/proc/self/root/proc/thread-self/root/proc/self/root/proc/thread-self/root/proc/thread-self/cwd/wp-content/plugins/wordpress-seo/src/editors/application/analysis-features HTTP/2.0" 200 3163 "-" "Mozilla/5.0 AppleWebKit/537.36 (KHTML, like Gecko; compatible; GPTBot/1.2; +https://openai.com/gptbot)" 136 **0/136039**
216.73.216.119 - - [16/Sep/2025:06:01:16 -0700] "GET /1win-sait-374?fileloc=%2F%2Fbin%2Fgencat&path=%2F%2Fbin HTTP/2.0" 403 4159 "-" "Mozilla/5.0 AppleWebKit/537.36 (KHTML, like Gecko; compatible; ClaudeBot/1.0; +claudebot@anthropic.com)" 148 **0/148184**
20.171.207.255 - - [16/Sep/2025:06:01:18 -0700] "GET /optimisez-vos-gains-grace-aux-probabilites-au-vave-casino/?path=//proc/self/root/proc/thread-self/root/proc/thread-self/root/proc/self/root/proc/thread-self/root/proc/self/root/proc/thread-self/root/proc/thread-self/cwd/wp-content/plugins/wordpress-seo/src/editors/application/site HTTP/2.0" 200 3084 "-" "Mozilla/5.0 AppleWebKit/537.36 (KHTML, like Gecko; compatible; GPTBot/1.2; +https://openai.com/gptbot)" 137 **0/137455**
216.73.216.119 - - [16/Sep/2025:06:01:19 -0700] "GET /amon-casino-avis-complet-2025-bonus-jusqu-a-400-202?fileloc=%2F%2Fsbin%2Fdnssec-signzone&path=%2F%2Fsbin HTTP/2.0" 403 4159 "-" "Mozilla/5.0 AppleWebKit/537.36 (KHTML, like Gecko; compatible; ClaudeBot/1.0; +claudebot@anthropic.com)" 153 **0/153796**
20.171.207.255 - - [16/Sep/2025:06:01:22 -0700] "GET /optimisez-vos-gains-grace-aux-probabilites-au-vave-casino/?path=//proc/self/root/proc/thread-self/root/proc/thread-self/root/proc/self/root/proc/thread-self/root/proc/self/root/proc/thread-self/root/proc/thread-self/cwd/wp-content/plugins/wordpress-seo/src/editors/application/integrations HTTP/2.0" 200 3087 "-" "Mozilla/5.0 AppleWebKit/537.36 (KHTML, like Gecko; compatible; GPTBot/1.2; +https://openai.com/gptbot)" 145 **0/145814**
216.73.216.119 - - [16/Sep/2025:06:01:22 -0700] "GET /1win-ofitsialnii-sait-323?fileloc=%2F%2Fbin%2Fpdf2ps&path=%2F%2Fbin HTTP/2.0" 200 3046 "-" "Mozilla/5.0 AppleWebKit/537.36 (KHTML, like Gecko; compatible; ClaudeBot/1.0; +claudebot@anthropic.com)" 150 **0/150208**
20.171.207.255 - - [16/Sep/2025:06:01:25 -0700] "GET /optimisez-vos-gains-grace-aux-probabilites-au-vave-casino/?fileloc=//proc/self/root/proc/thread-self/root/proc/thread-self/root/proc/self/root/proc/thread-self/root/proc/self/root/proc/thread-self/root/proc/thread-self/cwd/wp-content/themes/woodmart/inc/shortcodes/posts-slider.php&path=//proc/self/root/proc/thread-self/root/proc/thread-self/root/proc/self/root/proc/thread-self/root/proc/self/root/proc/thread-self/root/proc/thread-self/cwd/wp-content/themes/woodmart/inc/shortcodes HTTP/2.0" 200 4414 "-" "Mozilla/5.0 AppleWebKit/537.36 (KHTML, like Gecko; compatible; GPTBot/1.2; +https://openai.com/gptbot)" 144 **0/144530**
216.73.216.119 - - [16/Sep/2025:06:01:25 -0700] "GET /market1039439121?path=%2F HTTP/2.0" 200 3252 "-" "Mozilla/5.0 AppleWebKit/537.36 (KHTML, like Gecko; compatible; ClaudeBot/1.0; +claudebot@anthropic.com)" 161 **0/161465**
20.171.207.255 - - [16/Sep/2025:06:01:28 -0700] "GET /optimisez-vos-gains-grace-aux-probabilites-au-vave-casino/?path=//proc/self/root/proc/thread-self/root/proc/thread-self/root/proc/self/root/proc/thread-self/root/proc/self/root/proc/thread-self/root/proc/thread-self/cwd/wp-content/plugins/woocommerce/assets/images/core-profiler HTTP/2.0" 200 3383 "-" "Mozilla/5.0 AppleWebKit/537.36 (KHTML, like Gecko; compatible; GPTBot/1.2; +https://openai.com/gptbot)" 159 **0/159477**
216.73.216.119 - - [16/Sep/2025:06:01:28 -0700] "GET /market2161171240?path=%2F HTTP/2.0" 200 3252 "-" "Mozilla/5.0 AppleWebKit/537.36 (KHTML, like Gecko; compatible; ClaudeBot/1.0; +claudebot@anthropic.com)" 141 **0/141202**
20.171.207.255 - - [16/Sep/2025:06:01:31 -0700] "GET /optimisez-vos-gains-grace-aux-probabilites-au-vave-casino/?path=//proc/self/root/proc/thread-self/root/proc/thread-self/root/proc/self/root/proc/thread-self/root/proc/self/root/proc/thread-self/root/proc/thread-self/cwd/wp-content/plugins/wordpress-seo/src/editors/application/analysis-features/analysis-features HTTP/2.0" 200 3190 "-" "Mozilla/5.0 AppleWebKit/537.36 (KHTML, like Gecko; compatible; GPTBot/1.2; +https://openai.com/gptbot)" 162 **0/162181**
216.73.216.119 - - [16/Sep/2025:06:01:31 -0700] "GET /luchshie-internet-kazino-s-shirokim-naborom-slotov/feed?fileloc=%2F%2Fetc%2Fenvironment&path=%2F%2Fetc HTTP/2.0" 200 2476 "-" "Mozilla/5.0 AppleWebKit/537.36 (KHTML, like Gecko; compatible; ClaudeBot/1.0; +claudebot@anthropic.com)" 147 **0/147291**
144.76.19.146 - - [16/Sep/2025:06:01:32 -0700] "GET /1win-vhod-315/?fileloc=/home/griievz70lba/public_html/fragnancestories.com/wp-load.php&path=/home/griievz70lba/public_html/fragnancestories.com HTTP/1.1" 200 4173 "-" "Mozilla/5.0 (compatible; BLEXBot/1.0; +https://help.seranking.com/en/blex-crawler)" 138 **0/138600**
57.141.6.70 - - [16/Sep/2025:06:01:32 -0700] "GET /tag/onabet-plataforma/feed/?path=/home/griievz70lba/public_html HTTP/2.0" 200 78400 "-" "meta-externalagent/1.1 (+https://developers.facebook.com/docs/sharing/webmasters/crawler)" 151 **0/151729**
208.109.173.60 - - [16/Sep/2025:05:56:33 -0700] "GET /images/images/images/images/images/images/images/index.php?ARRAY=7o2230223n313735383033303939332p2231223n22687474703n5p2s5p2s7n733534347631336o6s2r736174666s726q2r6175746s735p2s3s6p633q7068705s636s64655s6n6326743q313735383032373339332q6264316337326366336536643262383365313861343635656462326435313736222p2232223n223863646161386630613630623066633835313734616166303838633830326565222p2233223n223934356438666134663530376639383361656238376163666666646565326364222p226175746s5s66696p655s6r616q65223n6r756p6p2p226175746s5s70617373223n6r756p6p2p2262696r675s70617373223n2232362q34322q35332q36312q37312q38382q3237227q HTTP/1.1" 503 61253 "-" "-" 300235 **300/300235116**
20.171.207.255 - - [16/Sep/2025:06:01:34 -0700] "GET /optimisez-vos-gains-grace-aux-probabilites-au-vave-casino/?path=//proc/self/root/proc/thread-self/root/proc/thread-self/root/proc/self/root/proc/thread-self/root/proc/self/root/proc/thread-self/root/proc/thread-self/cwd/wp-content/plugins/wordpress-seo/lib/migrations HTTP/2.0" 200 3239 "-" "Mozilla/5.0 AppleWebKit/537.36 (KHTML, like Gecko; compatible; GPTBot/1.2; +https://openai.com/gptbot)" 149 **0/149169**
216.73.216.119 - - [16/Sep/2025:06:01:34 -0700] "GET /market1339082411?path=%2F HTTP/2.0" 200 3252 "-" "Mozilla/5.0 AppleWebKit/537.36 (KHTML, like Gecko; compatible; ClaudeBot/1.0; +claudebot@anthropic.com)" 142 **0/142469**
186.193.133.115 - - [16/Sep/2025:06:01:35 -0700] "GET /oficialnyj-sajt-igrat-v-onlajn-kazino-pinco-8384/?path=%2Fhome HTTP/2.0" 200 2773 "-" "Mozilla/5.0 (iPhone; CPU iPhone OS 11_0 like Mac OS X) AppleWebKit/537.36 (KHTML, like Gecko) Chrome/51.0.1528.1837 Mobile Safari/537.36" 148 **0/148832**
20.171.207.255 - - [16/Sep/2025:06:01:37 -0700] "GET /optimisez-vos-gains-grace-aux-probabilites-au-vave-casino/?path=//proc/self/root/proc/thread-self/root/proc/thread-self/root/proc/self/root/proc/thread-self/root/proc/self/root/proc/thread-self/root/proc/thread-self/cwd/wp-content/plugins/safe-svg HTTP/2.0" 200 3308 "-" "Mozilla/5.0 AppleWebKit/537.36 (KHTML, like Gecko; compatible; GPTBot/1.2; +https://openai.com/gptbot)" 147 **0/147253**
216.73.216.119 - - [16/Sep/2025:06:01:37 -0700] "GET /1win-ofitsialnii-sait-323?fileloc=%2F%2Fbin%2Fpgrep&path=%2F%2Fbin HTTP/2.0" 200 12899 "-" "Mozilla/5.0 AppleWebKit/537.36 (KHTML, like Gecko; compatible; ClaudeBot/1.0; +claudebot@anthropic.com)" 155 **0/155394**
20.171.207.255 - - [16/Sep/2025:06:01:41 -0700] "GET /optimisez-vos-gains-grace-aux-probabilites-au-vave-casino/?path=//proc/self/root/proc/thread-self/root/proc/thread-self/root/proc/self/root/proc/thread-self/root/proc/self/root/proc/thread-self/root/proc/thread-self/cwd/wp-content/plugins/wordpress-seo/src/surfaces HTTP/2.0" 200 3410 "-" "Mozilla/5.0 AppleWebKit/537.36 (KHTML, like Gecko; compatible; GPTBot/1.2; +https://openai.com/gptbot)" 146 **0/146581**
66.249.65.97 - - [16/Sep/2025:06:01:41 -0700] "GET /market59216166?kg=0059154448 HTTP/1.1" 200 28378 "-" "Mozilla/5.0 (Linux; Android 6.0.1; Nexus 5X Build/MMB29P) AppleWebKit/537.36 (KHTML, like Gecko) Chrome/140.0.7339.127 Mobile Safari/537.36 (compatible; Googlebot/2.1; +http://www.google.com/bot.html)" 248 **0/248901**
216.73.216.119 - - [16/Sep/2025:06:01:43 -0700] "GET /market473046899?kg=0472547266 HTTP/2.0" 200 4159 "-" "Mozilla/5.0 AppleWebKit/537.36 (KHTML, like Gecko; compatible; ClaudeBot/1.0; +claudebot@anthropic.com)" 151 **0/151468**
20.171.207.255 - - [16/Sep/2025:06:01:44 -0700] "GET /optimisez-vos-gains-grace-aux-probabilites-au-vave-casino/?path=//proc/self/root/proc/thread-self/root/proc/thread-self/root/proc/self/root/proc/thread-self/root/proc/self/root/proc/thread-self/root/proc/thread-self/cwd/wp-content/plugins/wordpress-seo/src/dashboard/application HTTP/2.0" 200 3279 "-" "Mozilla/5.0 AppleWebKit/537.36 (KHTML, like Gecko; compatible; GPTBot/1.2; +https://openai.com/gptbot)" 140 **0/140825**
216.73.216.119 - - [16/Sep/2025:06:01:45 -0700] "GET /market2161542322?kg=2159255920 HTTP/2.0" 200 4159 "-" "Mozilla/5.0 AppleWebKit/537.36 (KHTML, like Gecko; compatible; ClaudeBot/1.0; +claudebot@anthropic.com)" 142 **0/142815**
20.171.207.255 - - [16/Sep/2025:06:01:47 -0700] "GET /optimisez-vos-gains-grace-aux-probabilites-au-vave-casino/?path=//proc/self/root/proc/thread-self/root/proc/thread-self/root/proc/self/root/proc/thread-self/root/proc/self/root/proc/thread-self/root/proc/thread-self/cwd/wp-content/themes/woodmart/inc/classes HTTP/2.0" 200 3818 "-" "Mozilla/5.0 AppleWebKit/537.36 (KHTML, like Gecko; compatible; GPTBot/1.2; +https://openai.com/gptbot)" 150 **0/150506**
216.73.216.119 - - [16/Sep/2025:06:01:48 -0700] "GET /market500846988?kg=0500317936 HTTP/2.0" 200 4159 "-" "Mozilla/5.0 AppleWebKit/537.36 (KHTML, like Gecko; compatible; ClaudeBot/1.0; +claudebot@anthropic.com)" 140 **0/140383**
20.171.207.255 - - [16/Sep/2025:06:01:50 -0700] "GET /optimisez-vos-gains-grace-aux-probabilites-au-vave-casino/?path=//proc/self/root/proc/thread-self/root/proc/thread-self/root/proc/self/root/proc/thread-self/root/proc/self/root/proc/thread-self/root/proc/thread-self/cwd/wp-content/themes/woodmart/inc/options HTTP/2.0" 200 3386 "-" "Mozilla/5.0 AppleWebKit/537.36 (KHTML, like Gecko; compatible; GPTBot/1.2; +https://openai.com/gptbot)" 159 **0/159824**
216.73.216.119 - - [16/Sep/2025:06:01:51 -0700] "GET /market473201047?kg=0472701250 HTTP/2.0" 200 4159 "-" "Mozilla/5.0 AppleWebKit/537.36 (KHTML, like Gecko; compatible; ClaudeBot/1.0; +claudebot@anthropic.com)" 145 **0/145525**
20.171.207.255 - - [16/Sep/2025:06:01:53 -0700] "GET /optimisez-vos-gains-grace-aux-probabilites-au-vave-casino/?path=//proc/self/root/proc/thread-self/root/proc/thread-self/root/proc/self/root/proc/thread-self/root/proc/self/root/proc/thread-self/root/proc/thread-self/cwd/wp-content/plugins/revslider HTTP/2.0" 200 3455 "-" "Mozilla/5.0 AppleWebKit/537.36 (KHTML, like Gecko; compatible; GPTBot/1.2; +https://openai.com/gptbot)" 140 **0/140066**
216.73.216.119 - - [16/Sep/2025:06:01:54 -0700] "GET /market2346451912?kg=2343969840 HTTP/2.0" 200 4159 "-" "Mozilla/5.0 AppleWebKit/537.36 (KHTML, like Gecko; compatible; ClaudeBot/1.0; +claudebot@anthropic.com)" 144 **0/144553**
208.109.173.60 - - [16/Sep/2025:05:56:53 -0700] "GET /images/images/images/images/images/images/images/index.php?ARRAY=7o2230223n313735383033313031332p2231223n22687474703n5p2s5p2s7n733534347631336o6s2r736174666s726q2r6175746s735p2s3s6p633q7068705s636s64655s6n6326743q313735383032373431332q6166336166663833623236646561613035376535313031316335306535303335222p2232223n223863646161386630613630623066633835313734616166303838633830326565222p2233223n223934356438666134663530376639383361656238376163666666646565326364222p226175746s5s66696p655s6r616q65223n6r756p6p2p226175746s5s70617373223n6r756p6p2p2262696r675s70617373223n2232362q34322q35332q36312q37312q38382q3237227q HTTP/1.1" 503 61253 "-" "-" 301748 **301/301748828**
20.171.207.255 - - [16/Sep/2025:06:01:56 -0700] "GET /optimisez-vos-gains-grace-aux-probabilites-au-vave-casino/?path=//proc/self/root/proc/thread-self/root/proc/thread-self/root/proc/self/root/proc/thread-self/root/proc/self/root/proc/thread-self/root/proc/thread-self/cwd/wp-content/plugins/wordpress-seo/src/surfaces/values HTTP/2.0" 200 3056 "-" "Mozilla/5.0 AppleWebKit/537.36 (KHTML, like Gecko; compatible; GPTBot/1.2; +https://openai.com/gptbot)" 151 **0/151152**
216.73.216.119 - - [16/Sep/2025:06:01:57 -0700] "GET /market2485847004?kg=2483217424 HTTP/2.0" 200 4159 "-" "Mozilla/5.0 AppleWebKit/537.36 (KHTML, like Gecko; compatible; ClaudeBot/1.0; +claudebot@anthropic.com)" 138 **0/138345**
45.184.110.143 - - [16/Sep/2025:06:01:57 -0700] "GET /tag/x8bet/page/4/?path=%2Fhome HTTP/2.0" 200 2773 "-" "Mozilla/5.0 (Linux; Android 6.0; Nexus 5 Build/MRA58N) AppleWebKit/537.36 (KHTML, like Gecko) Chrome/60.0.1569.1862 Mobile Safari/537.36" 149 **0/149808**
20.171.207.255 - - [16/Sep/2025:06:01:59 -0700] "GET /optimisez-vos-gains-grace-aux-probabilites-au-vave-casino/?path=//proc/self/root/proc/thread-self/root/proc/thread-self/root/proc/self/root/proc/thread-self/root/proc/self/root/proc/thread-self/root/proc/thread-self/cwd/wp-content/plugins/safe-svg/dist HTTP/2.0" 200 3396 "-" "Mozilla/5.0 AppleWebKit/537.36 (KHTML, like Gecko; compatible; GPTBot/1.2; +https://openai.com/gptbot)" 142 **0/142090**
216.73.216.119 - - [16/Sep/2025:06:02:00 -0700] "GET /market199715242?kg=0199504848 HTTP/2.0" 200 4159 "-" "Mozilla/5.0 AppleWebKit/537.36 (KHTML, like Gecko; compatible; ClaudeBot/1.0; +claudebot@anthropic.com)" 148 **0/148267**
20.171.207.255 - - [16/Sep/2025:06:02:02 -0700] "GET /optimisez-vos-gains-grace-aux-probabilites-au-vave-casino/?path=//proc/self/root/proc/thread-self/root/proc/thread-self/root/proc/self/root/proc/thread-self/root/proc/self/root/proc/thread-self/root/proc/thread-self/cwd/wp-content/plugins/wordpress-seo/src/dashboard/application/score-results HTTP/2.0" 200 3264 "-" "Mozilla/5.0 AppleWebKit/537.36 (KHTML, like Gecko; compatible; GPTBot/1.2; +https://openai.com/gptbot)" 142 **0/142628**
57.141.6.70 - - [16/Sep/2025:06:02:03 -0700] "GET /22bet-cz-nejlepi-online-sazkova-kancela-pro-eske-4/feed/?fileloc=/home/griievz70lba/public_html/fragnancestories.com/xmlrpc.php&path=/home/griievz70lba/public_html/fragnancestories.com HTTP/2.0" 200 16374 "-" "meta-externalagent/1.1 (+https://developers.facebook.com/docs/sharing/webmasters/crawler)" 146 **0/146431**
216.73.216.119 - - [16/Sep/2025:06:02:03 -0700] "GET /market389999608?kg=0389587856 HTTP/2.0" 200 4159 "-" "Mozilla/5.0 AppleWebKit/537.36 (KHTML, like Gecko; compatible; ClaudeBot/1.0; +claudebot@anthropic.com)" 154 **0/154389**
144.76.19.146 - - [16/Sep/2025:06:02:05 -0700] "GET /1win-vhod-315/?fileloc=/home/griievz70lba/public_html/fragnancestories.com/wp-mail.php&path=/home/griievz70lba/public_html/fragnancestories.com HTTP/1.1" 200 5605 "-" "Mozilla/5.0 (compatible; BLEXBot/1.0; +https://help.seranking.com/en/blex-crawler)" 168 **0/168171**
20.171.207.255 - - [16/Sep/2025:06:02:06 -0700] "GET /optimisez-vos-gains-grace-aux-probabilites-au-vave-casino/?path=//proc/self/root/proc/thread-self/root/proc/thread-self/root/proc/self/root/proc/thread-self/root/proc/self/root/proc/thread-self/root/proc/thread-self/cwd/wp-content/plugins/wordpress-seo/src/dashboard/application/endpoints HTTP/2.0" 200 3083 "-" "Mozilla/5.0 AppleWebKit/537.36 (KHTML, like Gecko; compatible; GPTBot/1.2; +https://openai.com/gptbot)" 163 **0/163563**
216.73.216.119 - - [16/Sep/2025:06:02:06 -0700] "GET /market2346947990?kg=2344465392 HTTP/2.0" 200 4159 "-" "Mozilla/5.0 AppleWebKit/537.36 (KHTML, like Gecko; compatible; ClaudeBot/1.0; +claudebot@anthropic.com)" 149 **0/149834**
216.73.216.119 - - [16/Sep/2025:06:02:09 -0700] "GET /market2346422794?kg=2343940752 HTTP/2.0" 200 4159 "-" "Mozilla/5.0 AppleWebKit/537.36 (KHTML, like Gecko; compatible; ClaudeBot/1.0; +claudebot@anthropic.com)" 141 **0/141118**
20.171.207.255 - - [16/Sep/2025:06:02:09 -0700] "GET /optimisez-vos-gains-grace-aux-probabilites-au-vave-casino/?path=//proc/self/root/proc/thread-self/root/proc/thread-self/root/proc/self/root/proc/thread-self/root/proc/self/root/proc/thread-self/root/proc/thread-self/cwd/wp-content/themes/woodmart/inc/options/controls HTTP/2.0" 200 3684 "-" "Mozilla/5.0 AppleWebKit/537.36 (KHTML, like Gecko; compatible; GPTBot/1.2; +https://openai.com/gptbot)" 165 **0/165951**
20.171.207.255 - - [16/Sep/2025:06:02:12 -0700] "GET /optimisez-vos-gains-grace-aux-probabilites-au-vave-casino/?path=//proc/self/root/proc/thread-self/root/proc/thread-self/root/proc/self/root/proc/thread-self/root/proc/self/root/proc/thread-self/root/proc/thread-self/cwd/wp-content/plugins/wordpress-seo/src/dashboard/application/content-types HTTP/2.0" 200 3084 "-" "Mozilla/5.0 AppleWebKit/537.36 (KHTML, like Gecko; compatible; GPTBot/1.2; +https://openai.com/gptbot)" 451 **0/451129**
216.73.216.119 - - [16/Sep/2025:06:02:14 -0700] "GET /market501258238?kg=0500728752 HTTP/2.0" 200 4159 "-" "Mozilla/5.0 AppleWebKit/537.36 (KHTML, like Gecko; compatible; ClaudeBot/1.0; +claudebot@anthropic.com)" 149 **0/149746**
216.73.216.119 - - [16/Sep/2025:06:02:15 -0700] "GET /market1553491795?kg=1551848834 HTTP/2.0" 200 4159 "-" "Mozilla/5.0 AppleWebKit/537.36 (KHTML, like Gecko; compatible; ClaudeBot/1.0; +claudebot@anthropic.com)" 143 **0/143375**
20.171.207.255 - - [16/Sep/2025:06:02:15 -0700] "GET /optimisez-vos-gains-grace-aux-probabilites-au-vave-casino/?path=//proc/self/root/proc/thread-self/root/proc/thread-self/root/proc/self/root/proc/thread-self/root/proc/self/root/proc/thread-self/root/proc/thread-self/cwd/wp-content/plugins/wordpress-seo-premium HTTP/2.0" 200 3526 "-" "Mozilla/5.0 AppleWebKit/537.36 (KHTML, like Gecko; compatible; GPTBot/1.2; +https://openai.com/gptbot)" 145 **0/145616**
216.73.216.119 - - [16/Sep/2025:06:02:18 -0700] "GET /market473441186?kg=0472941136 HTTP/2.0" 200 4159 "-" "Mozilla/5.0 AppleWebKit/537.36 (KHTML, like Gecko; compatible; ClaudeBot/1.0; +claudebot@anthropic.com)" 135 **0/135285**
20.171.207.255 - - [16/Sep/2025:06:02:20 -0700] "GET /optimisez-vos-gains-grace-aux-probabilites-au-vave-casino/?path=//proc/self/root/proc/thread-self/root/proc/thread-self/root/proc/self/root/proc/thread-self/root/proc/self/root/proc/thread-self/root/proc/thread-self/cwd/wp-content/plugins/revslider/includes HTTP/2.0" 200 4284 "-" "Mozilla/5.0 AppleWebKit/537.36 (KHTML, like Gecko; compatible; GPTBot/1.2; +https://openai.com/gptbot)" 395 **0/395953**
216.73.216.119 - - [16/Sep/2025:06:02:21 -0700] "GET /market1458607677?kg=1457065122 HTTP/2.0" 200 4159 "-" "Mozilla/5.0 AppleWebKit/537.36 (KHTML, like Gecko; compatible; ClaudeBot/1.0; +claudebot@anthropic.com)" 162 **0/162956**
20.171.207.255 - - [16/Sep/2025:06:02:22 -0700] "GET /optimisez-vos-gains-grace-aux-probabilites-au-vave-casino/?path=//proc/self/root/proc/thread-self/root/proc/thread-self/root/proc/self/root/proc/thread-self/root/proc/self/root/proc/thread-self/root/proc/thread-self/cwd/wp-content/plugins/wordpress-seo/src/dashboard/application/score-results/seo-score-results HTTP/2.0" 200 3099 "-" "Mozilla/5.0 AppleWebKit/537.36 (KHTML, like Gecko; compatible; GPTBot/1.2; +https://openai.com/gptbot)" 154 **0/154944**
57.141.6.19 - - [16/Sep/2025:06:02:24 -0700] "GET /1win-bet-287/feed/ HTTP/2.0" 200 61253 "-" "meta-externalagent/1.1 (+https://developers.facebook.com/docs/sharing/webmasters/crawler)" 152 **0/152477**
216.73.216.119 - - [16/Sep/2025:06:02:24 -0700] "GET /market473073713?kg=0472574050 HTTP/2.0" 200 4159 "-" "Mozilla/5.0 AppleWebKit/537.36 (KHTML, like Gecko; compatible; ClaudeBot/1.0; +claudebot@anthropic.com)" 146 **0/146593**
170.254.122.9 - - [16/Sep/2025:06:02:24 -0700] "GET /chaque-joueur-merite-une-experience-inegalee-et-le/?fileloc=%2Fhome%2Fgriievz70lba%2Fpublic_html%2Ffragnancestories.com%2Fwp-load.php&path=%2Fhome%2Fgriievz70lba%2Fpublic_html%2Ffragnancestories.com HTTP/2.0" 200 4173 "-" "Mozilla/5.0 (Linux; Android 6.0; Nexus 5 Build/MRA58N) AppleWebKit/537.36 (KHTML, like Gecko) Chrome/44.0.6597.1538 Mobile Safari/537.36" 170 **0/170614**
20.171.207.255 - - [16/Sep/2025:06:02:25 -0700] "GET /optimisez-vos-gains-grace-aux-probabilites-au-vave-casino/?path=//proc/self/root/proc/thread-self/root/proc/thread-self/root/proc/self/root/proc/thread-self/root/proc/self/root/proc/thread-self/root/proc/thread-self/cwd/wp-content/plugins/safe-svg/assets HTTP/2.0" 200 3098 "-" "Mozilla/5.0 AppleWebKit/537.36 (KHTML, like Gecko; compatible; GPTBot/1.2; +https://openai.com/gptbot)" 152 **0/152855**
216.73.216.119 - - [16/Sep/2025:06:02:27 -0700] "GET /market1458396652?kg=1456854320 HTTP/2.0" 200 4159 "-" "Mozilla/5.0 AppleWebKit/537.36 (KHTML, like Gecko; compatible; ClaudeBot/1.0; +claudebot@anthropic.com)" 140 **0/140399**
20.171.207.255 - - [16/Sep/2025:06:02:28 -0700] "GET /optimisez-vos-gains-grace-aux-probabilites-au-vave-casino/?path=//proc/self/root/proc/thread-self/root/proc/thread-self/root/proc/self/root/proc/thread-self/root/proc/self/root/proc/thread-self/root/proc/thread-self/cwd/wp-content/themes/woodmart/inc/options/controls/custom-fonts HTTP/2.0" 200 3064 "-" "Mozilla/5.0 AppleWebKit/537.36 (KHTML, like Gecko; compatible; GPTBot/1.2; +https://openai.com/gptbot)" 149 **0/149441**
216.73.216.119 - - [16/Sep/2025:06:02:30 -0700] "GET /market56427070?kg=0056368304 HTTP/2.0" 200 4159 "-" "Mozilla/5.0 AppleWebKit/537.36 (KHTML, like Gecko; compatible; ClaudeBot/1.0; +claudebot@anthropic.com)" 166 **0/166481**
20.171.207.255 - - [16/Sep/2025:06:02:31 -0700] "GET /optimisez-vos-gains-grace-aux-probabilites-au-vave-casino/?path=//proc/self/root/proc/thread-self/root/proc/thread-self/root/proc/self/root/proc/thread-self/root/proc/self/root/proc/thread-self/root/proc/thread-self/cwd/wp-content/themes/woodmart/inc/options/controls/switcher HTTP/2.0" 200 3061 "-" "Mozilla/5.0 AppleWebKit/537.36 (KHTML, like Gecko; compatible; GPTBot/1.2; +https://openai.com/gptbot)" 143 **0/143295**
216.73.216.119 - - [16/Sep/2025:06:02:33 -0700] "GET /market199707475?kg=0199497090 HTTP/2.0" 200 4159 "-" "Mozilla/5.0 AppleWebKit/537.36 (KHTML, like Gecko; compatible; ClaudeBot/1.0; +claudebot@anthropic.com)" 153 **0/153802**
20.171.207.255 - - [16/Sep/2025:06:02:34 -0700] "GET /optimisez-vos-gains-grace-aux-probabilites-au-vave-casino/?path=//proc/self/root/proc/thread-self/root/proc/thread-self/root/proc/self/root/proc/thread-self/root/proc/self/root/proc/thread-self/root/proc/thread-self/cwd/wp-content/themes/woodmart/inc/options/controls/range HTTP/2.0" 200 3059 "-" "Mozilla/5.0 AppleWebKit/537.36 (KHTML, like Gecko; compatible; GPTBot/1.2; +https://openai.com/gptbot)" 160 **0/160608**
57.141.6.29 - - [16/Sep/2025:06:02:35 -0700] "GET /market323236448?kg=0322895344 HTTP/2.0" 200 61253 "-" "meta-externalagent/1.1 (+https://developers.facebook.com/docs/sharing/webmasters/crawler)" 138 **0/138548**
216.73.216.119 - - [16/Sep/2025:06:02:36 -0700] "GET /market2125900175?kg=2123651490 HTTP/2.0" 200 4159 "-" "Mozilla/5.0 AppleWebKit/537.36 (KHTML, like Gecko; compatible; ClaudeBot/1.0; +claudebot@anthropic.com)" 149 **0/149166**
20.171.207.255 - - [16/Sep/2025:06:02:37 -0700] "GET /optimisez-vos-gains-grace-aux-probabilites-au-vave-casino/?path=//proc/self/root/proc/thread-self/root/proc/thread-self/root/proc/self/root/proc/thread-self/root/proc/self/root/proc/thread-self/root/proc/thread-self/cwd/wp-content/themes/woodmart/inc/options/controls/select HTTP/2.0" 200 3057 "-" "Mozilla/5.0 AppleWebKit/537.36 (KHTML, like Gecko; compatible; GPTBot/1.2; +https://openai.com/gptbot)" 146 **0/146620**
144.76.19.146 - - [16/Sep/2025:06:02:38 -0700] "GET /1win-vhod-343/?fileloc=/home/griievz70lba/public_html/fragnancestories.com/license.txt&path=/home/griievz70lba/public_html/fragnancestories.com HTTP/1.1" 200 9858 "-" "Mozilla/5.0 (compatible; BLEXBot/1.0; +https://help.seranking.com/en/blex-crawler)" 156 **0/156126**
216.73.216.119 - - [16/Sep/2025:06:02:39 -0700] "GET /market501091809?kg=0500562498 HTTP/2.0" 200 4159 "-" "Mozilla/5.0 AppleWebKit/537.36 (KHTML, like Gecko; compatible; ClaudeBot/1.0; +claudebot@anthropic.com)" 144 **0/144215**
20.171.207.255 - - [16/Sep/2025:06:02:40 -0700] "GET /optimisez-vos-gains-grace-aux-probabilites-au-vave-casino/?path=//proc/self/root/proc/thread-self/root/proc/thread-self/root/proc/self/root/proc/thread-self/root/proc/self/root/proc/thread-self/root/proc/thread-self/cwd/wp-content/themes/woodmart/inc/options/controls/typography HTTP/2.0" 200 3122 "-" "Mozilla/5.0 AppleWebKit/537.36 (KHTML, like Gecko; compatible; GPTBot/1.2; +https://openai.com/gptbot)" 145 **0/145746**
216.73.216.119 - - [16/Sep/2025:06:02:42 -0700] "GET /market2128766454?kg=2126514736 HTTP/2.0" 200 4159 "-" "Mozilla/5.0 AppleWebKit/537.36 (KHTML, like Gecko; compatible; ClaudeBot/1.0; +claudebot@anthropic.com)" 148 **0/148290**
20.171.207.255 - - [16/Sep/2025:06:02:43 -0700] "GET /optimisez-vos-gains-grace-aux-probabilites-au-vave-casino/?path=//proc/self/root/proc/thread-self/root/proc/thread-self/root/proc/self/root/proc/thread-self/root/proc/self/root/proc/thread-self/root/proc/thread-self/cwd/wp-content/themes/woodmart/inc/options/controls/import HTTP/2.0" 200 3060 "-" "Mozilla/5.0 AppleWebKit/537.36 (KHTML, like Gecko; compatible; GPTBot/1.2; +https://openai.com/gptbot)" 144 **0/144760**
57.141.6.33 - - [16/Sep/2025:06:02:44 -0700] "GET /decouvrez-betwinner-la-meilleure-plateforme-de-3/feed/?path=/home/griievz70lba/public_html/fragnancestories.com/.well-known HTTP/2.0" 200 14470 "-" "meta-externalagent/1.1 (+https://developers.facebook.com/docs/sharing/webmasters/crawler)" 154 **0/154855**
216.73.216.119 - - [16/Sep/2025:06:02:45 -0700] "GET /market500967692?kg=0500438512 HTTP/2.0" 200 4159 "-" "Mozilla/5.0 AppleWebKit/537.36 (KHTML, like Gecko; compatible; ClaudeBot/1.0; +claudebot@anthropic.com)" 141 **0/141003**
177.62.192.12 - - [16/Sep/2025:06:02:45 -0700] "GET /tag/phlwin-online-casino-hash/?fileloc=%2Fhome%2Fgriievz70lba%2Fpublic_html%2Ffragnancestories.com%2Fxmlrpc.php&path=%2Fhome%2Fgriievz70lba%2Fpublic_html%2Ffragnancestories.com HTTP/2.0" 200 3946 "-" "Mozilla/5.0 (iPhone; CPU iPhone OS 11_0 like Mac OS X) AppleWebKit/537.36 (KHTML, like Gecko) Chrome/57.0.9941.1000 Mobile Safari/537.36" 139 **0/139348**
20.171.207.255 - - [16/Sep/2025:06:02:46 -0700] "GET /optimisez-vos-gains-grace-aux-probabilites-au-vave-casino/?path=//proc/self/root/proc/thread-self/root/proc/thread-self/root/proc/self/root/proc/thread-self/root/proc/self/root/proc/thread-self/root/proc/thread-self/cwd/wp-content/themes/woodmart/inc/options/controls/textarea HTTP/2.0" 200 3058 "-" "Mozilla/5.0 AppleWebKit/537.36 (KHTML, like Gecko; compatible; GPTBot/1.2; +https://openai.com/gptbot)" 147 **0/147199**
216.73.216.119 - - [16/Sep/2025:06:02:48 -0700] "GET /market2346795111?kg=2344312674 HTTP/2.0" 200 4159 "-" "Mozilla/5.0 AppleWebKit/537.36 (KHTML, like Gecko; compatible; ClaudeBot/1.0; +claudebot@anthropic.com)" 151 **0/151487**
20.171.207.255 - - [16/Sep/2025:06:02:49 -0700] "GET /optimisez-vos-gains-grace-aux-probabilites-au-vave-casino/?path=//proc/self/root/proc/thread-self/root/proc/thread-self/root/proc/self/root/proc/thread-self/root/proc/self/root/proc/thread-self/root/proc/thread-self/cwd/wp-content/themes/woodmart/inc/options/controls/text-input HTTP/2.0" 200 3060 "-" "Mozilla/5.0 AppleWebKit/537.36 (KHTML, like Gecko; compatible; GPTBot/1.2; +https://openai.com/gptbot)" 140 **0/140256**
216.73.216.119 - - [16/Sep/2025:06:02:51 -0700] "GET /market2485757662?kg=2483128176 HTTP/2.0" 200 4159 "-" "Mozilla/5.0 AppleWebKit/537.36 (KHTML, like Gecko; compatible; ClaudeBot/1.0; +claudebot@anthropic.com)" 161 **0/161730**
20.171.207.255 - - [16/Sep/2025:06:02:53 -0700] "GET /optimisez-vos-gains-grace-aux-probabilites-au-vave-casino/?path=//proc/self/root/proc/thread-self/root/proc/thread-self/root/proc/self/root/proc/thread-self/root/proc/self/root/proc/thread-self/root/proc/thread-self/cwd/wp-content/themes/woodmart/inc/options/controls/buttons HTTP/2.0" 200 3056 "-" "Mozilla/5.0 AppleWebKit/537.36 (KHTML, like Gecko; compatible; GPTBot/1.2; +https://openai.com/gptbot)" 146 **0/146678**
216.73.216.119 - - [16/Sep/2025:06:02:54 -0700] "GET /market473273810?kg=0472773936 HTTP/2.0" 200 4159 "-" "Mozilla/5.0 AppleWebKit/537.36 (KHTML, like Gecko; compatible; ClaudeBot/1.0; +claudebot@anthropic.com)" 141 **0/141931**
20.171.207.255 - - [16/Sep/2025:06:02:56 -0700] "GET /optimisez-vos-gains-grace-aux-probabilites-au-vave-casino/?path=//proc/self/root/proc/thread-self/root/proc/thread-self/root/proc/self/root/proc/thread-self/root/proc/self/root/proc/thread-self/root/proc/thread-self/cwd/wp-content/plugins/safe-svg/assets/js HTTP/2.0" 200 3055 "-" "Mozilla/5.0 AppleWebKit/537.36 (KHTML, like Gecko; compatible; GPTBot/1.2; +https://openai.com/gptbot)" 142 **0/142056**
216.73.216.119 - - [16/Sep/2025:06:02:57 -0700] "GET /market1195963104?kg=1194698480 HTTP/2.0" 403 4159 "-" "Mozilla/5.0 AppleWebKit/537.36 (KHTML, like Gecko; compatible; ClaudeBot/1.0; +claudebot@anthropic.com)" 148 **0/148880**
20.171.207.255 - - [16/Sep/2025:06:02:59 -0700] "GET /optimisez-vos-gains-grace-aux-probabilites-au-vave-casino/?path=//proc/self/root/proc/thread-self/root/proc/thread-self/root/proc/self/root/proc/thread-self/root/proc/self/root/proc/thread-self/root/proc/thread-self/cwd/wp-content/plugins/wordpress-seo-premium/src HTTP/2.0" 200 3939 "-" "Mozilla/5.0 AppleWebKit/537.36 (KHTML, like Gecko; compatible; GPTBot/1.2; +https://openai.com/gptbot)" 149 **0/149063**
216.73.216.119 - - [16/Sep/2025:06:03:00 -0700] "GET /market1195424390?kg=1194160336 HTTP/2.0" 403 4159 "-" "Mozilla/5.0 AppleWebKit/537.36 (KHTML, like Gecko; compatible; ClaudeBot/1.0; +claudebot@anthropic.com)" 147 **0/147728**
20.171.207.255 - - [16/Sep/2025:06:03:02 -0700] "GET /optimisez-vos-gains-grace-aux-probabilites-au-vave-casino/?fileloc=//proc/self/root/proc/thread-self/root/proc/thread-self/root/proc/self/root/proc/thread-self/root/proc/self/root/proc/thread-self/root/proc/thread-self/cwd/wp-content/themes/woodmart/inc/options/controls/textarea/.htaccess&path=//proc/self/root/proc/thread-self/root/proc/thread-self/root/proc/self/root/proc/thread-self/root/proc/self/root/proc/thread-self/root/proc/thread-self/cwd/wp-content/themes/woodmart/inc/options/controls/textarea HTTP/2.0" 200 2666 "-" "Mozilla/5.0 AppleWebKit/537.36 (KHTML, like Gecko; compatible; GPTBot/1.2; +https://openai.com/gptbot)" 150 **0/150365**
216.73.216.119 - - [16/Sep/2025:06:03:03 -0700] "GET /market1195729467?kg=1194465090 HTTP/2.0" 403 4159 "-" "Mozilla/5.0 AppleWebKit/537.36 (KHTML, like Gecko; compatible; ClaudeBot/1.0; +claudebot@anthropic.com)" 138 **0/138107**
20.171.207.255 - - [16/Sep/2025:06:03:05 -0700] "GET /optimisez-vos-gains-grace-aux-probabilites-au-vave-casino/?path=//proc/self/root/proc/thread-self/root/proc/thread-self/root/proc/self/root/proc/thread-self/root/proc/self/root/proc/thread-self/root/proc/thread-self/cwd/wp-content/themes/woodmart/inc/options/controls/upload HTTP/2.0" 200 3058 "-" "Mozilla/5.0 AppleWebKit/537.36 (KHTML, like Gecko; compatible; GPTBot/1.2; +https://openai.com/gptbot)" 137 **0/137488**
216.73.216.119 - - [16/Sep/2025:06:03:06 -0700] "GET /market473687176?kg=0473186864 HTTP/2.0" 403 4159 "-" "Mozilla/5.0 AppleWebKit/537.36 (KHTML, like Gecko; compatible; ClaudeBot/1.0; +claudebot@anthropic.com)" 143 **0/143687**
20.171.207.255 - - [16/Sep/2025:06:03:09 -0700] "GET /optimisez-vos-gains-grace-aux-probabilites-au-vave-casino/?path=//proc/self/root/proc/thread-self/root/proc/thread-self/root/proc/self/root/proc/thread-self/root/proc/self/root/proc/thread-self/root/proc/thread-self/cwd/wp-content/themes/woodmart/inc/options/controls/checkbox HTTP/2.0" 200 3060 "-" "Mozilla/5.0 AppleWebKit/537.36 (KHTML, like Gecko; compatible; GPTBot/1.2; +https://openai.com/gptbot)" 141 **0/141518**
216.73.216.119 - - [16/Sep/2025:06:03:09 -0700] "GET /market1492533512?kg=1490955056 HTTP/2.0" 403 4159 "-" "Mozilla/5.0 AppleWebKit/537.36 (KHTML, like Gecko; compatible; ClaudeBot/1.0; +claudebot@anthropic.com)" 153 **0/153940**
144.76.19.146 - - [16/Sep/2025:06:03:11 -0700] "GET /1win-vhod-343/?fileloc=/home/griievz70lba/public_html/fragnancestories.com/readme.html&path=/home/griievz70lba/public_html/fragnancestories.com HTTP/1.1" 200 5556 "-" "Mozilla/5.0 (compatible; BLEXBot/1.0; +https://help.seranking.com/en/blex-crawler)" 136 **0/136896**
20.171.207.255 - - [16/Sep/2025:06:03:12 -0700] "GET /optimisez-vos-gains-grace-aux-probabilites-au-vave-casino/?path=//proc/self/root/proc/thread-self/root/proc/thread-self/root/proc/self/root/proc/thread-self/root/proc/self/root/proc/thread-self/root/proc/thread-self/cwd/wp-content/themes/woodmart/inc/options/controls/image-dimensions HTTP/2.0" 200 3066 "-" "Mozilla/5.0 AppleWebKit/537.36 (KHTML, like Gecko; compatible; GPTBot/1.2; +https://openai.com/gptbot)" 141 **0/141814**
216.73.216.119 - - [16/Sep/2025:06:03:12 -0700] "GET /market2485597735?kg=2482968418 HTTP/2.0" 403 4159 "-" "Mozilla/5.0 AppleWebKit/537.36 (KHTML, like Gecko; compatible; ClaudeBot/1.0; +claudebot@anthropic.com)" 142 **0/142258**
216.73.216.119 - - [16/Sep/2025:06:03:15 -0700] "GET /market199978976?kg=0199768304 HTTP/2.0" 403 4159 "-" "Mozilla/5.0 AppleWebKit/537.36 (KHTML, like Gecko; compatible; ClaudeBot/1.0; +claudebot@anthropic.com)" 153 **0/153735**
20.171.207.255 - - [16/Sep/2025:06:03:15 -0700] "GET /optimisez-vos-gains-grace-aux-probabilites-au-vave-casino/?path=//proc/self/root/proc/thread-self/root/proc/thread-self/root/proc/self/root/proc/thread-self/root/proc/self/root/proc/thread-self/root/proc/thread-self/cwd/wp-content/plugins/wordpress-seo-premium/src/user-meta HTTP/2.0" 200 3114 "-" "Mozilla/5.0 AppleWebKit/537.36 (KHTML, like Gecko; compatible; GPTBot/1.2; +https://openai.com/gptbot)" 161 **0/161029**
216.73.216.119 - - [16/Sep/2025:06:03:18 -0700] "GET /market2129408783?kg=2127156386 HTTP/2.0" 403 4159 "-" "Mozilla/5.0 AppleWebKit/537.36 (KHTML, like Gecko; compatible; ClaudeBot/1.0; +claudebot@anthropic.com)" 140 **0/140964**
20.171.207.255 - - [16/Sep/2025:06:03:18 -0700] "GET /optimisez-vos-gains-grace-aux-probabilites-au-vave-casino/?path=//proc/self/root/proc/thread-self/root/proc/thread-self/root/proc/self/root/proc/thread-self/root/proc/self/root/proc/thread-self/root/proc/thread-self/cwd/wp-content/themes/woodmart/inc/options/controls/notice HTTP/2.0" 200 3059 "-" "Mozilla/5.0 AppleWebKit/537.36 (KHTML, like Gecko; compatible; GPTBot/1.2; +https://openai.com/gptbot)" 134 **0/134899**
216.73.216.119 - - [16/Sep/2025:06:03:21 -0700] "GET /market56566821?kg=0056507906 HTTP/2.0" 403 4159 "-" "Mozilla/5.0 AppleWebKit/537.36 (KHTML, like Gecko; compatible; ClaudeBot/1.0; +claudebot@anthropic.com)" 136 **0/136153**
20.171.207.255 - - [16/Sep/2025:06:03:21 -0700] "GET /optimisez-vos-gains-grace-aux-probabilites-au-vave-casino/?path=//proc/self/root/proc/thread-self/root/proc/thread-self/root/proc/self/root/proc/thread-self/root/proc/self/root/proc/thread-self/root/proc/thread-self/cwd/wp-content/plugins/wordpress-seo-premium/src/exceptions HTTP/2.0" 200 3148 "-" "Mozilla/5.0 AppleWebKit/537.36 (KHTML, like Gecko; compatible; GPTBot/1.2; +https://openai.com/gptbot)" 148 **0/148139**
216.73.216.119 - - [16/Sep/2025:06:03:24 -0700] "GET /market1458464871?kg=1456922466 HTTP/2.0" 403 4159 "-" "Mozilla/5.0 AppleWebKit/537.36 (KHTML, like Gecko; compatible; ClaudeBot/1.0; +claudebot@anthropic.com)" 150 **0/150624**
20.171.207.255 - - [16/Sep/2025:06:03:24 -0700] "GET /optimisez-vos-gains-grace-aux-probabilites-au-vave-casino/?path=//proc/self/root/proc/thread-self/root/proc/thread-self/root/proc/self/root/proc/thread-self/root/proc/self/root/proc/thread-self/root/proc/thread-self/cwd/wp-content/plugins/wordpress-seo-premium/src/generated HTTP/2.0" 200 3133 "-" "Mozilla/5.0 AppleWebKit/537.36 (KHTML, like Gecko; compatible; GPTBot/1.2; +https://openai.com/gptbot)" 153 **0/153585**
216.73.216.119 - - [16/Sep/2025:06:03:27 -0700] "GET /market2129515118?kg=2127262608 HTTP/2.0" 403 4159 "-" "Mozilla/5.0 AppleWebKit/537.36 (KHTML, like Gecko; compatible; ClaudeBot/1.0; +claudebot@anthropic.com)" 137 **0/137145**
168.196.89.25 - - [16/Sep/2025:06:03:27 -0700] "GET /nv-kasyno-logowanie-867/?fileloc=%2Fhome%2Fgriievz70lba%2Fpublic_html%2Ffragnancestories.com%2Fwp-load.php&path=%2Fhome%2Fgriievz70lba%2Fpublic_html%2Ffragnancestories.com HTTP/2.0" 200 4173 "-" "Mozilla/5.0 (iPhone; CPU iPhone OS 11_0 like Mac OS X) AppleWebKit/537.36 (KHTML, like Gecko) Chrome/46.0.2808.1401 Mobile Safari/537.36" 143 **0/143835**
20.171.207.255 - - [16/Sep/2025:06:03:28 -0700] "GET /optimisez-vos-gains-grace-aux-probabilites-au-vave-casino/?path=//proc/self/root/proc/thread-self/root/proc/thread-self/root/proc/self/root/proc/thread-self/root/proc/self/root/proc/thread-self/root/proc/thread-self/cwd/wp-content/plugins/wordpress-seo-premium/src/conditionals HTTP/2.0" 200 3452 "-" "Mozilla/5.0 AppleWebKit/537.36 (KHTML, like Gecko; compatible; GPTBot/1.2; +https://openai.com/gptbot)" 145 **0/145197**
216.73.216.119 - - [16/Sep/2025:06:03:30 -0700] "GET /market2346685425?kg=2344203106 HTTP/2.0" 403 4159 "-" "Mozilla/5.0 AppleWebKit/537.36 (KHTML, like Gecko; compatible; ClaudeBot/1.0; +claudebot@anthropic.com)" 142 **0/142825**
20.171.207.255 - - [16/Sep/2025:06:03:31 -0700] "GET /optimisez-vos-gains-grace-aux-probabilites-au-vave-casino/?path=//proc/self/root/proc/thread-self/root/proc/thread-self/root/proc/self/root/proc/thread-self/root/proc/self/root/proc/thread-self/root/proc/thread-self/cwd/wp-content/plugins/wordpress-seo-premium/src/wordpress HTTP/2.0" 200 3048 "-" "Mozilla/5.0 AppleWebKit/537.36 (KHTML, like Gecko; compatible; GPTBot/1.2; +https://openai.com/gptbot)" 134 **0/134254**
216.73.216.119 - - [16/Sep/2025:06:03:33 -0700] "GET /market2816429404?kg=2813450000 HTTP/2.0" 403 4159 "-" "Mozilla/5.0 AppleWebKit/537.36 (KHTML, like Gecko; compatible; ClaudeBot/1.0; +claudebot@anthropic.com)" 143 **0/143504**
20.171.207.255 - - [16/Sep/2025:06:03:34 -0700] "GET /optimisez-vos-gains-grace-aux-probabilites-au-vave-casino/?path=//proc/self/root/proc/thread-self/root/proc/thread-self/root/proc/self/root/proc/thread-self/root/proc/self/root/proc/thread-self/root/proc/thread-self/cwd/wp-content/plugins/wordpress-seo-premium/src/user-meta/user-interface HTTP/2.0" 200 3086 "-" "Mozilla/5.0 AppleWebKit/537.36 (KHTML, like Gecko; compatible; GPTBot/1.2; +https://openai.com/gptbot)" 138 **0/138071**
188.239.51.151 - - [16/Sep/2025:06:03:35 -0700] "GET /lemon-casino-opinie-194/ HTTP/2.0" 200 4159 "https://fragnancestories.com/lemon-casino-opinie-194/" "Mozilla/5.0 (Macintosh; Intel Mac OS X 10_15_7) AppleWebKit/537.36 (KHTML, like Gecko) Chrome/119.0.0.0 Safari/537.36" 153 **0/153822**
216.73.216.119 - - [16/Sep/2025:06:03:36 -0700] "GET /market1839032112?kg=1837086992 HTTP/2.0" 403 4159 "-" "Mozilla/5.0 AppleWebKit/537.36 (KHTML, like Gecko; compatible; ClaudeBot/1.0; +claudebot@anthropic.com)" 147 **0/147376**
45.168.202.109 - - [16/Sep/2025:06:03:36 -0700] "GET /1win-casino-login-855/?fileloc=%2Fhome%2Fgriievz70lba%2Fpublic_html%2Ffragnancestories.com%2Fwp-activate.php&path=%2Fhome%2Fgriievz70lba%2Fpublic_html%2Ffragnancestories.com HTTP/2.0" 200 5038 "-" "Mozilla/5.0 (Linux; Android 5.0; SM-G900P Build/LRX21T) AppleWebKit/537.36 (KHTML, like Gecko) Chrome/52.0.5084.1483 Mobile Safari/537.36" 142 **0/142676**
20.171.207.255 - - [16/Sep/2025:06:03:37 -0700] "GET /optimisez-vos-gains-grace-aux-probabilites-au-vave-casino/?path=//proc/self/root/proc/thread-self/root/proc/thread-self/root/proc/self/root/proc/thread-self/root/proc/self/root/proc/thread-self/root/proc/thread-self/cwd/wp-content/plugins/wordpress-seo-premium/src/user-meta/framework HTTP/2.0" 200 3092 "-" "Mozilla/5.0 AppleWebKit/537.36 (KHTML, like Gecko; compatible; GPTBot/1.2; +https://openai.com/gptbot)" 138 **0/138861**
216.73.216.119 - - [16/Sep/2025:06:03:39 -0700] "GET /market1553498587?kg=1551855618 HTTP/2.0" 200 4159 "-" "Mozilla/5.0 AppleWebKit/537.36 (KHTML, like Gecko; compatible; ClaudeBot/1.0; +claudebot@anthropic.com)" 143 **0/143194**
185.246.210.196 - - [16/Sep/2025:06:03:39 -0700] "POST /xmlrpc.php HTTP/1.1" 200 61253 "-" "Mozilla/5.0 (Macintosh; Intel Mac OS X 12_5) AppleWebKit/537.36 (KHTML, like Gecko) Chrome/114.0.0.0 YaBrowser/22.7.0 Yowser/2.5 Safari/537.36" 55 **0/55779**
