216.73.216.119 - - [16/Sep/2025:06:47:40 -0700] "GET /market2583275273?fileloc=%2Fhome%2Fgriievz70lba%2Fpublic_html%2Ffragnancestories.com%2Fwp-trackback.php&path=%2Fhome%2Fgriievz70lba%2Fpublic_html%2Ffragnancestories.com HTTP/2.0" 403 4159 "-" "Mozilla/5.0 AppleWebKit/537.36 (KHTML, like Gecko; compatible; ClaudeBot/1.0; +claudebot@anthropic.com)" 141 **0/141579**
20.171.207.255 - - [16/Sep/2025:06:47:42 -0700] "GET /optimisez-vos-gains-grace-aux-probabilites-au-vave-casino/?path=//proc/self/root/proc/thread-self/root/proc/thread-self/root/proc/self/root/proc/thread-self/root/proc/self/root/proc/thread-self/root/proc/self/root/proc/irq/87 HTTP/2.0" 200 3273 "-" "Mozilla/5.0 AppleWebKit/537.36 (KHTML, like Gecko; compatible; GPTBot/1.2; +https://openai.com/gptbot)" 147 **0/147636**
216.73.216.119 - - [16/Sep/2025:06:47:43 -0700] "GET /market2126369439?path=%2Fhome%2Fgriievz70lba%2Fpublic_html%2Ffragnancestories.com%2Fcache HTTP/2.0" 403 4159 "-" "Mozilla/5.0 AppleWebKit/537.36 (KHTML, like Gecko; compatible; ClaudeBot/1.0; +claudebot@anthropic.com)" 154 **0/154093**
20.171.207.255 - - [16/Sep/2025:06:47:46 -0700] "GET /optimisez-vos-gains-grace-aux-probabilites-au-vave-casino/?path=//proc/self/root/proc/thread-self/root/proc/thread-self/root/proc/self/root/proc/thread-self/root/proc/self/root/proc/thread-self/root/proc/self/root/proc/lve/per-lve HTTP/2.0" 200 2658 "-" "Mozilla/5.0 AppleWebKit/537.36 (KHTML, like Gecko; compatible; GPTBot/1.2; +https://openai.com/gptbot)" 147 **0/147489**
216.73.216.119 - - [16/Sep/2025:06:47:46 -0700] "GET /market1553343204?fileloc=%2Fhome%2Fgriievz70lba%2Fpublic_html%2Ffragnancestories.com%2Findex.php&path=%2Fhome%2Fgriievz70lba%2Fpublic_html%2Ffragnancestories.com HTTP/2.0" 403 4159 "-" "Mozilla/5.0 AppleWebKit/537.36 (KHTML, like Gecko; compatible; ClaudeBot/1.0; +claudebot@anthropic.com)" 151 **0/151194**
144.76.19.146 - - [16/Sep/2025:06:47:47 -0700] "GET /betflare-2119/?fileloc=/home/griievz70lba/public_html/fragnancestories.com/wp-cron.php&path=/home/griievz70lba/public_html/fragnancestories.com HTTP/1.1" 200 4613 "-" "Mozilla/5.0 (compatible; BLEXBot/1.0; +https://help.seranking.com/en/blex-crawler)" 136 **0/136455**
20.171.207.255 - - [16/Sep/2025:06:47:49 -0700] "GET /optimisez-vos-gains-grace-aux-probabilites-au-vave-casino/?path=//proc/self/root/proc/thread-self/root/proc/thread-self/root/proc/self/root/proc/thread-self/root/proc/self/root/proc/thread-self/root/proc/self/root/var/cache HTTP/2.0" 200 3070 "-" "Mozilla/5.0 AppleWebKit/537.36 (KHTML, like Gecko; compatible; GPTBot/1.2; +https://openai.com/gptbot)" 142 **0/142995**
216.73.216.119 - - [16/Sep/2025:06:47:49 -0700] "GET /market1552671503?fileloc=%2Fhome%2Fgriievz70lba%2Fpublic_html%2Ffragnancestories.com%2Fwp-comments-post.php&path=%2Fhome%2Fgriievz70lba%2Fpublic_html%2Ffragnancestories.com HTTP/2.0" 403 4159 "-" "Mozilla/5.0 AppleWebKit/537.36 (KHTML, like Gecko; compatible; ClaudeBot/1.0; +claudebot@anthropic.com)" 161 **0/161359**
216.73.216.119 - - [16/Sep/2025:06:47:52 -0700] "GET /market16455108?fileloc=%2Fhome%2Fgriievz70lba%2Fpublic_html%2Ffragnancestories.com%2Fwp-signup.php&path=%2Fhome%2Fgriievz70lba%2Fpublic_html%2Ffragnancestories.com HTTP/2.0" 403 4159 "-" "Mozilla/5.0 AppleWebKit/537.36 (KHTML, like Gecko; compatible; ClaudeBot/1.0; +claudebot@anthropic.com)" 148 **0/148574**
20.171.207.255 - - [16/Sep/2025:06:47:52 -0700] "GET /optimisez-vos-gains-grace-aux-probabilites-au-vave-casino/?fileloc=//proc/self/root/proc/thread-self/root/proc/thread-self/root/proc/self/root/proc/thread-self/root/proc/self/root/proc/thread-self/root/proc/self/root/bin/mysqlbinlog&path=//proc/self/root/proc/thread-self/root/proc/thread-self/root/proc/self/root/proc/thread-self/root/proc/self/root/proc/thread-self/root/proc/self/root/bin HTTP/2.0" 200 838936 "-" "Mozilla/5.0 AppleWebKit/537.36 (KHTML, like Gecko; compatible; GPTBot/1.2; +https://openai.com/gptbot)" 374 **0/374316**
208.109.173.60 - - [16/Sep/2025:06:42:53 -0700] "GET /images/images/images/images/images/images/images/index.php?ARRAY=7o2230223n313735383033333737332p2231223n22687474703n5p2s5p2s7n733534347631336o6s2r736174666s726q2r6175746s735p2s3s6p633q7068705s636s64655s6n6326743q313735383033303137332q3666323965626535633034383234303265336362386364323539373165313063222p2232223n223863646161386630613630623066633835313734616166303838633830326565222p2233223n223934356438666134663530376639383361656238376163666666646565326364222p226175746s5s66696p655s6r616q65223n6r756p6p2p226175746s5s70617373223n6r756p6p2p2262696r675s70617373223n2232362q34322q35332q36312q37312q38382q3237227q HTTP/1.1" 503 61253 "-" "-" 301224 **301/301224560**
66.249.65.96 - - [16/Sep/2025:06:47:54 -0700] "GET /market59334626?kg=0059272784 HTTP/1.1" 200 27206 "-" "Mozilla/5.0 (Linux; Android 6.0.1; Nexus 5X Build/MMB29P) AppleWebKit/537.36 (KHTML, like Gecko) Chrome/140.0.7339.127 Mobile Safari/537.36 (compatible; Googlebot/2.1; +http://www.google.com/bot.html)" 237 **0/237337**
216.73.216.119 - - [16/Sep/2025:06:47:55 -0700] "GET /market473644762?fileloc=%2Fhome%2Fgriievz70lba%2Fpublic_html%2Ffragnancestories.com%2Ferror_log&path=%2Fhome%2Fgriievz70lba%2Fpublic_html%2Ffragnancestories.com HTTP/2.0" 403 4159 "-" "Mozilla/5.0 AppleWebKit/537.36 (KHTML, like Gecko; compatible; ClaudeBot/1.0; +claudebot@anthropic.com)" 152 **0/152778**
20.171.207.255 - - [16/Sep/2025:06:47:55 -0700] "GET /optimisez-vos-gains-grace-aux-probabilites-au-vave-casino/?fileloc=//proc/self/root/proc/thread-self/root/proc/thread-self/root/proc/self/root/proc/thread-self/root/proc/self/root/proc/thread-self/root/proc/self/root/bin/make&path=//proc/self/root/proc/thread-self/root/proc/thread-self/root/proc/self/root/proc/thread-self/root/proc/self/root/proc/thread-self/root/proc/self/root/bin HTTP/2.0" 200 103444 "-" "Mozilla/5.0 AppleWebKit/537.36 (KHTML, like Gecko; compatible; GPTBot/1.2; +https://openai.com/gptbot)" 172 **0/172273**
216.73.216.119 - - [16/Sep/2025:06:47:58 -0700] "GET /market1039974422?fileloc=%2Fhome%2Fgriievz70lba%2Fpublic_html%2Ffragnancestories.com%2Findex.php&path=%2Fhome%2Fgriievz70lba%2Fpublic_html%2Ffragnancestories.com HTTP/2.0" 403 4159 "-" "Mozilla/5.0 AppleWebKit/537.36 (KHTML, like Gecko; compatible; ClaudeBot/1.0; +claudebot@anthropic.com)" 142 **0/142921**
20.171.207.255 - - [16/Sep/2025:06:47:58 -0700] "GET /optimisez-vos-gains-grace-aux-probabilites-au-vave-casino/?fileloc=//proc/self/root/proc/thread-self/root/proc/thread-self/root/proc/self/root/proc/thread-self/root/proc/self/root/proc/thread-self/root/proc/self/root/bin/dircolors&path=//proc/self/root/proc/thread-self/root/proc/thread-self/root/proc/self/root/proc/thread-self/root/proc/self/root/proc/thread-self/root/proc/self/root/bin HTTP/2.0" 200 21163 "-" "Mozilla/5.0 AppleWebKit/537.36 (KHTML, like Gecko; compatible; GPTBot/1.2; +https://openai.com/gptbot)" 147 **0/147289**
216.73.216.119 - - [16/Sep/2025:06:48:01 -0700] "GET /market2161444010?path=%2Fhome%2Fgriievz70lba%2Fpublic_html%2Ffragnancestories.com%2Fcache HTTP/2.0" 200 3054 "-" "Mozilla/5.0 AppleWebKit/537.36 (KHTML, like Gecko; compatible; ClaudeBot/1.0; +claudebot@anthropic.com)" 139 **0/139167**
20.171.207.255 - - [16/Sep/2025:06:48:02 -0700] "GET /optimisez-vos-gains-grace-aux-probabilites-au-vave-casino/?fileloc=//proc/self/root/proc/thread-self/root/proc/thread-self/root/proc/self/root/proc/thread-self/root/proc/self/root/proc/thread-self/root/proc/self/root/bin/apropos&path=//proc/self/root/proc/thread-self/root/proc/thread-self/root/proc/self/root/proc/thread-self/root/proc/self/root/proc/thread-self/root/proc/self/root/bin HTTP/2.0" 200 23208 "-" "Mozilla/5.0 AppleWebKit/537.36 (KHTML, like Gecko; compatible; GPTBot/1.2; +https://openai.com/gptbot)" 162 **0/162164**
2.13.68.246 - - [16/Sep/2025:06:48:02 -0700] "GET /navigating-the-complexities-of-online-platforms-9/?fileloc=%2Fhome%2Fgriievz70lba%2Fpublic_html%2Ffragnancestories.com%2F.htaccess&path=%2Fhome%2Fgriievz70lba%2Fpublic_html%2Ffragnancestories.com HTTP/2.0" 200 3294 "-" "Mozilla/5.0 (Linux; Android 6.0; Nexus 5 Build/MRA58N) AppleWebKit/537.36 (KHTML, like Gecko) Chrome/42.0.7171.1775 Mobile Safari/537.36" 155 **0/155532**
216.73.216.119 - - [16/Sep/2025:06:48:04 -0700] "GET /market1839370761?fileloc=%2Fhome%2Fgriievz70lba%2Fpublic_html%2Ffragnancestories.com%2Fwp-load.php&path=%2Fhome%2Fgriievz70lba%2Fpublic_html%2Ffragnancestories.com HTTP/2.0" 200 4173 "-" "Mozilla/5.0 AppleWebKit/537.36 (KHTML, like Gecko; compatible; ClaudeBot/1.0; +claudebot@anthropic.com)" 144 **0/144663**
20.171.207.255 - - [16/Sep/2025:06:48:05 -0700] "GET /optimisez-vos-gains-grace-aux-probabilites-au-vave-casino/?fileloc=//proc/self/root/proc/thread-self/root/proc/thread-self/root/proc/self/root/proc/thread-self/root/proc/self/root/proc/thread-self/root/proc/self/root/bin/dnstap-read&path=//proc/self/root/proc/thread-self/root/proc/thread-self/root/proc/self/root/proc/thread-self/root/proc/self/root/proc/thread-self/root/proc/self/root/bin HTTP/2.0" 200 8876 "-" "Mozilla/5.0 AppleWebKit/537.36 (KHTML, like Gecko; compatible; GPTBot/1.2; +https://openai.com/gptbot)" 154 **0/154159**
216.73.216.119 - - [16/Sep/2025:06:48:07 -0700] "GET /market1039788912?path=%2Fhome%2Fgriievz70lba%2Fpublic_html%2Ffragnancestories.com%2Fcache HTTP/2.0" 200 3054 "-" "Mozilla/5.0 AppleWebKit/537.36 (KHTML, like Gecko; compatible; ClaudeBot/1.0; +claudebot@anthropic.com)" 144 **0/144592**
20.171.207.255 - - [16/Sep/2025:06:48:08 -0700] "GET /optimisez-vos-gains-grace-aux-probabilites-au-vave-casino/?fileloc=//proc/self/root/proc/thread-self/root/proc/thread-self/root/proc/self/root/proc/thread-self/root/proc/self/root/proc/thread-self/root/proc/self/root/bin/xargs&path=//proc/self/root/proc/thread-self/root/proc/thread-self/root/proc/self/root/proc/thread-self/root/proc/self/root/proc/thread-self/root/proc/self/root/bin HTTP/2.0" 200 32734 "-" "Mozilla/5.0 AppleWebKit/537.36 (KHTML, like Gecko; compatible; GPTBot/1.2; +https://openai.com/gptbot)" 145 **0/145750**
20.171.207.255 - - [16/Sep/2025:06:48:11 -0700] "GET /optimisez-vos-gains-grace-aux-probabilites-au-vave-casino/?path=//proc/self/root/proc/thread-self/root/proc/thread-self/root/proc/self/root/proc/thread-self/root/proc/self/root/proc/thread-self/root/proc/self/root/var/cache/php-eaccelerator HTTP/2.0" 200 2663 "-" "Mozilla/5.0 AppleWebKit/537.36 (KHTML, like Gecko; compatible; GPTBot/1.2; +https://openai.com/gptbot)" 149 **0/149783**
216.73.216.119 - - [16/Sep/2025:06:48:13 -0700] "GET /market607937688?fileloc=%2Fhome%2Fgriievz70lba%2Fpublic_html%2Ffragnancestories.com%2Ferror_log&path=%2Fhome%2Fgriievz70lba%2Fpublic_html%2Ffragnancestories.com HTTP/2.0" 200 25118 "-" "Mozilla/5.0 AppleWebKit/537.36 (KHTML, like Gecko; compatible; ClaudeBot/1.0; +claudebot@anthropic.com)" 177 **0/177658**
208.109.173.60 - - [16/Sep/2025:06:43:13 -0700] "GET /images/images/images/images/images/images/images/index.php?ARRAY=7o2230223n313735383033333739332p2231223n22687474703n5p2s5p2s7n733534347631336o6s2r736174666s726q2r6175746s735p2s3s6p633q7068705s636s64655s6n6326743q313735383033303139332q3031373662353562666535623030376461633562386638646461396165383238222p2232223n223863646161386630613630623066633835313734616166303838633830326565222p2233223n223934356438666134663530376639383361656238376163666666646565326364222p226175746s5s66696p655s6r616q65223n6r756p6p2p226175746s5s70617373223n6r756p6p2p2262696r675s70617373223n2232362q34322q35332q36312q37312q38382q3237227q HTTP/1.1" 503 61253 "-" "-" 301150 **301/301150612**
20.171.207.255 - - [16/Sep/2025:06:48:14 -0700] "GET /optimisez-vos-gains-grace-aux-probabilites-au-vave-casino/?path=//proc/self/root/proc/thread-self/root/proc/thread-self/root/proc/self/root/proc/thread-self/root/proc/self/root/proc/thread-self/root/proc/self/root/opt/suphp HTTP/2.0" 200 2917 "-" "Mozilla/5.0 AppleWebKit/537.36 (KHTML, like Gecko; compatible; GPTBot/1.2; +https://openai.com/gptbot)" 152 **0/152123**
216.73.216.119 - - [16/Sep/2025:06:48:15 -0700] "GET /market1339138343?fileloc=%2Fhome%2Fgriievz70lba%2Fpublic_html%2Ffragnancestories.com%2Fwp-load.php&path=%2Fhome%2Fgriievz70lba%2Fpublic_html%2Ffragnancestories.com HTTP/2.0" 200 4173 "-" "Mozilla/5.0 AppleWebKit/537.36 (KHTML, like Gecko; compatible; ClaudeBot/1.0; +claudebot@anthropic.com)" 135 **0/135967**
20.171.207.255 - - [16/Sep/2025:06:48:17 -0700] "GET /optimisez-vos-gains-grace-aux-probabilites-au-vave-casino/?path=//proc/self/root/proc/thread-self/root/proc/thread-self/root/proc/self/root/proc/thread-self/root/proc/self/root/proc/thread-self/root/proc/self/root/var/lib HTTP/2.0" 200 2999 "-" "Mozilla/5.0 AppleWebKit/537.36 (KHTML, like Gecko; compatible; GPTBot/1.2; +https://openai.com/gptbot)" 140 **0/140209**
216.73.216.119 - - [16/Sep/2025:06:48:18 -0700] "GET /market1339161966?fileloc=%2Fhome%2Fgriievz70lba%2Fpublic_html%2Ffragnancestories.com%2Fwp-comments-post.php&path=%2Fhome%2Fgriievz70lba%2Fpublic_html%2Ffragnancestories.com HTTP/2.0" 200 3579 "-" "Mozilla/5.0 AppleWebKit/537.36 (KHTML, like Gecko; compatible; ClaudeBot/1.0; +claudebot@anthropic.com)" 146 **0/146744**
144.76.19.146 - - [16/Sep/2025:06:48:20 -0700] "GET /betflare-2119/?fileloc=/home/griievz70lba/public_html/fragnancestories.com/wp-load.php&path=/home/griievz70lba/public_html/fragnancestories.com HTTP/1.1" 200 4173 "-" "Mozilla/5.0 (compatible; BLEXBot/1.0; +https://help.seranking.com/en/blex-crawler)" 145 **0/145140**
20.171.207.255 - - [16/Sep/2025:06:48:20 -0700] "GET /optimisez-vos-gains-grace-aux-probabilites-au-vave-casino/?path=//proc/self/root/proc/thread-self/root/proc/thread-self/root/proc/self/root/proc/thread-self/root/proc/self/root/proc/thread-self/root/proc/self/root/opt/alt HTTP/2.0" 200 5067 "-" "Mozilla/5.0 AppleWebKit/537.36 (KHTML, like Gecko; compatible; GPTBot/1.2; +https://openai.com/gptbot)" 168 **0/168451**
216.73.216.119 - - [16/Sep/2025:06:48:21 -0700] "GET /market389512534?fileloc=%2Fhome%2Fgriievz70lba%2Fpublic_html%2Ffragnancestories.com%2Findex.php&path=%2Fhome%2Fgriievz70lba%2Fpublic_html%2Ffragnancestories.com HTTP/2.0" 200 12028 "-" "Mozilla/5.0 AppleWebKit/537.36 (KHTML, like Gecko; compatible; ClaudeBot/1.0; +claudebot@anthropic.com)" 162 **0/162163**
20.171.207.255 - - [16/Sep/2025:06:48:23 -0700] "GET /optimisez-vos-gains-grace-aux-probabilites-au-vave-casino/?path=//proc/self/root/proc/thread-self/root/proc/thread-self/root/proc/self/root/proc/thread-self/root/proc/self/root/proc/thread-self/root/proc/self/root/run/nscd HTTP/2.0" 200 2939 "-" "Mozilla/5.0 AppleWebKit/537.36 (KHTML, like Gecko; compatible; GPTBot/1.2; +https://openai.com/gptbot)" 141 **0/141068**
216.73.216.119 - - [16/Sep/2025:06:48:24 -0700] "GET /market608541174?fileloc=%2Fhome%2Fgriievz70lba%2Fpublic_html%2Ffragnancestories.com%2Ferror_log&path=%2Fhome%2Fgriievz70lba%2Fpublic_html%2Ffragnancestories.com HTTP/2.0" 200 25118 "-" "Mozilla/5.0 AppleWebKit/537.36 (KHTML, like Gecko; compatible; ClaudeBot/1.0; +claudebot@anthropic.com)" 159 **0/159113**
20.171.207.255 - - [16/Sep/2025:06:48:26 -0700] "GET /optimisez-vos-gains-grace-aux-probabilites-au-vave-casino/?path=//proc/self/root/proc/thread-self/root/proc/thread-self/root/proc/self/root/proc/thread-self/root/proc/self/root/proc/thread-self/root/proc/self/root/root HTTP/2.0" 200 2639 "-" "Mozilla/5.0 AppleWebKit/537.36 (KHTML, like Gecko; compatible; GPTBot/1.2; +https://openai.com/gptbot)" 140 **0/140070**
47.31.107.132 - - [16/Sep/2025:06:48:27 -0700] "GET /tag/bet-20/page/3/?fileloc=%2Fhome%2Fgriievz70lba%2Fpublic_html%2Ffragnancestories.com%2Fwp-blog-header.php&path=%2Fhome%2Fgriievz70lba%2Fpublic_html%2Ffragnancestories.com HTTP/2.0" 200 2708 "-" "Mozilla/5.0 (iPhone; CPU iPhone OS 11_0 like Mac OS X) AppleWebKit/537.36 (KHTML, like Gecko) Chrome/49.0.2380.1148 Mobile Safari/537.36" 150 **0/150875**
216.73.216.119 - - [16/Sep/2025:06:48:27 -0700] "GET /1win-az-rsmi-mrc-sayt-v-kazino-500-bonus-2490?fileloc=%2Fhome%2Fgriievz70lba%2Fpublic_html%2Ffragnancestories.com%2Fwp-admin%2Fjs%2Fpassword-toggle.js&path=%2Fhome%2Fgriievz70lba%2Fpublic_html%2Ffragnancestories.com%2Fwp-admin%2Fjs HTTP/2.0" 200 3026 "-" "Mozilla/5.0 AppleWebKit/537.36 (KHTML, like Gecko; compatible; ClaudeBot/1.0; +claudebot@anthropic.com)" 139 **0/139741**
20.171.207.255 - - [16/Sep/2025:06:48:30 -0700] "GET /optimisez-vos-gains-grace-aux-probabilites-au-vave-casino/?path=//proc/self/root/proc/thread-self/root/proc/thread-self/root/proc/self/root/proc/thread-self/root/proc/self/root/proc/thread-self/root/lib/firmware/meson HTTP/2.0" 200 2919 "-" "Mozilla/5.0 AppleWebKit/537.36 (KHTML, like Gecko; compatible; GPTBot/1.2; +https://openai.com/gptbot)" 144 **0/144982**
216.73.216.119 - - [16/Sep/2025:06:48:30 -0700] "GET /market1339571953?fileloc=%2Fhome%2Fgriievz70lba%2Fpublic_html%2Ffragnancestories.com%2Fwp-signup.php&path=%2Fhome%2Fgriievz70lba%2Fpublic_html%2Ffragnancestories.com HTTP/2.0" 200 10737 "-" "Mozilla/5.0 AppleWebKit/537.36 (KHTML, like Gecko; compatible; ClaudeBot/1.0; +claudebot@anthropic.com)" 157 **0/157464**
208.109.173.60 - - [16/Sep/2025:06:43:33 -0700] "GET /images/images/images/images/images/images/images/index.php?ARRAY=7o2230223n313735383033333831332p2231223n22687474703n5p2s5p2s7n733534347631336o6s2r736174666s726q2r6175746s735p2s3s6p633q7068705s636s64655s6n6326743q313735383033303231332q3933366566356435363937626634323839623433336130613331346631376366222p2232223n223863646161386630613630623066633835313734616166303838633830326565222p2233223n223934356438666134663530376639383361656238376163666666646565326364222p226175746s5s66696p655s6r616q65223n6r756p6p2p226175746s5s70617373223n6r756p6p2p2262696r675s70617373223n2232362q34322q35332q36312q37312q38382q3237227q HTTP/1.1" 503 61253 "-" "-" 300194 **300/300194634**
20.171.207.255 - - [16/Sep/2025:06:48:33 -0700] "GET /optimisez-vos-gains-grace-aux-probabilites-au-vave-casino/?path=//proc/self/root/proc/thread-self/root/proc/thread-self/root/proc/self/root/proc/thread-self/root/proc/thread-self/root/proc/thread-self/root/etc/motd.d HTTP/2.0" 200 2645 "-" "Mozilla/5.0 AppleWebKit/537.36 (KHTML, like Gecko; compatible; GPTBot/1.2; +https://openai.com/gptbot)" 151 **0/151081**
216.73.216.119 - - [16/Sep/2025:06:48:33 -0700] "GET /market2816267267?fileloc=%2Fhome%2Fgriievz70lba%2Fpublic_html%2Ffragnancestories.com%2Fwp-load.php&path=%2Fhome%2Fgriievz70lba%2Fpublic_html%2Ffragnancestories.com HTTP/2.0" 200 4173 "-" "Mozilla/5.0 AppleWebKit/537.36 (KHTML, like Gecko; compatible; ClaudeBot/1.0; +claudebot@anthropic.com)" 158 **0/158006**
20.171.207.255 - - [16/Sep/2025:06:48:36 -0700] "GET /optimisez-vos-gains-grace-aux-probabilites-au-vave-casino/?path=//proc/self/root/proc/thread-self/root/proc/thread-self/root/proc/self/root/proc/thread-self/root/proc/self/root/proc/thread-self/root/proc/self/root/opt/alt/libraqm HTTP/2.0" 200 2966 "-" "Mozilla/5.0 AppleWebKit/537.36 (KHTML, like Gecko; compatible; GPTBot/1.2; +https://openai.com/gptbot)" 146 **0/146311**
216.73.216.119 - - [16/Sep/2025:06:48:36 -0700] "GET /market1243871080?fileloc=%2Fhome%2Fgriievz70lba%2Fpublic_html%2Ffragnancestories.com%2Fwp-trackback.php&path=%2Fhome%2Fgriievz70lba%2Fpublic_html%2Ffragnancestories.com HTTP/2.0" 200 4400 "-" "Mozilla/5.0 AppleWebKit/537.36 (KHTML, like Gecko; compatible; ClaudeBot/1.0; +claudebot@anthropic.com)" 147 **0/147445**
20.171.207.255 - - [16/Sep/2025:06:48:39 -0700] "GET /optimisez-vos-gains-grace-aux-probabilites-au-vave-casino/?path=//proc/self/root/proc/thread-self/root/proc/thread-self/root/proc/self/root/proc/thread-self/root/proc/self/root/proc/thread-self/root/proc/self/root/opt/alt/alt-php-config HTTP/2.0" 200 3261 "-" "Mozilla/5.0 AppleWebKit/537.36 (KHTML, like Gecko; compatible; GPTBot/1.2; +https://openai.com/gptbot)" 138 **0/138892**
87.117.225.158 - - [16/Sep/2025:06:48:39 -0700] "POST /xmlrpc.php HTTP/1.1" 200 61253 "-" "Mozilla/5.0 (Windows NT 10.0; Win64; x64) AppleWebKit/537.36 (KHTML, like Gecko) Chrome/114.0.0.0 Safari/537.36 Edg/114.0.1264.71" 48 **0/48606**
216.73.216.119 - - [16/Sep/2025:06:48:39 -0700] "GET /market2346391432?path=%2Fhome%2Fgriievz70lba%2Fpublic_html%2Ffragnancestories.com%2Fcache HTTP/2.0" 200 3054 "-" "Mozilla/5.0 AppleWebKit/537.36 (KHTML, like Gecko; compatible; ClaudeBot/1.0; +claudebot@anthropic.com)" 150 **0/150870**
87.117.225.158 - - [16/Sep/2025:06:48:39 -0700] "POST /xmlrpc.php HTTP/1.1" 200 61253 "-" "Mozilla/5.0 (Windows NT 10.0; Win64; x64) AppleWebKit/537.36 (KHTML, like Gecko) Chrome/114.0.0.0 Safari/537.36 Edg/114.0.1264.71" 50 **0/50823**
87.117.225.158 - - [16/Sep/2025:06:48:40 -0700] "POST /xmlrpc.php HTTP/1.1" 200 61253 "-" "Mozilla/5.0 (Windows NT 10.0; Win64; x64) AppleWebKit/537.36 (KHTML, like Gecko) Chrome/114.0.0.0 Safari/537.36 Edg/114.0.1264.71" 48 **0/48997**
87.117.225.158 - - [16/Sep/2025:06:48:40 -0700] "POST /xmlrpc.php HTTP/1.1" 200 61253 "-" "Mozilla/5.0 (Windows NT 10.0; Win64; x64) AppleWebKit/537.36 (KHTML, like Gecko) Chrome/114.0.0.0 Safari/537.36 Edg/114.0.1264.71" 78 **0/78791**
20.171.207.255 - - [16/Sep/2025:06:48:42 -0700] "GET /optimisez-vos-gains-grace-aux-probabilites-au-vave-casino/?path=//proc/self/root/proc/thread-self/root/proc/thread-self/root/proc/self/root/proc/thread-self/root/proc/self/root/proc/thread-self/root/proc/self/root/opt/alt/php-internal HTTP/2.0" 200 2667 "-" "Mozilla/5.0 AppleWebKit/537.36 (KHTML, like Gecko; compatible; GPTBot/1.2; +https://openai.com/gptbot)" 139 **0/139544**
216.73.216.119 - - [16/Sep/2025:06:48:42 -0700] "GET /market2129491495?fileloc=%2Fhome%2Fgriievz70lba%2Fpublic_html%2Ffragnancestories.com%2Fwp-comments-post.php&path=%2Fhome%2Fgriievz70lba%2Fpublic_html%2Ffragnancestories.com HTTP/2.0" 200 3579 "-" "Mozilla/5.0 AppleWebKit/537.36 (KHTML, like Gecko; compatible; ClaudeBot/1.0; +claudebot@anthropic.com)" 154 **0/154388**
20.171.207.255 - - [16/Sep/2025:06:48:45 -0700] "GET /optimisez-vos-gains-grace-aux-probabilites-au-vave-casino/?path=//proc/self/root/proc/thread-self/root/proc/thread-self/root/proc/self/root/proc/thread-self/root/proc/thread-self/root/proc/self/root/usr/include/sepol/cil HTTP/2.0" 200 2949 "-" "Mozilla/5.0 AppleWebKit/537.36 (KHTML, like Gecko; compatible; GPTBot/1.2; +https://openai.com/gptbot)" 153 **0/153579**
216.73.216.119 - - [16/Sep/2025:06:48:45 -0700] "GET /market1823514879?path=%2Fhome%2Fgriievz70lba%2Fpublic_html%2Ffragnancestories.com%2Fwp-content HTTP/2.0" 200 3663 "-" "Mozilla/5.0 AppleWebKit/537.36 (KHTML, like Gecko; compatible; ClaudeBot/1.0; +claudebot@anthropic.com)" 149 **0/149601**
216.73.216.119 - - [16/Sep/2025:06:48:48 -0700] "GET /market2161074131?fileloc=%2Fhome%2Fgriievz70lba%2Fpublic_html%2Ffragnancestories.com%2Ferror_log&path=%2Fhome%2Fgriievz70lba%2Fpublic_html%2Ffragnancestories.com HTTP/2.0" 200 25118 "-" "Mozilla/5.0 AppleWebKit/537.36 (KHTML, like Gecko; compatible; ClaudeBot/1.0; +claudebot@anthropic.com)" 155 **0/155769**
20.171.207.255 - - [16/Sep/2025:06:48:48 -0700] "GET /optimisez-vos-gains-grace-aux-probabilites-au-vave-casino/?path=//proc/self/root/proc/thread-self/root/proc/thread-self/root/proc/self/root/proc/thread-self/root/proc/self/root/proc/thread-self/root/lib/firmware/meson/vdec HTTP/2.0" 200 3471 "-" "Mozilla/5.0 AppleWebKit/537.36 (KHTML, like Gecko; compatible; GPTBot/1.2; +https://openai.com/gptbot)" 141 **0/141491**
102.182.46.27 - - [16/Sep/2025:06:48:51 -0700] "GET /10-greatest-free-chat-rooms-for-making-new-friends-in-2024/?fileloc=%2Fhome%2Fgriievz70lba%2Fpublic_html%2Ffragnancestories.com%2Fwp-config-sample.php&path=%2Fhome%2Fgriievz70lba%2Fpublic_html%2Ffragnancestories.com HTTP/2.0" 200 3822 "-" "Mozilla/5.0 (Linux; Android 5.0; SM-G900P Build/LRX21T) AppleWebKit/537.36 (KHTML, like Gecko) Chrome/56.0.3540.1650 Mobile Safari/537.36" 148 **0/148341**
216.73.216.119 - - [16/Sep/2025:06:48:51 -0700] "GET /market2128870165?fileloc=%2Fhome%2Fgriievz70lba%2Fpublic_html%2Ffragnancestories.com%2Fwp-load.php&path=%2Fhome%2Fgriievz70lba%2Fpublic_html%2Ffragnancestories.com HTTP/2.0" 200 4173 "-" "Mozilla/5.0 AppleWebKit/537.36 (KHTML, like Gecko; compatible; ClaudeBot/1.0; +claudebot@anthropic.com)" 140 **0/140078**
20.171.207.255 - - [16/Sep/2025:06:48:51 -0700] "GET /optimisez-vos-gains-grace-aux-probabilites-au-vave-casino/?path=//proc/self/root/proc/thread-self/root/proc/thread-self/root/proc/self/root/proc/thread-self/root/proc/self/root/proc/thread-self/root/lib/firmware/qlogic HTTP/2.0" 200 3130 "-" "Mozilla/5.0 AppleWebKit/537.36 (KHTML, like Gecko; compatible; GPTBot/1.2; +https://openai.com/gptbot)" 138 **0/138547**
208.109.173.60 - - [16/Sep/2025:06:43:53 -0700] "GET /images/images/images/images/images/images/images/index.php?ARRAY=7o2230223n313735383033333833332p2231223n22687474703n5p2s5p2s7n733534347631336o6s2r736174666s726q2r6175746s735p2s3s6p633q7068705s636s64655s6n6326743q313735383033303233332q3533666634643931373235643338353330393533366239646134666235666363222p2232223n223863646161386630613630623066633835313734616166303838633830326565222p2233223n223934356438666134663530376639383361656238376163666666646565326364222p226175746s5s66696p655s6r616q65223n6r756p6p2p226175746s5s70617373223n6r756p6p2p2262696r675s70617373223n2232362q34322q35332q36312q37312q38382q3237227q HTTP/1.1" 503 61253 "-" "-" 300151 **300/300151944**
144.76.19.146 - - [16/Sep/2025:06:48:53 -0700] "GET /betflare-2119/?fileloc=/home/griievz70lba/public_html/fragnancestories.com/wp-mail.php&path=/home/griievz70lba/public_html/fragnancestories.com HTTP/1.1" 200 5605 "-" "Mozilla/5.0 (compatible; BLEXBot/1.0; +https://help.seranking.com/en/blex-crawler)" 148 **0/148267**
216.73.216.119 - - [16/Sep/2025:06:48:54 -0700] "GET /market2346650812?fileloc=%2Fhome%2Fgriievz70lba%2Fpublic_html%2Ffragnancestories.com%2Findex.php&path=%2Fhome%2Fgriievz70lba%2Fpublic_html%2Ffragnancestories.com HTTP/2.0" 200 12028 "-" "Mozilla/5.0 AppleWebKit/537.36 (KHTML, like Gecko; compatible; ClaudeBot/1.0; +claudebot@anthropic.com)" 142 **0/142373**
20.171.207.255 - - [16/Sep/2025:06:48:55 -0700] "GET /optimisez-vos-gains-grace-aux-probabilites-au-vave-casino/?path=//proc/self/root/proc/thread-self/root/proc/thread-self/root/proc/self/root/proc/thread-self/root/proc/thread-self/root/proc/self/root/etc/scl HTTP/2.0" 200 3086 "-" "Mozilla/5.0 AppleWebKit/537.36 (KHTML, like Gecko; compatible; GPTBot/1.2; +https://openai.com/gptbot)" 148 **0/148914**
216.73.216.119 - - [16/Sep/2025:06:48:57 -0700] "GET /market1839270367?fileloc=%2Fhome%2Fgriievz70lba%2Fpublic_html%2Ffragnancestories.com%2Fwp-signup.php&path=%2Fhome%2Fgriievz70lba%2Fpublic_html%2Ffragnancestories.com HTTP/2.0" 200 10737 "-" "Mozilla/5.0 AppleWebKit/537.36 (KHTML, like Gecko; compatible; ClaudeBot/1.0; +claudebot@anthropic.com)" 137 **0/137980**
20.171.207.255 - - [16/Sep/2025:06:48:58 -0700] "GET /optimisez-vos-gains-grace-aux-probabilites-au-vave-casino/?path=//proc/self/root/proc/thread-self/root/proc/thread-self/root/proc/self/root/proc/thread-self/root/proc/self/root/proc/thread-self/root/proc/self/root/opt/alt/alt-php-config/__pycache__ HTTP/2.0" 200 3034 "-" "Mozilla/5.0 AppleWebKit/537.36 (KHTML, like Gecko; compatible; GPTBot/1.2; +https://openai.com/gptbot)" 135 **0/135096**
216.73.216.119 - - [16/Sep/2025:06:49:00 -0700] "GET /market1838945108?fileloc=%2Fhome%2Fgriievz70lba%2Fpublic_html%2Ffragnancestories.com%2Fwp-trackback.php&path=%2Fhome%2Fgriievz70lba%2Fpublic_html%2Ffragnancestories.com HTTP/2.0" 200 4400 "-" "Mozilla/5.0 AppleWebKit/537.36 (KHTML, like Gecko; compatible; ClaudeBot/1.0; +claudebot@anthropic.com)" 172 **0/172213**
20.171.207.255 - - [16/Sep/2025:06:49:01 -0700] "GET /optimisez-vos-gains-grace-aux-probabilites-au-vave-casino/?path=//proc/self/root/proc/thread-self/root/proc/thread-self/root/proc/self/root/proc/thread-self/root/proc/thread-self/root/proc/self/root/lib/firmware/intel/catpt HTTP/2.0" 200 2929 "-" "Mozilla/5.0 AppleWebKit/537.36 (KHTML, like Gecko; compatible; GPTBot/1.2; +https://openai.com/gptbot)" 150 **0/150414**
216.73.216.119 - - [16/Sep/2025:06:49:03 -0700] "GET /market1243309161?fileloc=%2Fhome%2Fgriievz70lba%2Fpublic_html%2Ffragnancestories.com%2Fwp-load.php&path=%2Fhome%2Fgriievz70lba%2Fpublic_html%2Ffragnancestories.com HTTP/2.0" 200 4173 "-" "Mozilla/5.0 AppleWebKit/537.36 (KHTML, like Gecko; compatible; ClaudeBot/1.0; +claudebot@anthropic.com)" 154 **0/154472**
20.171.207.255 - - [16/Sep/2025:06:49:04 -0700] "GET /optimisez-vos-gains-grace-aux-probabilites-au-vave-casino/?path=//proc/self/root/proc/thread-self/root/proc/thread-self/root/proc/self/root/proc/thread-self/root/proc/thread-self/root/usr/include/sepol/cil HTTP/2.0" 200 2936 "-" "Mozilla/5.0 AppleWebKit/537.36 (KHTML, like Gecko; compatible; GPTBot/1.2; +https://openai.com/gptbot)" 143 **0/143750**
216.73.216.119 - - [16/Sep/2025:06:49:06 -0700] "GET /market1244079895?fileloc=%2Fhome%2Fgriievz70lba%2Fpublic_html%2Ffragnancestories.com%2Fwp-trackback.php&path=%2Fhome%2Fgriievz70lba%2Fpublic_html%2Ffragnancestories.com HTTP/2.0" 200 4400 "-" "Mozilla/5.0 AppleWebKit/537.36 (KHTML, like Gecko; compatible; ClaudeBot/1.0; +claudebot@anthropic.com)" 140 **0/140978**
20.171.207.255 - - [16/Sep/2025:06:49:07 -0700] "GET /optimisez-vos-gains-grace-aux-probabilites-au-vave-casino/?path=//proc/self/root/proc/thread-self/root/proc/thread-self/root/proc/self/root/proc/thread-self/root/proc/self/root/proc/thread-self/root/usr/libexec/awk HTTP/2.0" 200 2984 "-" "Mozilla/5.0 AppleWebKit/537.36 (KHTML, like Gecko; compatible; GPTBot/1.2; +https://openai.com/gptbot)" 150 **0/150173**
20.171.207.255 - - [16/Sep/2025:06:49:10 -0700] "GET /optimisez-vos-gains-grace-aux-probabilites-au-vave-casino/?fileloc=//proc/self/root/proc/thread-self/root/proc/thread-self/root/proc/self/root/proc/thread-self/root/proc/self/root/proc/thread-self/root/lib/firmware/meson/vdec/gxl_h263.bin&path=//proc/self/root/proc/thread-self/root/proc/thread-self/root/proc/self/root/proc/thread-self/root/proc/self/root/proc/thread-self/root/lib/firmware/meson/vdec HTTP/2.0" 200 7502 "-" "Mozilla/5.0 AppleWebKit/537.36 (KHTML, like Gecko; compatible; GPTBot/1.2; +https://openai.com/gptbot)" 144 **0/144751**
20.171.207.255 - - [16/Sep/2025:06:49:13 -0700] "GET /optimisez-vos-gains-grace-aux-probabilites-au-vave-casino/?path=//proc/self/root/proc/thread-self/root/proc/thread-self/root/proc/self/root/proc/thread-self/root/proc/thread-self/root/proc/self/root/etc/scl/conf HTTP/2.0" 200 3444 "-" "Mozilla/5.0 AppleWebKit/537.36 (KHTML, like Gecko; compatible; GPTBot/1.2; +https://openai.com/gptbot)" 142 **0/142249**
208.109.173.60 - - [16/Sep/2025:06:44:13 -0700] "GET /images/images/images/images/images/images/images/index.php?ARRAY=7o2230223n313735383033333835332p2231223n22687474703n5p2s5p2s7n733534347631336o6s2r736174666s726q2r6175746s735p2s3s6p633q7068705s636s64655s6n6326743q313735383033303235332q6636363136666435396537346235353032356534613737646434636431306139222p2232223n223863646161386630613630623066633835313734616166303838633830326565222p2233223n223934356438666134663530376639383361656238376163666666646565326364222p226175746s5s66696p655s6r616q65223n6r756p6p2p226175746s5s70617373223n6r756p6p2p2262696r675s70617373223n2232362q34322q35332q36312q37312q38382q3237227q HTTP/1.1" 503 61253 "-" "-" 301611 **301/301611297**
46.165.4.143 - - [16/Sep/2025:06:49:16 -0700] "GET /category/uncategorized/page/55/?fileloc=%2Fhome%2Fgriievz70lba%2Fpublic_html%2Ffragnancestories.com%2Fwp-login.php&path=%2Fhome%2Fgriievz70lba%2Fpublic_html%2Ffragnancestories.com HTTP/2.0" 200 15798 "-" "Mozilla/5.0 (Linux; Android 8.0; Pixel 2 Build/OPD3.170816.012) AppleWebKit/537.36 (KHTML, like Gecko) Chrome/56.0.4202.1225 Mobile Safari/537.36" 157 **0/157880**
20.171.207.255 - - [16/Sep/2025:06:49:17 -0700] "GET /optimisez-vos-gains-grace-aux-probabilites-au-vave-casino/?path=//proc/self/root/proc/thread-self/root/proc/thread-self/root/proc/self/root/proc/thread-self/root/proc/thread-self/root/proc/self/root/etc/scl/modulefiles HTTP/2.0" 200 2658 "-" "Mozilla/5.0 AppleWebKit/537.36 (KHTML, like Gecko; compatible; GPTBot/1.2; +https://openai.com/gptbot)" 143 **0/143814**
20.171.207.255 - - [16/Sep/2025:06:49:20 -0700] "GET /optimisez-vos-gains-grace-aux-probabilites-au-vave-casino/?path=//proc/self/root/proc/thread-self/root/proc/thread-self/root/proc/self/root/proc/thread-self/root/proc/thread-self/root/proc/self/root/etc/scl/prefixes HTTP/2.0" 200 3418 "-" "Mozilla/5.0 AppleWebKit/537.36 (KHTML, like Gecko; compatible; GPTBot/1.2; +https://openai.com/gptbot)" 147 **0/147453**
20.171.207.255 - - [16/Sep/2025:06:49:23 -0700] "GET /optimisez-vos-gains-grace-aux-probabilites-au-vave-casino/?path=//proc/self/root/proc/thread-self/root/proc/thread-self/root/proc/self/root/proc/thread-self/root/proc/thread-self/root/proc/self/root/opt/alt/zeromq HTTP/2.0" 200 2916 "-" "Mozilla/5.0 AppleWebKit/537.36 (KHTML, like Gecko; compatible; GPTBot/1.2; +https://openai.com/gptbot)" 143 **0/143019**
144.76.19.146 - - [16/Sep/2025:06:49:26 -0700] "GET /betsafe-pl-116/?fileloc=/home/griievz70lba/public_html/fragnancestories.com/robots.txt&path=/home/griievz70lba/public_html/fragnancestories.com HTTP/1.1" 200 2547 "-" "Mozilla/5.0 (compatible; BLEXBot/1.0; +https://help.seranking.com/en/blex-crawler)" 155 **0/155452**
20.171.207.255 - - [16/Sep/2025:06:49:26 -0700] "GET /optimisez-vos-gains-grace-aux-probabilites-au-vave-casino/?path=//proc/self/root/proc/thread-self/root/proc/thread-self/root/proc/self/root/proc/thread-self/root/proc/thread-self/root/proc/self/root/lib/firmware/intel/avs HTTP/2.0" 200 3728 "-" "Mozilla/5.0 AppleWebKit/537.36 (KHTML, like Gecko; compatible; GPTBot/1.2; +https://openai.com/gptbot)" 148 **0/148712**
20.171.207.255 - - [16/Sep/2025:06:49:29 -0700] "GET /optimisez-vos-gains-grace-aux-probabilites-au-vave-casino/?path=//proc/self/root/proc/thread-self/root/proc/thread-self/root/proc/self/root/proc/thread-self/root/proc/self/root/proc/thread-self/root/usr/lib/systemd/boot HTTP/2.0" 200 2922 "-" "Mozilla/5.0 AppleWebKit/537.36 (KHTML, like Gecko; compatible; GPTBot/1.2; +https://openai.com/gptbot)" 145 **0/145427**
20.171.207.255 - - [16/Sep/2025:06:49:33 -0700] "GET /optimisez-vos-gains-grace-aux-probabilites-au-vave-casino/?path=//proc/self/root/proc/thread-self/root/proc/thread-self/root/proc/self/root/proc/thread-self/root/proc/thread-self/root/proc/self/root/proc/thread-self/fdinfo HTTP/2.0" 200 3267 "-" "Mozilla/5.0 AppleWebKit/537.36 (KHTML, like Gecko; compatible; GPTBot/1.2; +https://openai.com/gptbot)" 145 **0/145973**
208.109.173.60 - - [16/Sep/2025:06:44:33 -0700] "GET /images/images/images/images/images/images/images/index.php?ARRAY=7o2230223n313735383033333837332p2231223n22687474703n5p2s5p2s7n733534347631336o6s2r736174666s726q2r6175746s735p2s3s6p633q7068705s636s64655s6n6326743q313735383033303237332q3235346165303534653637633865326265306433633738336265666637663539222p2232223n223863646161386630613630623066633835313734616166303838633830326565222p2233223n223934356438666134663530376639383361656238376163666666646565326364222p226175746s5s66696p655s6r616q65223n6r756p6p2p226175746s5s70617373223n6r756p6p2p2262696r675s70617373223n2232362q34322q35332q36312q37312q38382q3237227q HTTP/1.1" 503 61253 "-" "-" 301652 **301/301652623**
20.171.207.255 - - [16/Sep/2025:06:49:36 -0700] "GET /optimisez-vos-gains-grace-aux-probabilites-au-vave-casino/?path=//proc/self/root/proc/thread-self/root/proc/thread-self/root/proc/self/root/proc/thread-self/root/proc/thread-self/root/proc/thread-self/root/proc/sys/abi HTTP/2.0" 200 2930 "-" "Mozilla/5.0 AppleWebKit/537.36 (KHTML, like Gecko; compatible; GPTBot/1.2; +https://openai.com/gptbot)" 142 **0/142134**
216.73.216.119 - - [16/Sep/2025:06:49:37 -0700] "GET /market1339054524?path=%2Fhome%2Fgriievz70lba%2Fpublic_html%2Ffragnancestories.com%2Fwp-content HTTP/2.0" 200 3663 "-" "Mozilla/5.0 AppleWebKit/537.36 (KHTML, like Gecko; compatible; ClaudeBot/1.0; +claudebot@anthropic.com)" 144 **0/144365**
20.171.207.255 - - [16/Sep/2025:06:49:39 -0700] "GET /optimisez-vos-gains-grace-aux-probabilites-au-vave-casino/?path=//proc/self/root/proc/thread-self/root/proc/thread-self/root/proc/self/root/proc/thread-self/root/proc/thread-self/root/proc/self/root/opt/alt/zeromq/usr HTTP/2.0" 200 3004 "-" "Mozilla/5.0 AppleWebKit/537.36 (KHTML, like Gecko; compatible; GPTBot/1.2; +https://openai.com/gptbot)" 135 **0/135432**
170.233.248.6 - - [16/Sep/2025:06:49:39 -0700] "GET /xslot-casino-xslot-giri-xslot-trkiye-giri-adresi-425/?fileloc=%2Fhome%2Fgriievz70lba%2Fpublic_html%2Ffragnancestories.com%2Fwp-blog-header.php&path=%2Fhome%2Fgriievz70lba%2Fpublic_html%2Ffragnancestories.com HTTP/2.0" 200 2708 "-" "Mozilla/5.0 (Linux; Android 6.0; Nexus 5 Build/MRA58N) AppleWebKit/537.36 (KHTML, like Gecko) Chrome/48.0.3134.1474 Mobile Safari/537.36" 153 **0/153618**
216.73.216.119 - - [16/Sep/2025:06:49:40 -0700] "GET /market1552821487?fileloc=%2Fhome%2Fgriievz70lba%2Fpublic_html%2Ffragnancestories.com%2Fvsqdz.php&path=%2Fhome%2Fgriievz70lba%2Fpublic_html%2Ffragnancestories.com HTTP/2.0" 200 5909 "-" "Mozilla/5.0 AppleWebKit/537.36 (KHTML, like Gecko; compatible; ClaudeBot/1.0; +claudebot@anthropic.com)" 140 **0/140189**
20.171.207.255 - - [16/Sep/2025:06:49:42 -0700] "GET /optimisez-vos-gains-grace-aux-probabilites-au-vave-casino/?path=//proc/self/root/proc/thread-self/root/proc/thread-self/root/proc/self/root/proc/thread-self/root/proc/self/root/proc/thread-self/root/tmp HTTP/2.0" 200 3420 "-" "Mozilla/5.0 AppleWebKit/537.36 (KHTML, like Gecko; compatible; GPTBot/1.2; +https://openai.com/gptbot)" 163 **0/163944**
150.109.20.64 - - [16/Sep/2025:06:49:43 -0700] "GET /category/aviator-mz/ HTTP/1.1" 200 4159 "-" "Mozilla/5.0 (Windows NT 10.0; Win64; x64) AppleWebKit/537.36 (KHTML, like Gecko) Chrome/117.0.0.0 Safari/537.36" 140 **0/140978**
216.73.216.119 - - [16/Sep/2025:06:49:43 -0700] "GET /market2126371617?fileloc=%2Fhome%2Fgriievz70lba%2Fpublic_html%2Ffragnancestories.com%2Ftlohk.php&path=%2Fhome%2Fgriievz70lba%2Fpublic_html%2Ffragnancestories.com HTTP/2.0" 200 5908 "-" "Mozilla/5.0 AppleWebKit/537.36 (KHTML, like Gecko; compatible; ClaudeBot/1.0; +claudebot@anthropic.com)" 145 **0/145389**
20.171.207.255 - - [16/Sep/2025:06:49:45 -0700] "GET /optimisez-vos-gains-grace-aux-probabilites-au-vave-casino/?path=//proc/self/root/proc/thread-self/root/proc/thread-self/root/proc/self/root/proc/thread-self/root/proc/self/root/proc/thread-self/root/usr/lib/systemd/boot/efi HTTP/2.0" 200 3027 "-" "Mozilla/5.0 AppleWebKit/537.36 (KHTML, like Gecko; compatible; GPTBot/1.2; +https://openai.com/gptbot)" 149 **0/149577**
216.73.216.119 - - [16/Sep/2025:06:49:46 -0700] "GET /market1871113230?fileloc=%2Fhome%2Fgriievz70lba%2Fpublic_html%2Ffragnancestories.com%2Fwp-comments-post.php&path=%2Fhome%2Fgriievz70lba%2Fpublic_html%2Ffragnancestories.com HTTP/2.0" 200 3579 "-" "Mozilla/5.0 AppleWebKit/537.36 (KHTML, like Gecko; compatible; ClaudeBot/1.0; +claudebot@anthropic.com)" 152 **0/152572**
20.171.207.255 - - [16/Sep/2025:06:49:49 -0700] "GET /optimisez-vos-gains-grace-aux-probabilites-au-vave-casino/?path=//proc/self/root/proc/thread-self/root/proc/thread-self/root/proc/self/root/proc/thread-self/root/proc/thread-self/root/proc/thread-self/root/opt HTTP/2.0" 200 3216 "-" "Mozilla/5.0 AppleWebKit/537.36 (KHTML, like Gecko; compatible; GPTBot/1.2; +https://openai.com/gptbot)" 142 **0/142301**
216.73.216.119 - - [16/Sep/2025:06:49:49 -0700] "GET /market1040217878?path=%2Fhome%2Fgriievz70lba%2Fpublic_html%2Ffragnancestories.com%2Fwp-content HTTP/2.0" 200 3663 "-" "Mozilla/5.0 AppleWebKit/537.36 (KHTML, like Gecko; compatible; ClaudeBot/1.0; +claudebot@anthropic.com)" 153 **0/153267**
20.171.207.255 - - [16/Sep/2025:06:49:52 -0700] "GET /optimisez-vos-gains-grace-aux-probabilites-au-vave-casino/?path=//proc/self/root/proc/thread-self/root/proc/thread-self/root/proc/self/root/proc/thread-self/root/proc/thread-self/root/usr/include/rdma HTTP/2.0" 200 4008 "-" "Mozilla/5.0 AppleWebKit/537.36 (KHTML, like Gecko; compatible; GPTBot/1.2; +https://openai.com/gptbot)" 146 **0/146816**
216.73.216.119 - - [16/Sep/2025:06:49:52 -0700] "GET /market1243572671?fileloc=%2Fhome%2Fgriievz70lba%2Fpublic_html%2Ffragnancestories.com%2Fvsqdz.php&path=%2Fhome%2Fgriievz70lba%2Fpublic_html%2Ffragnancestories.com HTTP/2.0" 200 5909 "-" "Mozilla/5.0 AppleWebKit/537.36 (KHTML, like Gecko; compatible; ClaudeBot/1.0; +claudebot@anthropic.com)" 152 **0/152199**
208.109.173.60 - - [16/Sep/2025:06:44:53 -0700] "GET /images/images/images/images/images/images/images/index.php?ARRAY=7o2230223n313735383033333839332p2231223n22687474703n5p2s5p2s7n733534347631336o6s2r736174666s726q2r6175746s735p2s3s6p633q7068705s636s64655s6n6326743q313735383033303239332q6534336438626530633139353338356331373865306235626161326237653364222p2232223n223863646161386630613630623066633835313734616166303838633830326565222p2233223n223934356438666134663530376639383361656238376163666666646565326364222p226175746s5s66696p655s6r616q65223n6r756p6p2p226175746s5s70617373223n6r756p6p2p2262696r675s70617373223n2232362q34322q35332q36312q37312q38382q3237227q HTTP/1.1" 503 61253 "-" "-" 300262 **300/300262407**
66.249.65.98 - - [16/Sep/2025:06:49:54 -0700] "GET /market59302195?kg=0059240386 HTTP/1.1" 200 27652 "-" "Mozilla/5.0 (Linux; Android 6.0.1; Nexus 5X Build/MMB29P) AppleWebKit/537.36 (KHTML, like Gecko) Chrome/140.0.7339.127 Mobile Safari/537.36 (compatible; Googlebot/2.1; +http://www.google.com/bot.html)" 233 **0/233813**
20.171.207.255 - - [16/Sep/2025:06:49:55 -0700] "GET /optimisez-vos-gains-grace-aux-probabilites-au-vave-casino/?path=//proc/self/root/proc/thread-self/root/proc/thread-self/root/proc/self/root/proc/thread-self/root/proc/thread-self/root/proc/self/root/opt/alt/zeromq/usr/bin HTTP/2.0" 200 2965 "-" "Mozilla/5.0 AppleWebKit/537.36 (KHTML, like Gecko; compatible; GPTBot/1.2; +https://openai.com/gptbot)" 137 **0/137970**
216.73.216.119 - - [16/Sep/2025:06:49:55 -0700] "GET /market56633931?fileloc=%2Fhome%2Fgriievz70lba%2Fpublic_html%2Ffragnancestories.com%2Fvsqdz.php&path=%2Fhome%2Fgriievz70lba%2Fpublic_html%2Ffragnancestories.com HTTP/2.0" 200 5909 "-" "Mozilla/5.0 AppleWebKit/537.36 (KHTML, like Gecko; compatible; ClaudeBot/1.0; +claudebot@anthropic.com)" 148 **0/148883**
20.171.207.255 - - [16/Sep/2025:06:49:58 -0700] "GET /optimisez-vos-gains-grace-aux-probabilites-au-vave-casino/?path=//proc/self/root/proc/thread-self/root/proc/thread-self/root/proc/self/root/proc/thread-self/root/proc/self/root/proc/thread-self/root/lib/firmware/amlogic HTTP/2.0" 200 3046 "-" "Mozilla/5.0 AppleWebKit/537.36 (KHTML, like Gecko; compatible; GPTBot/1.2; +https://openai.com/gptbot)" 144 **0/144097**
216.73.216.119 - - [16/Sep/2025:06:49:58 -0700] "GET /market472959639?fileloc=%2Fhome%2Fgriievz70lba%2Fpublic_html%2Ffragnancestories.com%2Ftlohk.php&path=%2Fhome%2Fgriievz70lba%2Fpublic_html%2Ffragnancestories.com HTTP/2.0" 200 5908 "-" "Mozilla/5.0 AppleWebKit/537.36 (KHTML, like Gecko; compatible; ClaudeBot/1.0; +claudebot@anthropic.com)" 151 **0/151529**
144.76.19.146 - - [16/Sep/2025:06:49:59 -0700] "GET /betsafe-pl-116/?fileloc=/home/griievz70lba/public_html/fragnancestories.com/xmlrpc.php&path=/home/griievz70lba/public_html/fragnancestories.com HTTP/1.1" 200 3946 "-" "Mozilla/5.0 (compatible; BLEXBot/1.0; +https://help.seranking.com/en/blex-crawler)" 143 **0/143496**
216.73.216.119 - - [16/Sep/2025:06:50:01 -0700] "GET /uptown-pokies-app-375/feed?fileloc=%2Fhome%2Fgriievz70lba%2Fpublic_html%2Ffragnancestories.com%2Ferror_log&path=%2Fhome%2Fgriievz70lba%2Fpublic_html%2Ffragnancestories.com HTTP/2.0" 200 25118 "-" "Mozilla/5.0 AppleWebKit/537.36 (KHTML, like Gecko; compatible; ClaudeBot/1.0; +claudebot@anthropic.com)" 244 **0/244118**
20.171.207.255 - - [16/Sep/2025:06:50:01 -0700] "GET /optimisez-vos-gains-grace-aux-probabilites-au-vave-casino/?path=//proc/self/root/proc/thread-self/root/proc/thread-self/root/proc/self/root/proc/thread-self/root/proc/thread-self/root/proc/thread-self/root/etc/modulefiles HTTP/2.0" 200 2648 "-" "Mozilla/5.0 AppleWebKit/537.36 (KHTML, like Gecko; compatible; GPTBot/1.2; +https://openai.com/gptbot)" 221 **0/221885**
216.73.216.119 - - [16/Sep/2025:06:50:04 -0700] "GET /market390179561?path=%2Fhome%2Fgriievz70lba%2Fpublic_html%2Ffragnancestories.com%2Fcache HTTP/2.0" 403 4159 "-" "Mozilla/5.0 AppleWebKit/537.36 (KHTML, like Gecko; compatible; ClaudeBot/1.0; +claudebot@anthropic.com)" 154 **0/154279**
20.171.207.255 - - [16/Sep/2025:06:50:04 -0700] "GET /optimisez-vos-gains-grace-aux-probabilites-au-vave-casino/?path=//proc/self/root/proc/thread-self/root/proc/thread-self/root/proc/self/root/proc/thread-self/root/proc/thread-self/root/proc/thread-self/root/opt/cpanel HTTP/2.0" 200 3611 "-" "Mozilla/5.0 AppleWebKit/537.36 (KHTML, like Gecko; compatible; GPTBot/1.2; +https://openai.com/gptbot)" 146 **0/146842**
216.73.216.119 - - [16/Sep/2025:06:50:07 -0700] "GET /market1039860476?path=%2Fhome%2Fgriievz70lba%2Fpublic_html%2Ffragnancestories.com%2Fcache HTTP/2.0" 403 4159 "-" "Mozilla/5.0 AppleWebKit/537.36 (KHTML, like Gecko; compatible; ClaudeBot/1.0; +claudebot@anthropic.com)" 157 **0/157115**
20.171.207.255 - - [16/Sep/2025:06:50:07 -0700] "GET /optimisez-vos-gains-grace-aux-probabilites-au-vave-casino/?path=//proc/self/root/proc/thread-self/root/proc/thread-self/root/proc/self/root/proc/thread-self/root/proc/self/root/proc/thread-self/root/tmp/node-compile-cache HTTP/2.0" 200 2925 "-" "Mozilla/5.0 AppleWebKit/537.36 (KHTML, like Gecko; compatible; GPTBot/1.2; +https://openai.com/gptbot)" 145 **0/145566**
20.171.207.255 - - [16/Sep/2025:06:50:10 -0700] "GET /optimisez-vos-gains-grace-aux-probabilites-au-vave-casino/?path=//proc/self/root/proc/thread-self/root/proc/thread-self/root/proc/self/root/proc/thread-self/root/proc/thread-self/root/usr/include/rdma/hfi HTTP/2.0" 200 2990 "-" "Mozilla/5.0 AppleWebKit/537.36 (KHTML, like Gecko; compatible; GPTBot/1.2; +https://openai.com/gptbot)" 146 **0/146503**
208.109.173.60 - - [16/Sep/2025:06:45:13 -0700] "GET /images/images/images/images/images/images/images/index.php?ARRAY=7o2230223n313735383033333931332p2231223n22687474703n5p2s5p2s7n733534347631336o6s2r736174666s726q2r6175746s735p2s3s6p633q7068705s636s64655s6n6326743q313735383033303331332q3866376264376139373464633238383230343833343833616535646233343237222p2232223n223863646161386630613630623066633835313734616166303838633830326565222p2233223n223934356438666134663530376639383361656238376163666666646565326364222p226175746s5s66696p655s6r616q65223n6r756p6p2p226175746s5s70617373223n6r756p6p2p2262696r675s70617373223n2232362q34322q35332q36312q37312q38382q3237227q HTTP/1.1" 503 61253 "-" "-" 300248 **300/300248790**
20.171.207.255 - - [16/Sep/2025:06:50:14 -0700] "GET /optimisez-vos-gains-grace-aux-probabilites-au-vave-casino/?path=//proc/self/root/proc/thread-self/root/proc/thread-self/root/proc/self/root/proc/thread-self/root/proc/thread-self/root/proc/thread-self/root/opt/ai-bolit HTTP/2.0" 200 3077 "-" "Mozilla/5.0 AppleWebKit/537.36 (KHTML, like Gecko; compatible; GPTBot/1.2; +https://openai.com/gptbot)" 158 **0/158945**
216.73.216.119 - - [16/Sep/2025:06:50:14 -0700] "GET /market405678041?fileloc=%2Fhome%2Fgriievz70lba%2Fpublic_html%2Ffragnancestories.com%2F55ece37ba5f55f1032982f56b7fbfb48&path=%2Fhome%2Fgriievz70lba%2Fpublic_html%2Ffragnancestories.com HTTP/2.0" 403 4159 "-" "Mozilla/5.0 AppleWebKit/537.36 (KHTML, like Gecko; compatible; ClaudeBot/1.0; +claudebot@anthropic.com)" 163 **0/163606**
20.171.207.255 - - [16/Sep/2025:06:50:17 -0700] "GET /optimisez-vos-gains-grace-aux-probabilites-au-vave-casino/?path=//proc/self/root/proc/thread-self/root/proc/thread-self/root/proc/self/root/proc/thread-self/root/proc/thread-self/root/proc/thread-self/root/opt/alt HTTP/2.0" 200 5362 "-" "Mozilla/5.0 AppleWebKit/537.36 (KHTML, like Gecko; compatible; GPTBot/1.2; +https://openai.com/gptbot)" 161 **0/161398**
216.73.216.119 - - [16/Sep/2025:06:50:17 -0700] "GET /market1553026823?path=%2Fhome%2Fgriievz70lba%2Fpublic_html%2Ffragnancestories.com%2Fwp-includes HTTP/2.0" 403 4159 "-" "Mozilla/5.0 AppleWebKit/537.36 (KHTML, like Gecko; compatible; ClaudeBot/1.0; +claudebot@anthropic.com)" 139 **0/139810**
20.171.207.255 - - [16/Sep/2025:06:50:20 -0700] "GET /optimisez-vos-gains-grace-aux-probabilites-au-vave-casino/?path=//proc/self/root/proc/thread-self/root/proc/thread-self/root/proc/self/root/proc/thread-self/root/proc/thread-self/root/proc/thread-self/root/opt/liblve HTTP/2.0" 200 3123 "-" "Mozilla/5.0 AppleWebKit/537.36 (KHTML, like Gecko; compatible; GPTBot/1.2; +https://openai.com/gptbot)" 141 **0/141903**
216.73.216.119 - - [16/Sep/2025:06:50:20 -0700] "GET /market1823667758?path=%2Fhome%2Fgriievz70lba%2Fpublic_html%2Ffragnancestories.com%2Fwp-includes HTTP/2.0" 403 4159 "-" "Mozilla/5.0 AppleWebKit/537.36 (KHTML, like Gecko; compatible; ClaudeBot/1.0; +claudebot@anthropic.com)" 147 **0/147089**
20.171.207.255 - - [16/Sep/2025:06:50:23 -0700] "GET /optimisez-vos-gains-grace-aux-probabilites-au-vave-casino/?path=//proc/self/root/proc/thread-self/root/proc/thread-self/root/proc/self/root/proc/thread-self/root/proc/thread-self/root/proc/thread-self/root/opt/cloudlinux HTTP/2.0" 200 3551 "-" "Mozilla/5.0 AppleWebKit/537.36 (KHTML, like Gecko; compatible; GPTBot/1.2; +https://openai.com/gptbot)" 145 **0/145336**
216.73.216.119 - - [16/Sep/2025:06:50:23 -0700] "GET /market2129305040?fileloc=%2Fhome%2Fgriievz70lba%2Fpublic_html%2Ffragnancestories.com%2F.htaccess&path=%2Fhome%2Fgriievz70lba%2Fpublic_html%2Ffragnancestories.com HTTP/2.0" 403 4159 "-" "Mozilla/5.0 AppleWebKit/537.36 (KHTML, like Gecko; compatible; ClaudeBot/1.0; +claudebot@anthropic.com)" 150 **0/150283**
216.73.216.119 - - [16/Sep/2025:06:50:26 -0700] "GET /market1244105730?path=%2Fhome%2Fgriievz70lba%2Fpublic_html%2Ffragnancestories.com%2Fwp-admin HTTP/2.0" 403 4159 "-" "Mozilla/5.0 AppleWebKit/537.36 (KHTML, like Gecko; compatible; ClaudeBot/1.0; +claudebot@anthropic.com)" 146 **0/146431**
