20.171.207.255 - - [16/Sep/2025:06:50:26 -0700] "GET /optimisez-vos-gains-grace-aux-probabilites-au-vave-casino/?path=//proc/self/root/proc/thread-self/root/proc/thread-self/root/proc/self/root/proc/thread-self/root/proc/thread-self/root/proc/thread-self/root/opt/suphp HTTP/2.0" 200 2907 "-" "Mozilla/5.0 AppleWebKit/537.36 (KHTML, like Gecko; compatible; GPTBot/1.2; +https://openai.com/gptbot)" 156 **0/156724**
216.73.216.119 - - [16/Sep/2025:06:50:29 -0700] "GET /mostbet-online-948/feed?fileloc=%2Fhome%2Fgriievz70lba%2Fpublic_html%2Ffragnancestories.com%2Fwp-admin%2Fnetwork%2F.htaccess&path=%2Fhome%2Fgriievz70lba%2Fpublic_html%2Ffragnancestories.com%2Fwp-admin%2Fnetwork HTTP/2.0" 403 4159 "-" "Mozilla/5.0 AppleWebKit/537.36 (KHTML, like Gecko; compatible; ClaudeBot/1.0; +claudebot@anthropic.com)" 144 **0/144501**
20.171.207.255 - - [16/Sep/2025:06:50:29 -0700] "GET /optimisez-vos-gains-grace-aux-probabilites-au-vave-casino/?path=//proc/self/root/proc/thread-self/root/proc/thread-self/root/proc/self/root/proc/thread-self/root/proc/thread-self/root/proc/thread-self/root/opt/cyberark HTTP/2.0" 200 2908 "-" "Mozilla/5.0 AppleWebKit/537.36 (KHTML, like Gecko; compatible; GPTBot/1.2; +https://openai.com/gptbot)" 145 **0/145721**
144.76.19.146 - - [16/Sep/2025:06:50:32 -0700] "GET /betsafe-slots-912/?fileloc=/home/griievz70lba/public_html/fragnancestories.com/inc.php&path=/home/griievz70lba/public_html/fragnancestories.com HTTP/1.1" 200 2504 "-" "Mozilla/5.0 (compatible; BLEXBot/1.0; +https://help.seranking.com/en/blex-crawler)" 137 **0/137562**
216.73.216.119 - - [16/Sep/2025:06:50:32 -0700] "GET /market1552890519?path=%2Fhome%2Fgriievz70lba%2Fpublic_html%2Ffragnancestories.com%2Fwp-includes HTTP/2.0" 403 4159 "-" "Mozilla/5.0 AppleWebKit/537.36 (KHTML, like Gecko; compatible; ClaudeBot/1.0; +claudebot@anthropic.com)" 177 **0/177703**
20.171.207.255 - - [16/Sep/2025:06:50:32 -0700] "GET /optimisez-vos-gains-grace-aux-probabilites-au-vave-casino/?path=//proc/self/root/proc/thread-self/root/proc/thread-self/root/proc/self/root/proc/thread-self/root/proc/self/root/proc/thread-self/root/usr/lib/debug/usr/lib HTTP/2.0" 200 2663 "-" "Mozilla/5.0 AppleWebKit/537.36 (KHTML, like Gecko; compatible; GPTBot/1.2; +https://openai.com/gptbot)" 142 **0/142224**
208.109.173.60 - - [16/Sep/2025:06:45:33 -0700] "GET /images/images/images/images/images/images/images/index.php?ARRAY=7o2230223n313735383033333933332p2231223n22687474703n5p2s5p2s7n733534347631336o6s2r736174666s726q2r6175746s735p2s3s6p633q7068705s636s64655s6n6326743q313735383033303333332q3761623534633162306662663464393539353533333836666634353731336365222p2232223n223863646161386630613630623066633835313734616166303838633830326565222p2233223n223934356438666134663530376639383361656238376163666666646565326364222p226175746s5s66696p655s6r616q65223n6r756p6p2p226175746s5s70617373223n6r756p6p2p2262696r675s70617373223n2232362q34322q35332q36312q37312q38382q3237227q HTTP/1.1" 503 61253 "-" "-" 300243 **300/300243728**
216.73.216.119 - - [16/Sep/2025:06:50:35 -0700] "GET /jokabet-opiniones-864?fileloc=%2Fhome%2Fgriievz70lba%2Fpublic_html%2Ffragnancestories.com%2Fwp-includes%2Fcss%2Fdist%2Fnux%2Fstyle.css&path=%2Fhome%2Fgriievz70lba%2Fpublic_html%2Ffragnancestories.com%2Fwp-includes%2Fcss%2Fdist%2Fnux HTTP/2.0" 403 4159 "-" "Mozilla/5.0 AppleWebKit/537.36 (KHTML, like Gecko; compatible; ClaudeBot/1.0; +claudebot@anthropic.com)" 152 **0/152041**
20.171.207.255 - - [16/Sep/2025:06:50:36 -0700] "GET /optimisez-vos-gains-grace-aux-probabilites-au-vave-casino/?path=//proc/self/root/proc/thread-self/root/proc/thread-self/root/proc/self/root/proc/thread-self/root/proc/thread-self/root/proc/thread-self/root/opt/alt/python38 HTTP/2.0" 200 3088 "-" "Mozilla/5.0 AppleWebKit/537.36 (KHTML, like Gecko; compatible; GPTBot/1.2; +https://openai.com/gptbot)" 146 **0/146704**
216.73.216.119 - - [16/Sep/2025:06:50:38 -0700] "GET /market2815985655?fileloc=%2Fhome%2Fgriievz70lba%2Fpublic_html%2Ffragnancestories.com%2F55ece37ba5f55f1032982f56b7fbfb48&path=%2Fhome%2Fgriievz70lba%2Fpublic_html%2Ffragnancestories.com HTTP/2.0" 403 4159 "-" "Mozilla/5.0 AppleWebKit/537.36 (KHTML, like Gecko; compatible; ClaudeBot/1.0; +claudebot@anthropic.com)" 151 **0/151579**
20.171.207.255 - - [16/Sep/2025:06:50:39 -0700] "GET /optimisez-vos-gains-grace-aux-probabilites-au-vave-casino/?path=//proc/self/root/proc/thread-self/root/proc/thread-self/root/proc/self/root/proc/thread-self/root/proc/thread-self/root/proc/thread-self/root/opt/alt/alt-php-config HTTP/2.0" 200 3239 "-" "Mozilla/5.0 AppleWebKit/537.36 (KHTML, like Gecko; compatible; GPTBot/1.2; +https://openai.com/gptbot)" 143 **0/143789**
20.171.207.255 - - [16/Sep/2025:06:50:42 -0700] "GET /optimisez-vos-gains-grace-aux-probabilites-au-vave-casino/?path=//proc/self/root/proc/thread-self/root/proc/thread-self/root/proc/self/root/proc/thread-self/root/proc/thread-self/root/proc/thread-self/root/opt/alt/php-internal HTTP/2.0" 200 2656 "-" "Mozilla/5.0 AppleWebKit/537.36 (KHTML, like Gecko; compatible; GPTBot/1.2; +https://openai.com/gptbot)" 152 **0/152082**
20.171.207.255 - - [16/Sep/2025:06:50:45 -0700] "GET /optimisez-vos-gains-grace-aux-probabilites-au-vave-casino/?path=//proc/self/root/proc/thread-self/root/proc/thread-self/root/proc/self/root/proc/thread-self/root/proc/thread-self/root/proc/thread-self/root/opt/alt/libgd HTTP/2.0" 200 2952 "-" "Mozilla/5.0 AppleWebKit/537.36 (KHTML, like Gecko; compatible; GPTBot/1.2; +https://openai.com/gptbot)" 145 **0/145973**
178.61.128.107 - - [16/Sep/2025:06:50:46 -0700] "GET /tag/zet-casino-promo-code/?path=%2Fhome%2Fgriievz70lba%2Fpublic_html%2Ffragnancestories.com%2Fcache HTTP/2.0" 200 3054 "-" "Mozilla/5.0 (Linux; Android 5.0; SM-G900P Build/LRX21T) AppleWebKit/537.36 (KHTML, like Gecko) Chrome/58.0.9687.1852 Mobile Safari/537.36" 144 **0/144711**
20.171.207.255 - - [16/Sep/2025:06:50:50 -0700] "GET /optimisez-vos-gains-grace-aux-probabilites-au-vave-casino/?path=//proc/self/root/proc/thread-self/root/proc/thread-self/root/proc/self/root/proc/thread-self/root/proc/thread-self/root/proc/thread-self/root/opt/alt/libicu HTTP/2.0" 200 2914 "-" "Mozilla/5.0 AppleWebKit/537.36 (KHTML, like Gecko; compatible; GPTBot/1.2; +https://openai.com/gptbot)" 435 **0/435389**
20.171.207.255 - - [16/Sep/2025:06:50:51 -0700] "GET /optimisez-vos-gains-grace-aux-probabilites-au-vave-casino/?path=//proc/self/root/proc/thread-self/root/proc/thread-self/root/proc/self/root/proc/thread-self/root/proc/thread-self/root/proc/thread-self/root/opt/alt/vips HTTP/2.0" 200 2958 "-" "Mozilla/5.0 AppleWebKit/537.36 (KHTML, like Gecko; compatible; GPTBot/1.2; +https://openai.com/gptbot)" 141 **0/141358**
20.171.207.255 - - [16/Sep/2025:06:50:55 -0700] "GET /optimisez-vos-gains-grace-aux-probabilites-au-vave-casino/?path=//proc/self/root/proc/thread-self/root/proc/thread-self/root/proc/self/root/proc/thread-self/root/proc/thread-self/root/proc/thread-self/root/opt/cloudlinux/alt-php-internal HTTP/2.0" 200 3018 "-" "Mozilla/5.0 AppleWebKit/537.36 (KHTML, like Gecko; compatible; GPTBot/1.2; +https://openai.com/gptbot)" 151 **0/151998**
66.249.65.96 - - [16/Sep/2025:06:50:55 -0700] "GET /market59248601?kg=0059186850 HTTP/1.1" 200 26219 "-" "Mozilla/5.0 (Linux; Android 6.0.1; Nexus 5X Build/MMB29P) AppleWebKit/537.36 (KHTML, like Gecko) Chrome/140.0.7339.127 Mobile Safari/537.36 (compatible; Googlebot/2.1; +http://www.google.com/bot.html)" 241 **0/241489**
20.171.207.255 - - [16/Sep/2025:06:50:58 -0700] "GET /optimisez-vos-gains-grace-aux-probabilites-au-vave-casino/?path=//proc/self/root/proc/thread-self/root/proc/thread-self/root/proc/self/root/proc/thread-self/root/proc/thread-self/root/proc/thread-self/root/opt/alt/alt-php-config/__pycache__ HTTP/2.0" 200 3024 "-" "Mozilla/5.0 AppleWebKit/537.36 (KHTML, like Gecko; compatible; GPTBot/1.2; +https://openai.com/gptbot)" 149 **0/149146**
20.171.207.255 - - [16/Sep/2025:06:51:01 -0700] "GET /optimisez-vos-gains-grace-aux-probabilites-au-vave-casino/?path=//proc/self/root/proc/thread-self/root/proc/thread-self/root/proc/self/root/proc/thread-self/root/proc/thread-self/root/proc/thread-self/root/opt/alt/aom HTTP/2.0" 200 2955 "-" "Mozilla/5.0 AppleWebKit/537.36 (KHTML, like Gecko; compatible; GPTBot/1.2; +https://openai.com/gptbot)" 146 **0/146227**
20.171.207.255 - - [16/Sep/2025:06:51:04 -0700] "GET /optimisez-vos-gains-grace-aux-probabilites-au-vave-casino/?path=//proc/self/root/proc/thread-self/root/proc/thread-self/root/proc/self/root/proc/thread-self/root/proc/thread-self/root/proc/thread-self/root/opt/cyberark/epm HTTP/2.0" 200 2919 "-" "Mozilla/5.0 AppleWebKit/537.36 (KHTML, like Gecko; compatible; GPTBot/1.2; +https://openai.com/gptbot)" 141 **0/141498**
144.76.19.146 - - [16/Sep/2025:06:51:05 -0700] "GET /betshop-813-2/?fileloc=/home/griievz70lba/public_html/fragnancestories.com/license.txt&path=/home/griievz70lba/public_html/fragnancestories.com HTTP/1.1" 200 9858 "-" "Mozilla/5.0 (compatible; BLEXBot/1.0; +https://help.seranking.com/en/blex-crawler)" 149 **0/149463**
20.171.207.255 - - [16/Sep/2025:06:51:07 -0700] "GET /optimisez-vos-gains-grace-aux-probabilites-au-vave-casino/?path=//proc/self/root/proc/thread-self/root/proc/thread-self/root/proc/self/root/proc/thread-self/root/proc/thread-self/root/proc/thread-self/root/opt/alt/clos_ssa HTTP/2.0" 200 2916 "-" "Mozilla/5.0 AppleWebKit/537.36 (KHTML, like Gecko; compatible; GPTBot/1.2; +https://openai.com/gptbot)" 149 **0/149837**
20.171.207.255 - - [16/Sep/2025:06:51:10 -0700] "GET /optimisez-vos-gains-grace-aux-probabilites-au-vave-casino/?path=//proc/self/root/proc/thread-self/root/proc/thread-self/root/proc/self/root/proc/thread-self/root/proc/thread-self/root/proc/thread-self/root/opt/alt/sqlite HTTP/2.0" 200 2914 "-" "Mozilla/5.0 AppleWebKit/537.36 (KHTML, like Gecko; compatible; GPTBot/1.2; +https://openai.com/gptbot)" 154 **0/154466**
20.171.207.255 - - [16/Sep/2025:06:51:14 -0700] "GET /optimisez-vos-gains-grace-aux-probabilites-au-vave-casino/?path=//proc/self/root/proc/thread-self/root/proc/thread-self/root/proc/self/root/proc/thread-self/root/proc/thread-self/root/proc/thread-self/root/opt/alt/libzip HTTP/2.0" 200 2914 "-" "Mozilla/5.0 AppleWebKit/537.36 (KHTML, like Gecko; compatible; GPTBot/1.2; +https://openai.com/gptbot)" 195 **0/195387**
159.138.9.84 - - [16/Sep/2025:06:51:16 -0700] "GET /slottica-626/ HTTP/2.0" 200 4159 "https://fragnancestories.com/slottica-626/#respond" "Mozilla/5.0 (Macintosh; Intel Mac OS X 10_15_7) AppleWebKit/537.36 (KHTML, like Gecko) Chrome/131.0.0.0 Safari/537.36" 142 **0/142327**
45.236.101.216 - - [16/Sep/2025:06:51:16 -0700] "GET /kasyno-internetowe-bez-weryfikacji-czy-to-12/?path=%2Fhome HTTP/2.0" 200 2773 "-" "Mozilla/5.0 (iPhone; CPU iPhone OS 11_0 like Mac OS X) AppleWebKit/537.36 (KHTML, like Gecko) Chrome/40.0.1480.1100 Mobile Safari/537.36" 141 **0/141748**
20.171.207.255 - - [16/Sep/2025:06:51:17 -0700] "GET /optimisez-vos-gains-grace-aux-probabilites-au-vave-casino/?path=//proc/self/root/proc/thread-self/root/proc/thread-self/root/proc/self/root/proc/thread-self/root/proc/thread-self/root/proc/thread-self/root/opt/cloudlinux/alt-php-internal/root HTTP/2.0" 200 2668 "-" "Mozilla/5.0 AppleWebKit/537.36 (KHTML, like Gecko; compatible; GPTBot/1.2; +https://openai.com/gptbot)" 144 **0/144139**
20.171.207.255 - - [16/Sep/2025:06:51:20 -0700] "GET /optimisez-vos-gains-grace-aux-probabilites-au-vave-casino/?path=//proc/self/root/proc/thread-self/root/proc/thread-self/root/proc/self/root/proc/thread-self/root/proc/thread-self/root/proc/thread-self/root/opt/alt/libwebp HTTP/2.0" 200 2953 "-" "Mozilla/5.0 AppleWebKit/537.36 (KHTML, like Gecko; compatible; GPTBot/1.2; +https://openai.com/gptbot)" 162 **0/162594**
20.171.207.255 - - [16/Sep/2025:06:51:23 -0700] "GET /optimisez-vos-gains-grace-aux-probabilites-au-vave-casino/?path=//proc/self/root/proc/thread-self/root/proc/thread-self/root/proc/self/root/proc/thread-self/root/proc/thread-self/root/proc/thread-self/root/opt/alt/libheif HTTP/2.0" 200 2986 "-" "Mozilla/5.0 AppleWebKit/537.36 (KHTML, like Gecko; compatible; GPTBot/1.2; +https://openai.com/gptbot)" 162 **0/162283**
216.73.216.119 - - [16/Sep/2025:06:51:24 -0700] "GET /market405409725?path=%2Fhome%2Fgriievz70lba%2Fpublic_html%2Ffragnancestories.com HTTP/2.0" 200 4159 "-" "Mozilla/5.0 AppleWebKit/537.36 (KHTML, like Gecko; compatible; ClaudeBot/1.0; +claudebot@anthropic.com)" 143 **0/143194**
20.171.207.255 - - [16/Sep/2025:06:51:26 -0700] "GET /optimisez-vos-gains-grace-aux-probabilites-au-vave-casino/?path=//proc/self/root/proc/thread-self/root/proc/thread-self/root/proc/self/root/proc/thread-self/root/proc/thread-self/root/proc/thread-self/root/opt/suphp/sbin HTTP/2.0" 200 2655 "-" "Mozilla/5.0 AppleWebKit/537.36 (KHTML, like Gecko; compatible; GPTBot/1.2; +https://openai.com/gptbot)" 142 **0/142869**
216.73.216.119 - - [16/Sep/2025:06:51:27 -0700] "GET /market2583664165?path=%2Fhome%2Fgriievz70lba%2Fpublic_html%2Ffragnancestories.com%2F.tmb HTTP/2.0" 200 2561 "-" "Mozilla/5.0 AppleWebKit/537.36 (KHTML, like Gecko; compatible; ClaudeBot/1.0; +claudebot@anthropic.com)" 147 **0/147606**
20.171.207.255 - - [16/Sep/2025:06:51:29 -0700] "GET /optimisez-vos-gains-grace-aux-probabilites-au-vave-casino/?path=//proc/self/root/proc/thread-self/root/proc/thread-self/root/proc/self/root/proc/thread-self/root/proc/thread-self/root/proc/thread-self/root/opt/alt/zeromq HTTP/2.0" 200 2915 "-" "Mozilla/5.0 AppleWebKit/537.36 (KHTML, like Gecko; compatible; GPTBot/1.2; +https://openai.com/gptbot)" 146 **0/146170**
216.73.216.119 - - [16/Sep/2025:06:51:30 -0700] "GET /20bet-scommesse-758?fileloc=%2Fhome%2Fgriievz70lba%2Fpublic_html%2Fewebdesignagency.com%2F.htaccess&path=%2Fhome%2Fgriievz70lba%2Fpublic_html%2Fewebdesignagency.com HTTP/2.0" 200 2858 "-" "Mozilla/5.0 AppleWebKit/537.36 (KHTML, like Gecko; compatible; ClaudeBot/1.0; +claudebot@anthropic.com)" 164 **0/164719**
20.171.207.255 - - [16/Sep/2025:06:51:32 -0700] "GET /optimisez-vos-gains-grace-aux-probabilites-au-vave-casino/?path=//proc/self/root/proc/thread-self/root/proc/thread-self/root/proc/self/root/proc/thread-self/root/proc/thread-self/root/proc/thread-self/root/opt/alt/libgeos HTTP/2.0" 200 2953 "-" "Mozilla/5.0 AppleWebKit/537.36 (KHTML, like Gecko; compatible; GPTBot/1.2; +https://openai.com/gptbot)" 140 **0/140382**
216.73.216.119 - - [16/Sep/2025:06:51:33 -0700] "GET /market1838919307?path=%2Fhome%2Fgriievz70lba%2Fpublic_html%2Ffragnancestories.com%2Fwp-admin HTTP/2.0" 200 6676 "-" "Mozilla/5.0 AppleWebKit/537.36 (KHTML, like Gecko; compatible; ClaudeBot/1.0; +claudebot@anthropic.com)" 142 **0/142678**
20.171.207.255 - - [16/Sep/2025:06:51:35 -0700] "GET /optimisez-vos-gains-grace-aux-probabilites-au-vave-casino/?path=//proc/self/root/proc/thread-self/root/proc/thread-self/root/proc/self/root/proc/thread-self/root/proc/thread-self/root/proc/thread-self/root/opt/alt/redis HTTP/2.0" 200 3085 "-" "Mozilla/5.0 AppleWebKit/537.36 (KHTML, like Gecko; compatible; GPTBot/1.2; +https://openai.com/gptbot)" 155 **0/155532**
216.73.216.119 - - [16/Sep/2025:06:51:36 -0700] "GET /market1195530729?path=%2Fhome%2Fgriievz70lba%2Fpublic_html%2Ffragnancestories.com%2Fimages HTTP/2.0" 200 2970 "-" "Mozilla/5.0 AppleWebKit/537.36 (KHTML, like Gecko; compatible; ClaudeBot/1.0; +claudebot@anthropic.com)" 145 **0/145847**
144.76.19.146 - - [16/Sep/2025:06:51:38 -0700] "GET /betshop-813-2/?fileloc=/home/griievz70lba/public_html/fragnancestories.com/readme.html&path=/home/griievz70lba/public_html/fragnancestories.com HTTP/1.1" 200 5556 "-" "Mozilla/5.0 (compatible; BLEXBot/1.0; +https://help.seranking.com/en/blex-crawler)" 146 **0/146457**
20.171.207.255 - - [16/Sep/2025:06:51:38 -0700] "GET /optimisez-vos-gains-grace-aux-probabilites-au-vave-casino/?path=//proc/self/root/proc/thread-self/root/proc/thread-self/root/proc/self/root/proc/thread-self/root/proc/thread-self/root/proc/thread-self/root/opt/alt/tests HTTP/2.0" 200 24661 "-" "Mozilla/5.0 AppleWebKit/537.36 (KHTML, like Gecko; compatible; GPTBot/1.2; +https://openai.com/gptbot)" 295 **0/295659**
216.73.216.119 - - [16/Sep/2025:06:51:39 -0700] "GET /market2583141469?path=%2Fhome%2Fgriievz70lba%2Fpublic_html%2Ffragnancestories.com%2F.tmb HTTP/2.0" 200 2561 "-" "Mozilla/5.0 AppleWebKit/537.36 (KHTML, like Gecko; compatible; ClaudeBot/1.0; +claudebot@anthropic.com)" 140 **0/140811**
216.73.216.119 - - [16/Sep/2025:06:51:42 -0700] "GET /20bet-belepes-786/feed?fileloc=%2Fhome%2Fgriievz70lba%2Fpublic_html%2Fnew.hypeprints.app%2Fmah.php&path=%2Fhome%2Fgriievz70lba%2Fpublic_html%2Fnew.hypeprints.app HTTP/2.0" 200 2504 "-" "Mozilla/5.0 AppleWebKit/537.36 (KHTML, like Gecko; compatible; ClaudeBot/1.0; +claudebot@anthropic.com)" 141 **0/141906**
20.171.207.255 - - [16/Sep/2025:06:51:42 -0700] "GET /optimisez-vos-gains-grace-aux-probabilites-au-vave-casino/?path=//proc/self/root/proc/thread-self/root/proc/thread-self/root/proc/self/root/proc/thread-self/root/proc/thread-self/root/proc/thread-self/root/opt/alt/libraqm HTTP/2.0" 200 2954 "-" "Mozilla/5.0 AppleWebKit/537.36 (KHTML, like Gecko; compatible; GPTBot/1.2; +https://openai.com/gptbot)" 135 **0/135162**
45.6.210.198 - - [16/Sep/2025:06:51:42 -0700] "GET /category/bizzo-casino-bonus-code-900/?path=%2Fhome%2Fgriievz70lba%2Fpublic_html%2Ffragnancestories.com%2Fwp-admin HTTP/2.0" 200 6676 "-" "Mozilla/5.0 (Linux; Android 6.0; Nexus 5 Build/MRA58N) AppleWebKit/537.36 (KHTML, like Gecko) Chrome/60.0.4883.1550 Mobile Safari/537.36" 148 **0/148979**
216.73.216.119 - - [16/Sep/2025:06:51:45 -0700] "GET /market473128536?fileloc=%2Fhome%2Fgriievz70lba%2Fpublic_html%2Ffragnancestories.com%2Flicense.txt&path=%2Fhome%2Fgriievz70lba%2Fpublic_html%2Ffragnancestories.com HTTP/2.0" 200 9858 "-" "Mozilla/5.0 AppleWebKit/537.36 (KHTML, like Gecko; compatible; ClaudeBot/1.0; +claudebot@anthropic.com)" 148 **0/148916**
20.171.207.255 - - [16/Sep/2025:06:51:45 -0700] "GET /optimisez-vos-gains-grace-aux-probabilites-au-vave-casino/?path=//proc/self/root/proc/thread-self/root/proc/thread-self/root/proc/self/root/proc/thread-self/root/proc/thread-self/root/proc/thread-self/root/opt/alt/openssl HTTP/2.0" 200 2986 "-" "Mozilla/5.0 AppleWebKit/537.36 (KHTML, like Gecko; compatible; GPTBot/1.2; +https://openai.com/gptbot)" 137 **0/137994**
47.79.219.148 - - [16/Sep/2025:06:51:46 -0700] "GET /category/boomerang-online-casino-942 HTTP/1.1" 200 4159 "https://www.google.com/" "Mozilla/5.0 (Windows NT 10.0; Win64; x64) AppleWebKit/537.36 (KHTML, like Gecko) Chrome/133.0.0.0 Safari/537.36" 141 **0/141751**
216.73.216.119 - - [16/Sep/2025:06:51:48 -0700] "GET /market472969840?fileloc=%2Fhome%2Fgriievz70lba%2Fpublic_html%2Ffragnancestories.com%2Flicense.txt&path=%2Fhome%2Fgriievz70lba%2Fpublic_html%2Ffragnancestories.com HTTP/2.0" 200 9858 "-" "Mozilla/5.0 AppleWebKit/537.36 (KHTML, like Gecko; compatible; ClaudeBot/1.0; +claudebot@anthropic.com)" 139 **0/139796**
20.171.207.255 - - [16/Sep/2025:06:51:48 -0700] "GET /optimisez-vos-gains-grace-aux-probabilites-au-vave-casino/?path=//proc/self/root/proc/thread-self/root/proc/thread-self/root/proc/self/root/proc/thread-self/root/proc/thread-self/root/proc/thread-self/root/opt/alt/libharu HTTP/2.0" 200 2915 "-" "Mozilla/5.0 AppleWebKit/537.36 (KHTML, like Gecko; compatible; GPTBot/1.2; +https://openai.com/gptbot)" 151 **0/151022**
20.171.207.255 - - [16/Sep/2025:06:51:51 -0700] "GET /optimisez-vos-gains-grace-aux-probabilites-au-vave-casino/?path=//proc/self/root/proc/thread-self/root/proc/thread-self/root/proc/self/root/proc/thread-self/root/proc/thread-self/root/proc/thread-self/root/opt/alt/redis/bin HTTP/2.0" 200 2661 "-" "Mozilla/5.0 AppleWebKit/537.36 (KHTML, like Gecko; compatible; GPTBot/1.2; +https://openai.com/gptbot)" 147 **0/147628**
20.171.207.255 - - [16/Sep/2025:06:51:55 -0700] "GET /optimisez-vos-gains-grace-aux-probabilites-au-vave-casino/?path=//proc/self/root/proc/thread-self/root/proc/thread-self/root/proc/self/root/proc/thread-self/root/proc/thread-self/root/proc/thread-self/root/opt/alt/redis/etc HTTP/2.0" 200 2929 "-" "Mozilla/5.0 AppleWebKit/537.36 (KHTML, like Gecko; compatible; GPTBot/1.2; +https://openai.com/gptbot)" 146 **0/146336**
66.249.65.96 - - [16/Sep/2025:06:51:55 -0700] "GET /market59297773?kg=0059235970 HTTP/1.1" 200 27187 "-" "Mozilla/5.0 (Linux; Android 6.0.1; Nexus 5X Build/MMB29P) AppleWebKit/537.36 (KHTML, like Gecko) Chrome/140.0.7339.127 Mobile Safari/537.36 (compatible; Googlebot/2.1; +http://www.google.com/bot.html)" 263 **0/263414**
20.171.207.255 - - [16/Sep/2025:06:51:58 -0700] "GET /optimisez-vos-gains-grace-aux-probabilites-au-vave-casino/?path=//proc/self/root/proc/thread-self/root/proc/thread-self/root/proc/self/root/proc/thread-self/root/proc/thread-self/root/proc/thread-self/root/opt/alt/pcre HTTP/2.0" 200 2912 "-" "Mozilla/5.0 AppleWebKit/537.36 (KHTML, like Gecko; compatible; GPTBot/1.2; +https://openai.com/gptbot)" 151 **0/151681**
20.171.207.255 - - [16/Sep/2025:06:52:01 -0700] "GET /optimisez-vos-gains-grace-aux-probabilites-au-vave-casino/?path=//proc/self/root/proc/thread-self/root/proc/thread-self/root/proc/self/root/proc/thread-self/root/proc/thread-self/root/proc/thread-self/root/opt/alt/curl HTTP/2.0" 200 2912 "-" "Mozilla/5.0 AppleWebKit/537.36 (KHTML, like Gecko; compatible; GPTBot/1.2; +https://openai.com/gptbot)" 162 **0/162735**
20.171.207.255 - - [16/Sep/2025:06:52:04 -0700] "GET /optimisez-vos-gains-grace-aux-probabilites-au-vave-casino/?path=//proc/self/root/proc/thread-self/root/proc/thread-self/root/proc/self/root/proc/thread-self/root/proc/thread-self/root/proc/self/root/usr/lib/debug/sbin HTTP/2.0" 200 2664 "-" "Mozilla/5.0 AppleWebKit/537.36 (KHTML, like Gecko; compatible; GPTBot/1.2; +https://openai.com/gptbot)" 139 **0/139662**
46.197.75.123 - - [16/Sep/2025:06:52:04 -0700] "GET /1win-vhod-525/?fileloc=%2Fhome%2Fgriievz70lba%2Fpublic_html%2Ffragnancestories.com%2Frobots.txt&path=%2Fhome%2Fgriievz70lba%2Fpublic_html%2Ffragnancestories.com HTTP/2.0" 200 2547 "-" "Mozilla/5.0 (iPhone; CPU iPhone OS 11_0 like Mac OS X) AppleWebKit/537.36 (KHTML, like Gecko) Chrome/58.0.1726.1038 Mobile Safari/537.36" 137 **0/137852**
20.171.207.255 - - [16/Sep/2025:06:52:07 -0700] "GET /optimisez-vos-gains-grace-aux-probabilites-au-vave-casino/?path=//proc/self/root/proc/thread-self/root/proc/thread-self/root/proc/self/root/proc/thread-self/root/proc/thread-self/root/proc/self/root/usr/include/rpc HTTP/2.0" 200 2941 "-" "Mozilla/5.0 AppleWebKit/537.36 (KHTML, like Gecko; compatible; GPTBot/1.2; +https://openai.com/gptbot)" 153 **0/153667**
20.171.207.255 - - [16/Sep/2025:06:52:10 -0700] "GET /optimisez-vos-gains-grace-aux-probabilites-au-vave-casino/?path=//proc/self/root/proc/thread-self/root/proc/thread-self/root/proc/self/root/proc/thread-self/root/proc/self/root/proc/thread-self/root/opt/cyberark HTTP/2.0" 200 2908 "-" "Mozilla/5.0 AppleWebKit/537.36 (KHTML, like Gecko; compatible; GPTBot/1.2; +https://openai.com/gptbot)" 150 **0/150641**
20.171.207.255 - - [16/Sep/2025:06:52:13 -0700] "GET /optimisez-vos-gains-grace-aux-probabilites-au-vave-casino/?path=//proc/self/root/proc/thread-self/root/proc/thread-self/root/proc/self/root/proc/thread-self/root/proc/thread-self/root/lib/rpm/platform/ppc-linux HTTP/2.0" 200 2943 "-" "Mozilla/5.0 AppleWebKit/537.36 (KHTML, like Gecko; compatible; GPTBot/1.2; +https://openai.com/gptbot)" 149 **0/149824**
20.171.207.255 - - [16/Sep/2025:06:52:16 -0700] "GET /optimisez-vos-gains-grace-aux-probabilites-au-vave-casino/?path=//proc/self/root/proc/thread-self/root/proc/thread-self/root/proc/self/root/proc/thread-self/root/proc/thread-self/root/proc/thread-self/root/opt/alt/pcre/usr HTTP/2.0" 200 2996 "-" "Mozilla/5.0 AppleWebKit/537.36 (KHTML, like Gecko; compatible; GPTBot/1.2; +https://openai.com/gptbot)" 134 **0/134647**
144.76.19.146 - - [16/Sep/2025:06:52:18 -0700] "GET /betshop-813-2/?fileloc=/home/griievz70lba/public_html/fragnancestories.com/wp-cron.php&path=/home/griievz70lba/public_html/fragnancestories.com HTTP/1.1" 200 4613 "-" "Mozilla/5.0 (compatible; BLEXBot/1.0; +https://help.seranking.com/en/blex-crawler)" 141 **0/141778**
20.171.207.255 - - [16/Sep/2025:06:52:19 -0700] "GET /optimisez-vos-gains-grace-aux-probabilites-au-vave-casino/?path=//proc/self/root/proc/thread-self/root/proc/thread-self/root/proc/self/root/proc/thread-self/root/proc/thread-self/root/proc/thread-self/root/opt/alt/curl/usr HTTP/2.0" 200 2994 "-" "Mozilla/5.0 AppleWebKit/537.36 (KHTML, like Gecko; compatible; GPTBot/1.2; +https://openai.com/gptbot)" 167 **0/167770**
216.73.216.119 - - [16/Sep/2025:06:52:19 -0700] "GET /market1492581709?path=%2Fhome%2Fgriievz70lba%2Fpublic_html%2Ffragnancestories.com%2F.tmb HTTP/2.0" 200 2561 "-" "Mozilla/5.0 AppleWebKit/537.36 (KHTML, like Gecko; compatible; ClaudeBot/1.0; +claudebot@anthropic.com)" 182 **0/182282**
57.141.4.57 - - [16/Sep/2025:06:52:21 -0700] "GET /wp-json/wp/v2/categories/16?path=/home/griievz70lba/public_html/fragnancestories.com/wp-content HTTP/2.0" 200 46099 "-" "meta-externalagent/1.1 (+https://developers.facebook.com/docs/sharing/webmasters/crawler)" 151 **0/151974**
216.73.216.119 - - [16/Sep/2025:06:52:22 -0700] "GET /market204970421?path=%2Fhome%2Fgriievz70lba%2Fpublic_html%2Ffragnancestories.com%2F.tmb HTTP/2.0" 200 2561 "-" "Mozilla/5.0 AppleWebKit/537.36 (KHTML, like Gecko; compatible; ClaudeBot/1.0; +claudebot@anthropic.com)" 149 **0/149240**
20.171.207.255 - - [16/Sep/2025:06:52:22 -0700] "GET /optimisez-vos-gains-grace-aux-probabilites-au-vave-casino/?path=//proc/self/root/proc/thread-self/root/proc/thread-self/root/proc/self/root/proc/thread-self/root/proc/thread-self/root/proc/self/root/lib/tuned/virtual-host HTTP/2.0" 200 2946 "-" "Mozilla/5.0 AppleWebKit/537.36 (KHTML, like Gecko; compatible; GPTBot/1.2; +https://openai.com/gptbot)" 135 **0/135567**
216.73.216.119 - - [16/Sep/2025:06:52:25 -0700] "GET /market501336530?fileloc=%2Fhome%2Fgriievz70lba%2Fpublic_html%2Ffragnancestories.com%2Flicense.txt&path=%2Fhome%2Fgriievz70lba%2Fpublic_html%2Ffragnancestories.com HTTP/2.0" 200 9858 "-" "Mozilla/5.0 AppleWebKit/537.36 (KHTML, like Gecko; compatible; ClaudeBot/1.0; +claudebot@anthropic.com)" 145 **0/145513**
20.171.207.255 - - [16/Sep/2025:06:52:25 -0700] "GET /optimisez-vos-gains-grace-aux-probabilites-au-vave-casino/?path=//proc/self/root/proc/thread-self/root/proc/thread-self/root/proc/self/root/proc/thread-self/root/proc/thread-self/root/usr/include/netipx HTTP/2.0" 200 2928 "-" "Mozilla/5.0 AppleWebKit/537.36 (KHTML, like Gecko; compatible; GPTBot/1.2; +https://openai.com/gptbot)" 150 **0/150212**
57.141.4.60 - - [16/Sep/2025:06:52:26 -0700] "GET /wp-json/wp/v2/categories/2516?path=/home/griievz70lba/public_html/fragnancestories.com/images HTTP/2.0" 200 17642 "-" "meta-externalagent/1.1 (+https://developers.facebook.com/docs/sharing/webmasters/crawler)" 150 **0/150205**
216.73.216.119 - - [16/Sep/2025:06:52:28 -0700] "GET /market501087131?fileloc=%2Fhome%2Fgriievz70lba%2Fpublic_html%2Ffragnancestories.com%2Flicense.txt&path=%2Fhome%2Fgriievz70lba%2Fpublic_html%2Ffragnancestories.com HTTP/2.0" 200 9858 "-" "Mozilla/5.0 AppleWebKit/537.36 (KHTML, like Gecko; compatible; ClaudeBot/1.0; +claudebot@anthropic.com)" 158 **0/158986**
57.141.4.21 - - [16/Sep/2025:06:52:28 -0700] "GET /scommettere-in-modo-innovativo-puo-portarti-a/feed/ HTTP/2.0" 200 61253 "-" "meta-externalagent/1.1 (+https://developers.facebook.com/docs/sharing/webmasters/crawler)" 148 **0/148623**
57.141.4.31 - - [16/Sep/2025:06:52:28 -0700] "GET /1win-skachat-603/?fileloc=/home/griievz70lba/public_html/fragnancestories.com/wp-signup.php&path=/home/griievz70lba/public_html/fragnancestories.com HTTP/2.0" 200 54032 "-" "meta-externalagent/1.1 (+https://developers.facebook.com/docs/sharing/webmasters/crawler)" 158 **0/158204**
20.171.207.255 - - [16/Sep/2025:06:52:29 -0700] "GET /optimisez-vos-gains-grace-aux-probabilites-au-vave-casino/?path=//proc/self/root/proc/thread-self/root/proc/thread-self/root/proc/self/root/proc/thread-self/root/proc/self/root/proc/thread-self/root/opt/cyberark/epm HTTP/2.0" 200 2920 "-" "Mozilla/5.0 AppleWebKit/537.36 (KHTML, like Gecko; compatible; GPTBot/1.2; +https://openai.com/gptbot)" 152 **0/152260**
191.37.22.159 - - [16/Sep/2025:06:52:29 -0700] "GET /mobile-gambling-enterprise-the-ultimate-overview-to-video-gaming-on-the-move/?path=%2Fhome%2Fgriievz70lba%2Fpublic_html%2Ffragnancestories.com HTTP/2.0" 200 4159 "-" "Mozilla/5.0 (iPhone; CPU iPhone OS 11_0 like Mac OS X) AppleWebKit/537.36 (KHTML, like Gecko) Chrome/46.0.1540.1498 Mobile Safari/537.36" 147 **0/147582**
216.73.216.119 - - [16/Sep/2025:06:52:31 -0700] "GET /market1492129148?fileloc=%2Fhome%2Fgriievz70lba%2Fpublic_html%2Ffragnancestories.com%2Flicense.txt&path=%2Fhome%2Fgriievz70lba%2Fpublic_html%2Ffragnancestories.com HTTP/2.0" 200 9858 "-" "Mozilla/5.0 AppleWebKit/537.36 (KHTML, like Gecko; compatible; ClaudeBot/1.0; +claudebot@anthropic.com)" 151 **0/151138**
20.171.207.255 - - [16/Sep/2025:06:52:32 -0700] "GET /optimisez-vos-gains-grace-aux-probabilites-au-vave-casino/?path=//proc/self/root/proc/thread-self/root/proc/thread-self/root/proc/self/root/proc/thread-self/root/proc/self/root/proc/thread-self/root/var/lib/mysql/phptravels HTTP/2.0" 200 2670 "-" "Mozilla/5.0 AppleWebKit/537.36 (KHTML, like Gecko; compatible; GPTBot/1.2; +https://openai.com/gptbot)" 143 **0/143627**
216.73.216.119 - - [16/Sep/2025:06:52:34 -0700] "GET /market2494562884?fileloc=%2Fhome%2Fgriievz70lba%2Fpublic_html%2Ffragnancestories.com%2Flicense.txt&path=%2Fhome%2Fgriievz70lba%2Fpublic_html%2Ffragnancestories.com HTTP/2.0" 200 9858 "-" "Mozilla/5.0 AppleWebKit/537.36 (KHTML, like Gecko; compatible; ClaudeBot/1.0; +claudebot@anthropic.com)" 147 **0/147098**
20.171.207.255 - - [16/Sep/2025:06:52:35 -0700] "GET /optimisez-vos-gains-grace-aux-probabilites-au-vave-casino/?path=//proc/self/root/proc/thread-self/root/proc/thread-self/root/proc/self/root/proc/thread-self/root/proc/self/root/proc/thread-self/root/opt/alt HTTP/2.0" 200 5342 "-" "Mozilla/5.0 AppleWebKit/537.36 (KHTML, like Gecko; compatible; GPTBot/1.2; +https://openai.com/gptbot)" 156 **0/156776**
216.73.216.119 - - [16/Sep/2025:06:52:37 -0700] "GET /market608724440?path=%2Fhome%2Fgriievz70lba%2Fpublic_html%2Ffragnancestories.com%2F.tmb HTTP/2.0" 200 2561 "-" "Mozilla/5.0 AppleWebKit/537.36 (KHTML, like Gecko; compatible; ClaudeBot/1.0; +claudebot@anthropic.com)" 151 **0/151296**
20.171.207.255 - - [16/Sep/2025:06:52:38 -0700] "GET /optimisez-vos-gains-grace-aux-probabilites-au-vave-casino/?path=//proc/self/root/proc/thread-self/root/proc/thread-self/root/proc/self/root/proc/thread-self/root/proc/thread-self/root/proc/thread-self/root/opt/alt/redis/var HTTP/2.0" 200 2993 "-" "Mozilla/5.0 AppleWebKit/537.36 (KHTML, like Gecko; compatible; GPTBot/1.2; +https://openai.com/gptbot)" 141 **0/141940**
216.73.216.119 - - [16/Sep/2025:06:52:40 -0700] "GET /market2129113783?fileloc=%2Fhome%2Fgriievz70lba%2Fpublic_html%2Ffragnancestories.com%2Flicense.txt&path=%2Fhome%2Fgriievz70lba%2Fpublic_html%2Ffragnancestories.com HTTP/2.0" 200 9858 "-" "Mozilla/5.0 AppleWebKit/537.36 (KHTML, like Gecko; compatible; ClaudeBot/1.0; +claudebot@anthropic.com)" 146 **0/146175**
20.171.207.255 - - [16/Sep/2025:06:52:41 -0700] "GET /optimisez-vos-gains-grace-aux-probabilites-au-vave-casino/?path=//proc/self/root/proc/thread-self/root/proc/thread-self/root/proc/self/root/proc/thread-self/root/proc/thread-self/root/var/lib/proxyexec HTTP/2.0" 200 2911 "-" "Mozilla/5.0 AppleWebKit/537.36 (KHTML, like Gecko; compatible; GPTBot/1.2; +https://openai.com/gptbot)" 140 **0/140217**
20.171.207.255 - - [16/Sep/2025:06:52:44 -0700] "GET /optimisez-vos-gains-grace-aux-probabilites-au-vave-casino/?path=//proc/self/root/proc/thread-self/root/proc/thread-self/root/proc/self/root/proc/thread-self/root/proc/thread-self/root/proc/self/root/var/cache/man/hu HTTP/2.0" 200 2996 "-" "Mozilla/5.0 AppleWebKit/537.36 (KHTML, like Gecko; compatible; GPTBot/1.2; +https://openai.com/gptbot)" 134 **0/134853**
20.171.207.255 - - [16/Sep/2025:06:52:47 -0700] "GET /optimisez-vos-gains-grace-aux-probabilites-au-vave-casino/?path=//proc/self/root/proc/thread-self/root/proc/thread-self/root/proc/self/root/proc/thread-self/root/proc/thread-self/root/proc/tty/ldisc HTTP/2.0" 200 2636 "-" "Mozilla/5.0 AppleWebKit/537.36 (KHTML, like Gecko; compatible; GPTBot/1.2; +https://openai.com/gptbot)" 153 **0/153308**
216.73.216.119 - - [16/Sep/2025:06:52:50 -0700] "GET /market1839321717?fileloc=%2Fhome%2Fgriievz70lba%2Fpublic_html%2Ffragnancestories.com%2Flicense.txt&path=%2Fhome%2Fgriievz70lba%2Fpublic_html%2Ffragnancestories.com HTTP/2.0" 200 9858 "-" "Mozilla/5.0 AppleWebKit/537.36 (KHTML, like Gecko; compatible; ClaudeBot/1.0; +claudebot@anthropic.com)" 160 **0/160117**
20.171.207.255 - - [16/Sep/2025:06:52:50 -0700] "GET /optimisez-vos-gains-grace-aux-probabilites-au-vave-casino/?path=//proc/self/root/proc/thread-self/root/proc/thread-self/root/proc/self/root/proc/thread-self/root/proc/self/root/proc/thread-self/cwd/images/images HTTP/2.0" 200 3193 "-" "Mozilla/5.0 AppleWebKit/537.36 (KHTML, like Gecko; compatible; GPTBot/1.2; +https://openai.com/gptbot)" 147 **0/147645**
144.76.19.146 - - [16/Sep/2025:06:52:52 -0700] "GET /betshop-813-2/?fileloc=/home/griievz70lba/public_html/fragnancestories.com/wp-load.php&path=/home/griievz70lba/public_html/fragnancestories.com HTTP/1.1" 200 4173 "-" "Mozilla/5.0 (compatible; BLEXBot/1.0; +https://help.seranking.com/en/blex-crawler)" 153 **0/153574**
216.73.216.119 - - [16/Sep/2025:06:52:52 -0700] "GET /market2129522857?fileloc=%2Fhome%2Fgriievz70lba%2Fpublic_html%2Ffragnancestories.com%2Flicense.txt&path=%2Fhome%2Fgriievz70lba%2Fpublic_html%2Ffragnancestories.com HTTP/2.0" 200 9858 "-" "Mozilla/5.0 AppleWebKit/537.36 (KHTML, like Gecko; compatible; ClaudeBot/1.0; +claudebot@anthropic.com)" 145 **0/145609**
20.171.207.255 - - [16/Sep/2025:06:52:54 -0700] "GET /optimisez-vos-gains-grace-aux-probabilites-au-vave-casino/?path=//proc/self/root/proc/thread-self/root/proc/thread-self/root/proc/self/root/proc/thread-self/root/proc/thread-self/root/proc/self/root/usr/lib/firmware HTTP/2.0" 200 18184 "-" "Mozilla/5.0 AppleWebKit/537.36 (KHTML, like Gecko; compatible; GPTBot/1.2; +https://openai.com/gptbot)" 241 **0/241781**
216.73.216.119 - - [16/Sep/2025:06:52:55 -0700] "GET /market405629031?fileloc=%2Fhome%2Fgriievz70lba%2Fpublic_html%2Ffragnancestories.com%2Flicense.txt&path=%2Fhome%2Fgriievz70lba%2Fpublic_html%2Ffragnancestories.com HTTP/2.0" 200 9858 "-" "Mozilla/5.0 AppleWebKit/537.36 (KHTML, like Gecko; compatible; ClaudeBot/1.0; +claudebot@anthropic.com)" 150 **0/150633**
20.171.207.255 - - [16/Sep/2025:06:52:57 -0700] "GET /optimisez-vos-gains-grace-aux-probabilites-au-vave-casino/?path=//proc/self/root/proc/thread-self/root/proc/thread-self/root/proc/self/root/proc/thread-self/root/proc/self/root/proc/thread-self/root/opt/alt/python311 HTTP/2.0" 200 3108 "-" "Mozilla/5.0 AppleWebKit/537.36 (KHTML, like Gecko; compatible; GPTBot/1.2; +https://openai.com/gptbot)" 144 **0/144835**
216.73.216.119 - - [16/Sep/2025:06:52:58 -0700] "GET /20bet-belepes-786/feed?fileloc=%2Fhome%2Fgriievz70lba%2Fpublic_html%2Ffragnancestories.com%2Fwp-includes%2Fsodium_compat%2FLICENSE&path=%2Fhome%2Fgriievz70lba%2Fpublic_html%2Ffragnancestories.com%2Fwp-includes%2Fsodium_compat HTTP/2.0" 200 3113 "-" "Mozilla/5.0 AppleWebKit/537.36 (KHTML, like Gecko; compatible; ClaudeBot/1.0; +claudebot@anthropic.com)" 143 **0/143214**
20.171.207.255 - - [16/Sep/2025:06:53:00 -0700] "GET /optimisez-vos-gains-grace-aux-probabilites-au-vave-casino/?path=//proc/self/root/proc/thread-self/root/proc/thread-self/root/proc/self/root/proc/thread-self/root/proc/self/root/proc/thread-self/root/opt/alt/alt-php-config HTTP/2.0" 200 3231 "-" "Mozilla/5.0 AppleWebKit/537.36 (KHTML, like Gecko; compatible; GPTBot/1.2; +https://openai.com/gptbot)" 154 **0/154290**
216.73.216.119 - - [16/Sep/2025:06:53:01 -0700] "GET /market205137108?path=%2Fhome%2Fgriievz70lba%2Fpublic_html%2Ffragnancestories.com%2F.tmb HTTP/2.0" 200 2561 "-" "Mozilla/5.0 AppleWebKit/537.36 (KHTML, like Gecko; compatible; ClaudeBot/1.0; +claudebot@anthropic.com)" 146 **0/146753**
20.171.207.255 - - [16/Sep/2025:06:53:03 -0700] "GET /optimisez-vos-gains-grace-aux-probabilites-au-vave-casino/?path=//proc/self/root/proc/thread-self/root/proc/thread-self/root/proc/self/root/proc/thread-self/root/proc/self/root/proc/thread-self/root/opt/alt/curl HTTP/2.0" 200 2913 "-" "Mozilla/5.0 AppleWebKit/537.36 (KHTML, like Gecko; compatible; GPTBot/1.2; +https://openai.com/gptbot)" 145 **0/145397**
216.73.216.119 - - [16/Sep/2025:06:53:04 -0700] "GET /market472970947?fileloc=%2Fhome%2Fgriievz70lba%2Fpublic_html%2Ffragnancestories.com%2Flicense.txt&path=%2Fhome%2Fgriievz70lba%2Fpublic_html%2Ffragnancestories.com HTTP/2.0" 200 9858 "-" "Mozilla/5.0 AppleWebKit/537.36 (KHTML, like Gecko; compatible; ClaudeBot/1.0; +claudebot@anthropic.com)" 144 **0/144711**
20.171.207.255 - - [16/Sep/2025:06:53:06 -0700] "GET /optimisez-vos-gains-grace-aux-probabilites-au-vave-casino/?path=//proc/self/root/proc/thread-self/root/proc/thread-self/root/proc/self/root/proc/thread-self/root/proc/self/root/proc/thread-self/root/opt/alt/tests HTTP/2.0" 200 27880 "-" "Mozilla/5.0 AppleWebKit/537.36 (KHTML, like Gecko; compatible; GPTBot/1.2; +https://openai.com/gptbot)" 260 **0/260063**
216.73.216.119 - - [16/Sep/2025:06:53:07 -0700] "GET /market1243985026?path=%2Fhome%2Fgriievz70lba%2Fpublic_html%2Ffragnancestories.com%2Fimages HTTP/2.0" 200 2970 "-" "Mozilla/5.0 AppleWebKit/537.36 (KHTML, like Gecko; compatible; ClaudeBot/1.0; +claudebot@anthropic.com)" 137 **0/137910**
20.171.207.255 - - [16/Sep/2025:06:53:10 -0700] "GET /optimisez-vos-gains-grace-aux-probabilites-au-vave-casino/?path=//proc/self/root/proc/thread-self/root/proc/thread-self/root/proc/self/root/proc/thread-self/root/proc/self/root/proc/thread-self/root/opt/alt/php-internal HTTP/2.0" 200 2656 "-" "Mozilla/5.0 AppleWebKit/537.36 (KHTML, like Gecko; compatible; GPTBot/1.2; +https://openai.com/gptbot)" 146 **0/146883**
216.73.216.119 - - [16/Sep/2025:06:53:10 -0700] "GET /lalabet-app-for-android-88?fileloc=%2Fhome%2Fgriievz70lba%2F.mysql_backup%2Fi9445158_qvdo1.sql.gz&path=%2Fhome%2Fgriievz70lba%2F.mysql_backup HTTP/2.0" 200 471795 "-" "Mozilla/5.0 AppleWebKit/537.36 (KHTML, like Gecko; compatible; ClaudeBot/1.0; +claudebot@anthropic.com)" 276 **0/276904**
20.171.207.255 - - [16/Sep/2025:06:53:13 -0700] "GET /optimisez-vos-gains-grace-aux-probabilites-au-vave-casino/?path=//proc/self/root/proc/thread-self/root/proc/thread-self/root/proc/self/root/proc/thread-self/root/proc/self/root/proc/thread-self/root/opt/alt/aom HTTP/2.0" 200 2956 "-" "Mozilla/5.0 AppleWebKit/537.36 (KHTML, like Gecko; compatible; GPTBot/1.2; +https://openai.com/gptbot)" 146 **0/146425**
57.141.4.81 - - [16/Sep/2025:06:53:16 -0700] "GET /wp-json/wp/v2/posts/12243?fileloc=/home/griievz70lba/public_html/fragnancestories.com/wp-activate.php&path=/home/griievz70lba/public_html/fragnancestories.com HTTP/2.0" 200 21530 "-" "meta-externalagent/1.1 (+https://developers.facebook.com/docs/sharing/webmasters/crawler)" 177 **0/177959**
20.171.207.255 - - [16/Sep/2025:06:53:16 -0700] "GET /optimisez-vos-gains-grace-aux-probabilites-au-vave-casino/?fileloc=//proc/self/root/proc/thread-self/root/proc/thread-self/root/proc/self/root/proc/thread-self/root/proc/thread-self/root/proc/self/root/usr/lib/firmware/ti_5052.fw&path=//proc/self/root/proc/thread-self/root/proc/thread-self/root/proc/self/root/proc/thread-self/root/proc/thread-self/root/proc/self/root/usr/lib/firmware HTTP/2.0" 200 9236 "-" "Mozilla/5.0 AppleWebKit/537.36 (KHTML, like Gecko; compatible; GPTBot/1.2; +https://openai.com/gptbot)" 146 **0/146311**
20.171.207.255 - - [16/Sep/2025:06:53:19 -0700] "GET /optimisez-vos-gains-grace-aux-probabilites-au-vave-casino/?path=//proc/self/root/proc/thread-self/root/proc/thread-self/root/proc/self/root/proc/thread-self/root/proc/thread-self/root/proc/self/root/usr/lib/firmware/matrox HTTP/2.0" 200 3002 "-" "Mozilla/5.0 AppleWebKit/537.36 (KHTML, like Gecko; compatible; GPTBot/1.2; +https://openai.com/gptbot)" 140 **0/140378**
20.171.207.255 - - [16/Sep/2025:06:53:22 -0700] "GET /optimisez-vos-gains-grace-aux-probabilites-au-vave-casino/?path=//proc/self/root/proc/thread-self/root/proc/thread-self/root/proc/self/root/proc/thread-self/root/proc/thread-self/root/proc/self/root/usr/lib/firmware/brcm HTTP/2.0" 200 7744 "-" "Mozilla/5.0 AppleWebKit/537.36 (KHTML, like Gecko; compatible; GPTBot/1.2; +https://openai.com/gptbot)" 175 **0/175266**
57.141.4.60 - - [16/Sep/2025:06:53:24 -0700] "GET /sportaza-italia-676/?path=/home/griievz70lba/public_html/fragnancestories.com/.well-known HTTP/2.0" 200 14470 "-" "meta-externalagent/1.1 (+https://developers.facebook.com/docs/sharing/webmasters/crawler)" 148 **0/148466**
144.76.19.146 - - [16/Sep/2025:06:53:25 -0700] "GET /betshop-813-2/?fileloc=/home/griievz70lba/public_html/fragnancestories.com/wp-mail.php&path=/home/griievz70lba/public_html/fragnancestories.com HTTP/1.1" 200 5605 "-" "Mozilla/5.0 (compatible; BLEXBot/1.0; +https://help.seranking.com/en/blex-crawler)" 135 **0/135026**
20.171.207.255 - - [16/Sep/2025:06:53:25 -0700] "GET /optimisez-vos-gains-grace-aux-probabilites-au-vave-casino/?fileloc=//proc/self/root/proc/thread-self/root/proc/thread-self/root/proc/self/root/proc/thread-self/root/proc/thread-self/root/proc/self/root/usr/lib/firmware/iwlwifi-gl-c0-fm-c0-98.ucode&path=//proc/self/root/proc/thread-self/root/proc/thread-self/root/proc/self/root/proc/thread-self/root/proc/thread-self/root/proc/self/root/usr/lib/firmware HTTP/2.0" 200 630610 "-" "Mozilla/5.0 AppleWebKit/537.36 (KHTML, like Gecko; compatible; GPTBot/1.2; +https://openai.com/gptbot)" 302 **0/302438**
20.171.207.255 - - [16/Sep/2025:06:53:28 -0700] "GET /optimisez-vos-gains-grace-aux-probabilites-au-vave-casino/?path=//proc/self/root/proc/thread-self/root/proc/thread-self/root/proc/self/root/proc/thread-self/root/proc/self/root/proc/thread-self/root/opt/alt/alt-php-config/__pycache__ HTTP/2.0" 200 3024 "-" "Mozilla/5.0 AppleWebKit/537.36 (KHTML, like Gecko; compatible; GPTBot/1.2; +https://openai.com/gptbot)" 150 **0/150173**
212.102.38.176 - - [16/Sep/2025:06:53:31 -0700] "POST /xmlrpc.php HTTP/1.1" 200 61253 "-" "Mozilla/5.0 (Windows NT 10.0; WOW64; x64) AppleWebKit/537.36 (KHTML, like Gecko) Chrome/114.0.0.0 Safari/537.36 OPR/89.0.4447.51" 50 **0/50455**
212.102.38.176 - - [16/Sep/2025:06:53:31 -0700] "POST /xmlrpc.php HTTP/1.1" 200 61253 "-" "Mozilla/5.0 (Windows NT 10.0; WOW64; x64) AppleWebKit/537.36 (KHTML, like Gecko) Chrome/114.0.0.0 Safari/537.36 OPR/89.0.4447.51" 48 **0/48343**
212.102.38.176 - - [16/Sep/2025:06:53:32 -0700] "POST /xmlrpc.php HTTP/1.1" 200 61253 "-" "Mozilla/5.0 (Windows NT 10.0; WOW64; x64) AppleWebKit/537.36 (KHTML, like Gecko) Chrome/114.0.0.0 Safari/537.36 OPR/89.0.4447.51" 63 **0/63543**
20.171.207.255 - - [16/Sep/2025:06:53:32 -0700] "GET /optimisez-vos-gains-grace-aux-probabilites-au-vave-casino/?path=//proc/self/root/proc/thread-self/root/proc/thread-self/root/proc/self/root/proc/thread-self/root/proc/thread-self/root/proc/self/root/usr/lib/firmware/slicoss HTTP/2.0" 200 3119 "-" "Mozilla/5.0 AppleWebKit/537.36 (KHTML, like Gecko; compatible; GPTBot/1.2; +https://openai.com/gptbot)" 144 **0/144716**
212.102.38.176 - - [16/Sep/2025:06:53:32 -0700] "POST /xmlrpc.php HTTP/1.1" 200 61253 "-" "Mozilla/5.0 (Windows NT 10.0; WOW64; x64) AppleWebKit/537.36 (KHTML, like Gecko) Chrome/114.0.0.0 Safari/537.36 OPR/89.0.4447.51" 50 **0/50540**
20.171.207.255 - - [16/Sep/2025:06:53:35 -0700] "GET /optimisez-vos-gains-grace-aux-probabilites-au-vave-casino/?path=//proc/self/root/proc/thread-self/root/proc/thread-self/root/proc/self/root/proc/thread-self/root/proc/thread-self/root/proc/self/root/usr/lib/firmware/vicam HTTP/2.0" 200 2953 "-" "Mozilla/5.0 AppleWebKit/537.36 (KHTML, like Gecko; compatible; GPTBot/1.2; +https://openai.com/gptbot)" 151 **0/151432**
20.171.207.255 - - [16/Sep/2025:06:53:38 -0700] "GET /optimisez-vos-gains-grace-aux-probabilites-au-vave-casino/?path=//proc/self/root/proc/thread-self/root/proc/thread-self/root/proc/self/root/proc/thread-self/root/proc/thread-self/root/proc/self/root/usr/lib/firmware/qcom HTTP/2.0" 200 4807 "-" "Mozilla/5.0 AppleWebKit/537.36 (KHTML, like Gecko; compatible; GPTBot/1.2; +https://openai.com/gptbot)" 159 **0/159618**
20.171.207.255 - - [16/Sep/2025:06:53:41 -0700] "GET /optimisez-vos-gains-grace-aux-probabilites-au-vave-casino/?fileloc=//proc/self/root/proc/thread-self/root/proc/thread-self/root/proc/self/root/proc/thread-self/root/proc/thread-self/root/proc/self/root/usr/lib/firmware/brcm/brcmfmac43340-sdio.predia-basic.txt&path=//proc/self/root/proc/thread-self/root/proc/thread-self/root/proc/self/root/proc/thread-self/root/proc/thread-self/root/proc/self/root/usr/lib/firmware/brcm HTTP/2.0" 200 3431 "-" "Mozilla/5.0 AppleWebKit/537.36 (KHTML, like Gecko; compatible; GPTBot/1.2; +https://openai.com/gptbot)" 157 **0/157914**
20.171.207.255 - - [16/Sep/2025:06:53:44 -0700] "GET /optimisez-vos-gains-grace-aux-probabilites-au-vave-casino/?path=//proc/self/root/proc/thread-self/root/proc/thread-self/root/proc/self/root/proc/thread-self/root/proc/thread-self/root/proc/self/root/usr/lib/firmware/cavium HTTP/2.0" 200 3004 "-" "Mozilla/5.0 AppleWebKit/537.36 (KHTML, like Gecko; compatible; GPTBot/1.2; +https://openai.com/gptbot)" 146 **0/146890**
20.171.207.255 - - [16/Sep/2025:06:53:48 -0700] "GET /optimisez-vos-gains-grace-aux-probabilites-au-vave-casino/?fileloc=//proc/self/root/proc/thread-self/root/proc/thread-self/root/proc/self/root/proc/thread-self/root/proc/thread-self/root/proc/self/root/usr/lib/firmware/brcm/brcmfmac4356-sdio.firefly,firefly-rk3399.txt&path=//proc/self/root/proc/thread-self/root/proc/thread-self/root/proc/self/root/proc/thread-self/root/proc/thread-self/root/proc/self/root/usr/lib/firmware/brcm HTTP/2.0" 200 3546 "-" "Mozilla/5.0 AppleWebKit/537.36 (KHTML, like Gecko; compatible; GPTBot/1.2; +https://openai.com/gptbot)" 139 **0/139744**
20.171.207.255 - - [16/Sep/2025:06:53:51 -0700] "GET /optimisez-vos-gains-grace-aux-probabilites-au-vave-casino/?path=//proc/self/root/proc/thread-self/root/proc/thread-self/root/proc/self/root/proc/thread-self/root/proc/thread-self/root/proc/self/root/usr/lib/firmware/intel HTTP/2.0" 200 7544 "-" "Mozilla/5.0 AppleWebKit/537.36 (KHTML, like Gecko; compatible; GPTBot/1.2; +https://openai.com/gptbot)" 179 **0/179032**
57.141.4.28 - - [16/Sep/2025:06:53:52 -0700] "GET /market322478846?path=/ HTTP/2.0" 200 31767 "-" "meta-externalagent/1.1 (+https://developers.facebook.com/docs/sharing/webmasters/crawler)" 138 **0/138854**
93.177.118.173 - - [16/Sep/2025:06:53:52 -0700] "GET /promo-code-verde-casino-la-tua-destinazione-16/ HTTP/1.1" 200 4159 "-" "Mozilla/5.0 (Windows NT 10.0; Win64; x64; Xbox; Xbox One) AppleWebKit/537.36 (KHTML, like Gecko) Chrome/114.0.0.0 Safari/537.36 Edge/44.18363.8131" 133 **0/133598**
20.171.207.255 - - [16/Sep/2025:06:53:54 -0700] "GET /optimisez-vos-gains-grace-aux-probabilites-au-vave-casino/?path=//proc/self/root/proc/thread-self/root/proc/thread-self/root/proc/self/root/proc/thread-self/root/proc/thread-self/root/proc/self/root/usr/lib/firmware/rtlwifi HTTP/2.0" 200 4488 "-" "Mozilla/5.0 AppleWebKit/537.36 (KHTML, like Gecko; compatible; GPTBot/1.2; +https://openai.com/gptbot)" 147 **0/147570**
66.249.65.98 - - [16/Sep/2025:06:53:56 -0700] "GET /market59311035?kg=0059249218 HTTP/1.1" 200 26732 "-" "Mozilla/5.0 (Linux; Android 6.0.1; Nexus 5X Build/MMB29P) AppleWebKit/537.36 (KHTML, like Gecko) Chrome/140.0.7339.127 Mobile Safari/537.36 (compatible; Googlebot/2.1; +http://www.google.com/bot.html)" 230 **0/230190**
20.171.207.255 - - [16/Sep/2025:06:53:57 -0700] "GET /optimisez-vos-gains-grace-aux-probabilites-au-vave-casino/?path=//proc/self/root/proc/thread-self/root/proc/thread-self/root/proc/self/root/proc/thread-self/root/proc/thread-self/root/proc/self/root/usr/lib/firmware/qlogic HTTP/2.0" 200 3139 "-" "Mozilla/5.0 AppleWebKit/537.36 (KHTML, like Gecko; compatible; GPTBot/1.2; +https://openai.com/gptbot)" 150 **0/150513**
144.76.19.146 - - [16/Sep/2025:06:53:58 -0700] "GET /blog/page/566/?fileloc=/home/griievz70lba/public_html/fragnancestories.com/license.txt&path=/home/griievz70lba/public_html/fragnancestories.com HTTP/1.1" 200 9858 "-" "Mozilla/5.0 (compatible; BLEXBot/1.0; +https://help.seranking.com/en/blex-crawler)" 150 **0/150758**
20.171.207.255 - - [16/Sep/2025:06:54:00 -0700] "GET /optimisez-vos-gains-grace-aux-probabilites-au-vave-casino/?path=//proc/self/root/proc/thread-self/root/proc/thread-self/root/proc/self/root/proc/thread-self/root/proc/thread-self/root/proc/self/root/usr/lib/firmware/amd HTTP/2.0" 200 3174 "-" "Mozilla/5.0 AppleWebKit/537.36 (KHTML, like Gecko; compatible; GPTBot/1.2; +https://openai.com/gptbot)" 162 **0/162353**
20.171.207.255 - - [16/Sep/2025:06:54:03 -0700] "GET /optimisez-vos-gains-grace-aux-probabilites-au-vave-casino/?path=//proc/self/root/proc/thread-self/root/proc/thread-self/root/proc/self/root/proc/thread-self/root/proc/thread-self/root/proc/self/root/usr/lib/firmware/sun HTTP/2.0" 200 2953 "-" "Mozilla/5.0 AppleWebKit/537.36 (KHTML, like Gecko; compatible; GPTBot/1.2; +https://openai.com/gptbot)" 146 **0/146023**
57.141.4.13 - - [16/Sep/2025:06:54:06 -0700] "GET /lucky-cola-626/feed/?fileloc=/home/griievz70lba/public_html/fragnancestories.com/wp-blog-header.php&path=/home/griievz70lba/public_html/fragnancestories.com HTTP/2.0" 200 12883 "-" "meta-externalagent/1.1 (+https://developers.facebook.com/docs/sharing/webmasters/crawler)" 149 **0/149974**
