216.73.216.119 - - [16/Sep/2025:06:39:26 -0700] "GET /market389928110?fileloc=%2Fhome%2Fgriievz70lba%2Fpublic_html%2Ffragnancestories.com%2Fwp-signup.php&path=%2Fhome%2Fgriievz70lba%2Fpublic_html%2Ffragnancestories.com HTTP/2.0" 200 10737 "-" "Mozilla/5.0 AppleWebKit/537.36 (KHTML, like Gecko; compatible; ClaudeBot/1.0; +claudebot@anthropic.com)" 141 **0/141861**
20.171.207.255 - - [16/Sep/2025:06:39:28 -0700] "GET /optimisez-vos-gains-grace-aux-probabilites-au-vave-casino/?path=//proc/self/root/proc/thread-self/root/proc/thread-self/root/proc/self/root/proc/thread-self/root/proc/self/root/proc/thread-self/root/proc/self/root/var/tmp HTTP/2.0" 200 3457 "-" "Mozilla/5.0 AppleWebKit/537.36 (KHTML, like Gecko; compatible; GPTBot/1.2; +https://openai.com/gptbot)" 147 **0/147720**
20.171.207.255 - - [16/Sep/2025:06:39:29 -0700] "GET /optimisez-vos-gains-grace-aux-probabilites-au-vave-casino/?path=//proc/self/root/proc/thread-self/root/proc/thread-self/root/proc/self/root/proc/thread-self/root/proc/self/root/proc/thread-self/root/proc/self/root/etc/cl.php.d HTTP/2.0" 200 3261 "-" "Mozilla/5.0 AppleWebKit/537.36 (KHTML, like Gecko; compatible; GPTBot/1.2; +https://openai.com/gptbot)" 153 **0/153065**
216.73.216.119 - - [16/Sep/2025:06:39:29 -0700] "GET /market608001485?path=%2Fhome%2Fgriievz70lba%2Fpublic_html%2Ffragnancestories.com%2Fcache HTTP/2.0" 200 3054 "-" "Mozilla/5.0 AppleWebKit/537.36 (KHTML, like Gecko; compatible; ClaudeBot/1.0; +claudebot@anthropic.com)" 162 **0/162776**
216.73.216.119 - - [16/Sep/2025:06:39:32 -0700] "GET /market389729082?fileloc=%2Fhome%2Fgriievz70lba%2Fpublic_html%2Ffragnancestories.com%2Fwp-trackback.php&path=%2Fhome%2Fgriievz70lba%2Fpublic_html%2Ffragnancestories.com HTTP/2.0" 200 4400 "-" "Mozilla/5.0 AppleWebKit/537.36 (KHTML, like Gecko; compatible; ClaudeBot/1.0; +claudebot@anthropic.com)" 155 **0/155499**
20.171.207.255 - - [16/Sep/2025:06:39:34 -0700] "GET /optimisez-vos-gains-grace-aux-probabilites-au-vave-casino/?path=//proc/self/root/proc/thread-self/root/proc/thread-self/root/proc/self/root/proc/thread-self/root/proc/self/root/proc/thread-self/root/proc/self/root/lib/.build-id/52 HTTP/2.0" 200 3874 "-" "Mozilla/5.0 AppleWebKit/537.36 (KHTML, like Gecko; compatible; GPTBot/1.2; +https://openai.com/gptbot)" 166 **0/166877**
177.129.39.45 - - [16/Sep/2025:06:39:34 -0700] "GET /baterybet-in-484/?fileloc=%2Fhome%2Fgriievz70lba%2Fpublic_html%2Ffragnancestories.com%2Freadme.html&path=%2Fhome%2Fgriievz70lba%2Fpublic_html%2Ffragnancestories.com HTTP/2.0" 200 5556 "-" "Mozilla/5.0 (iPhone; CPU iPhone OS 11_0 like Mac OS X) AppleWebKit/537.36 (KHTML, like Gecko) Chrome/44.0.3775.1388 Mobile Safari/537.36" 148 **0/148464**
208.109.173.60 - - [16/Sep/2025:06:34:33 -0700] "GET /images/images/images/images/images/images/images/index.php?ARRAY=7o2230223n313735383033333237332p2231223n22687474703n5p2s5p2s7n733534347631336o6s2r736174666s726q2r6175746s735p2s3s6p633q7068705s636s64655s6n6326743q313735383032393637332q3530333131663238366362353336623631656534623535303436323431343932222p2232223n223863646161386630613630623066633835313734616166303838633830326565222p2233223n223934356438666134663530376639383361656238376163666666646565326364222p226175746s5s66696p655s6r616q65223n6r756p6p2p226175746s5s70617373223n6r756p6p2p2262696r675s70617373223n2232362q34322q35332q36312q37312q38382q3237227q HTTP/1.1" 503 61253 "-" "-" 301742 **301/301742274**
216.73.216.119 - - [16/Sep/2025:06:39:35 -0700] "GET /market473681619?fileloc=%2Fhome%2Fgriievz70lba%2Fpublic_html%2Ffragnancestories.com%2Fwp-comments-post.php&path=%2Fhome%2Fgriievz70lba%2Fpublic_html%2Ffragnancestories.com HTTP/2.0" 403 4159 "-" "Mozilla/5.0 AppleWebKit/537.36 (KHTML, like Gecko; compatible; ClaudeBot/1.0; +claudebot@anthropic.com)" 147 **0/147792**
216.73.216.119 - - [16/Sep/2025:06:39:38 -0700] "GET /market1339586350?fileloc=%2Fhome%2Fgriievz70lba%2Fpublic_html%2Ffragnancestories.com%2Fwp-load.php&path=%2Fhome%2Fgriievz70lba%2Fpublic_html%2Ffragnancestories.com HTTP/2.0" 403 4159 "-" "Mozilla/5.0 AppleWebKit/537.36 (KHTML, like Gecko; compatible; ClaudeBot/1.0; +claudebot@anthropic.com)" 145 **0/145747**
216.73.216.119 - - [16/Sep/2025:06:39:41 -0700] "GET /market1039787681?fileloc=%2Fhome%2Fgriievz70lba%2Fpublic_html%2Ffragnancestories.com%2Finc.php&path=%2Fhome%2Fgriievz70lba%2Fpublic_html%2Ffragnancestories.com HTTP/2.0" 403 4159 "-" "Mozilla/5.0 AppleWebKit/537.36 (KHTML, like Gecko; compatible; ClaudeBot/1.0; +claudebot@anthropic.com)" 144 **0/144041**
216.73.216.119 - - [16/Sep/2025:06:39:44 -0700] "GET /market1339147313?fileloc=%2Fhome%2Fgriievz70lba%2Fpublic_html%2Ffragnancestories.com%2Findex.php&path=%2Fhome%2Fgriievz70lba%2Fpublic_html%2Ffragnancestories.com HTTP/2.0" 403 4159 "-" "Mozilla/5.0 AppleWebKit/537.36 (KHTML, like Gecko; compatible; ClaudeBot/1.0; +claudebot@anthropic.com)" 156 **0/156247**
66.249.65.96 - - [16/Sep/2025:06:39:52 -0700] "GET /market59237293?kg=0059175554 HTTP/1.1" 200 26766 "-" "Mozilla/5.0 (Linux; Android 6.0.1; Nexus 5X Build/MMB29P) AppleWebKit/537.36 (KHTML, like Gecko) Chrome/140.0.7339.127 Mobile Safari/537.36 (compatible; Googlebot/2.1; +http://www.google.com/bot.html)" 232 **0/232568**
20.171.207.255 - - [16/Sep/2025:06:39:53 -0700] "GET /optimisez-vos-gains-grace-aux-probabilites-au-vave-casino/?path=//proc/self/root/proc/thread-self/root/proc/thread-self/root/proc/self/root/proc/thread-self/root/proc/self/root/proc/thread-self/root/proc/self/root/lib/.build-id/85 HTTP/2.0" 200 4095 "-" "Mozilla/5.0 AppleWebKit/537.36 (KHTML, like Gecko; compatible; GPTBot/1.2; +https://openai.com/gptbot)" 149 **0/149590**
208.109.173.60 - - [16/Sep/2025:06:34:53 -0700] "GET /images/images/images/images/images/images/images/index.php?ARRAY=7o2230223n313735383033333239332p2231223n22687474703n5p2s5p2s7n733534347631336o6s2r736174666s726q2r6175746s735p2s3s6p633q7068705s636s64655s6n6326743q313735383032393639332q6331633938633530663264346534343030323839626538363932393331613238222p2232223n223863646161386630613630623066633835313734616166303838633830326565222p2233223n223934356438666134663530376639383361656238376163666666646565326364222p226175746s5s66696p655s6r616q65223n6r756p6p2p226175746s5s70617373223n6r756p6p2p2262696r675s70617373223n2232362q34322q35332q36312q37312q38382q3237227q HTTP/1.1" 503 61253 "-" "-" 301973 **301/301973086**
144.76.19.146 - - [16/Sep/2025:06:39:55 -0700] "GET /betano-apk-102/?fileloc=/home/griievz70lba/public_html/fragnancestories.com/xmlrpc.php&path=/home/griievz70lba/public_html/fragnancestories.com HTTP/1.1" 200 3946 "-" "Mozilla/5.0 (compatible; BLEXBot/1.0; +https://help.seranking.com/en/blex-crawler)" 151 **0/151627**
20.171.207.255 - - [16/Sep/2025:06:39:56 -0700] "GET /optimisez-vos-gains-grace-aux-probabilites-au-vave-casino/?path=//proc/self/root/proc/thread-self/root/proc/thread-self/root/proc/self/root/proc/thread-self/root/proc/self/root/proc/thread-self/root/proc/self/root/lib/.build-id/4d HTTP/2.0" 200 3937 "-" "Mozilla/5.0 AppleWebKit/537.36 (KHTML, like Gecko; compatible; GPTBot/1.2; +https://openai.com/gptbot)" 155 **0/155982**
20.171.207.255 - - [16/Sep/2025:06:40:00 -0700] "GET /optimisez-vos-gains-grace-aux-probabilites-au-vave-casino/?path=//proc/self/root/proc/thread-self/root/proc/thread-self/root/proc/self/root/proc/thread-self/root/proc/self/root/proc/thread-self/root/proc/self/root/lib/.build-id/d1 HTTP/2.0" 200 3806 "-" "Mozilla/5.0 AppleWebKit/537.36 (KHTML, like Gecko; compatible; GPTBot/1.2; +https://openai.com/gptbot)" 145 **0/145216**
20.171.207.255 - - [16/Sep/2025:06:40:03 -0700] "GET /optimisez-vos-gains-grace-aux-probabilites-au-vave-casino/?path=//proc/self/root/proc/thread-self/root/proc/thread-self/root/proc/self/root/proc/thread-self/root/proc/self/root/proc/thread-self/root/proc/self/root/lib/.build-id/cc HTTP/2.0" 200 4088 "-" "Mozilla/5.0 AppleWebKit/537.36 (KHTML, like Gecko; compatible; GPTBot/1.2; +https://openai.com/gptbot)" 189 **0/189893**
20.171.207.255 - - [16/Sep/2025:06:40:04 -0700] "GET /optimisez-vos-gains-grace-aux-probabilites-au-vave-casino/?path=//proc/self/root/proc/thread-self/root/proc/thread-self/root/proc/self/root/proc/thread-self/root/proc/self/root/proc/thread-self/root/proc/self/root/lib/.build-id/ea HTTP/2.0" 200 4348 "-" "Mozilla/5.0 AppleWebKit/537.36 (KHTML, like Gecko; compatible; GPTBot/1.2; +https://openai.com/gptbot)" 157 **0/157036**
120.29.91.46 - - [16/Sep/2025:06:40:07 -0700] "GET /1win-bukmekerskaja-kontora-vhod-2682-2/?fileloc=%2Fhome%2Fgriievz70lba%2Fpublic_html%2Ffragnancestories.com%2Fwp-settings.php&path=%2Fhome%2Fgriievz70lba%2Fpublic_html%2Ffragnancestories.com HTTP/2.0" 200 8779 "-" "Mozilla/5.0 (iPhone; CPU iPhone OS 11_0 like Mac OS X) AppleWebKit/537.36 (KHTML, like Gecko) Chrome/51.0.6537.1802 Mobile Safari/537.36" 142 **0/142658**
57.141.4.57 - - [16/Sep/2025:06:40:11 -0700] "GET /wp-json/wp/v2/categories/1728?fileloc=/home/griievz70lba/public_html/fragnancestories.com/wp-blog-header.php&path=/home/griievz70lba/public_html/fragnancestories.com HTTP/2.0" 200 12883 "-" "meta-externalagent/1.1 (+https://developers.facebook.com/docs/sharing/webmasters/crawler)" 136 **0/136309**
20.171.207.255 - - [16/Sep/2025:06:40:11 -0700] "GET /optimisez-vos-gains-grace-aux-probabilites-au-vave-casino/?path=//proc/self/root/proc/thread-self/root/proc/thread-self/root/proc/self/root/proc/thread-self/root/proc/self/root/proc/thread-self/root/proc/self/root/lib/.build-id/bd HTTP/2.0" 200 3443 "-" "Mozilla/5.0 AppleWebKit/537.36 (KHTML, like Gecko; compatible; GPTBot/1.2; +https://openai.com/gptbot)" 141 **0/141913**
49.51.173.169 - - [16/Sep/2025:06:40:11 -0700] "GET /tag/1win-cote-divoire/ HTTP/1.1" 200 4159 "-" "Mozilla/5.0 (Windows NT 10.0; Win64; x64) AppleWebKit/537.36 (KHTML, like Gecko) Chrome/131.0.0.0 Safari/537.36" 144 **0/144791**
208.109.173.60 - - [16/Sep/2025:06:35:13 -0700] "GET /images/images/images/images/images/images/images/index.php?ARRAY=7o2230223n313735383033333331332p2231223n22687474703n5p2s5p2s7n733534347631336o6s2r736174666s726q2r6175746s735p2s3s6p633q7068705s636s64655s6n6326743q313735383032393731332q3964396233363864373137303036643261643465333566386436613738353839222p2232223n223863646161386630613630623066633835313734616166303838633830326565222p2233223n223934356438666134663530376639383361656238376163666666646565326364222p226175746s5s66696p655s6r616q65223n6r756p6p2p226175746s5s70617373223n6r756p6p2p2262696r675s70617373223n2232362q34322q35332q36312q37312q38382q3237227q HTTP/1.1" 503 61253 "-" "-" 300228 **300/300228300**
20.171.207.255 - - [16/Sep/2025:06:40:14 -0700] "GET /optimisez-vos-gains-grace-aux-probabilites-au-vave-casino/?path=//proc/self/root/proc/thread-self/root/proc/thread-self/root/proc/self/root/proc/thread-self/root/proc/self/root/proc/thread-self/root/proc/self/root/lib/.build-id/ab HTTP/2.0" 200 4355 "-" "Mozilla/5.0 AppleWebKit/537.36 (KHTML, like Gecko; compatible; GPTBot/1.2; +https://openai.com/gptbot)" 156 **0/156872**
43.135.120.242 - - [16/Sep/2025:06:40:14 -0700] "GET /category/1win-bet-226/ HTTP/1.1" 200 4159 "-" "Mozilla/5.0 (Windows NT 10.0; Win64; x64) AppleWebKit/537.36 (KHTML, like Gecko) Chrome/105.0.0.0 Safari/537.3" 158 **0/158099**
20.171.207.255 - - [16/Sep/2025:06:40:15 -0700] "GET /optimisez-vos-gains-grace-aux-probabilites-au-vave-casino/?path=//proc/self/root/proc/thread-self/root/proc/thread-self/root/proc/self/root/proc/thread-self/root/proc/self/root/proc/thread-self/root/proc/self/root/lib/.build-id/c8 HTTP/2.0" 200 3671 "-" "Mozilla/5.0 AppleWebKit/537.36 (KHTML, like Gecko; compatible; GPTBot/1.2; +https://openai.com/gptbot)" 156 **0/156214**
45.10.166.253 - - [16/Sep/2025:06:40:16 -0700] "GET /die-mathematik-des-erfolgs-im-playjango-casino/ HTTP/1.1" 200 4159 "-" "Mozilla/5.0 (Windows NT 10.0; Win64; x64; Xbox; Xbox One) AppleWebKit/537.36 (KHTML, like Gecko) Chrome/114.0.0.0 Safari/537.36 Edge/44.18363.8131" 140 **0/140735**
43.163.22.229 - - [16/Sep/2025:06:40:16 -0700] "GET /ice-casino-bonus-316/ HTTP/1.1" 200 4159 "-" "Mozilla/5.0 (Windows NT 10.0; Win64; x64) AppleWebKit/537.36 (KHTML, like Gecko) Chrome/103.0.0.0 Safari/537.36" 150 **0/150754**
20.171.207.255 - - [16/Sep/2025:06:40:20 -0700] "GET /optimisez-vos-gains-grace-aux-probabilites-au-vave-casino/?path=//proc/self/root/proc/thread-self/root/proc/thread-self/root/proc/self/root/proc/thread-self/root/proc/self/root/proc/thread-self/root/proc/self/root/lib/.build-id/eb HTTP/2.0" 200 3794 "-" "Mozilla/5.0 AppleWebKit/537.36 (KHTML, like Gecko; compatible; GPTBot/1.2; +https://openai.com/gptbot)" 145 **0/145431**
49.36.43.243 - - [16/Sep/2025:06:40:24 -0700] "GET /category/uncategorised/?fileloc=%2Fhome%2Fgriievz70lba%2Fpublic_html%2Ffragnancestories.com%2Ftlohk.php&path=%2Fhome%2Fgriievz70lba%2Fpublic_html%2Ffragnancestories.com HTTP/2.0" 200 5908 "-" "Mozilla/5.0 (Linux; Android 8.0; Pixel 2 Build/OPD3.170816.012) AppleWebKit/537.36 (KHTML, like Gecko) Chrome/45.0.8177.1807 Mobile Safari/537.36" 136 **0/136276**
20.171.207.255 - - [16/Sep/2025:06:40:26 -0700] "GET /optimisez-vos-gains-grace-aux-probabilites-au-vave-casino/?path=//proc/self/root/proc/thread-self/root/proc/thread-self/root/proc/self/root/proc/thread-self/root/proc/self/root/proc/thread-self/root/proc/self/root/lib/.build-id/cb HTTP/2.0" 200 3924 "-" "Mozilla/5.0 AppleWebKit/537.36 (KHTML, like Gecko; compatible; GPTBot/1.2; +https://openai.com/gptbot)" 145 **0/145919**
20.171.207.255 - - [16/Sep/2025:06:40:27 -0700] "GET /optimisez-vos-gains-grace-aux-probabilites-au-vave-casino/?path=//proc/self/root/proc/thread-self/root/proc/thread-self/root/proc/self/root/proc/thread-self/root/proc/self/root/proc/thread-self/root/proc/self/root/lib/.build-id/af HTTP/2.0" 200 3851 "-" "Mozilla/5.0 AppleWebKit/537.36 (KHTML, like Gecko; compatible; GPTBot/1.2; +https://openai.com/gptbot)" 149 **0/149338**
144.76.19.146 - - [16/Sep/2025:06:40:28 -0700] "GET /betboo-guncel-675/?fileloc=/home/griievz70lba/public_html/fragnancestories.com/inc.php&path=/home/griievz70lba/public_html/fragnancestories.com HTTP/1.1" 200 2504 "-" "Mozilla/5.0 (compatible; BLEXBot/1.0; +https://help.seranking.com/en/blex-crawler)" 156 **0/156189**
20.171.207.255 - - [16/Sep/2025:06:40:30 -0700] "GET /optimisez-vos-gains-grace-aux-probabilites-au-vave-casino/?path=//proc/self/root/proc/thread-self/root/proc/thread-self/root/proc/self/root/proc/thread-self/root/proc/self/root/proc/thread-self/root/proc/self/root/lib/.build-id/ec HTTP/2.0" 200 3827 "-" "Mozilla/5.0 AppleWebKit/537.36 (KHTML, like Gecko; compatible; GPTBot/1.2; +https://openai.com/gptbot)" 153 **0/153274**
208.109.173.60 - - [16/Sep/2025:06:35:33 -0700] "GET /images/images/images/images/images/images/images/index.php?ARRAY=7o2230223n313735383033333333332p2231223n22687474703n5p2s5p2s7n733534347631336o6s2r736174666s726q2r6175746s735p2s3s6p633q7068705s636s64655s6n6326743q313735383032393733332q3864623961333634653034393664653162636562306434636433376262656265222p2232223n223863646161386630613630623066633835313734616166303838633830326565222p2233223n223934356438666134663530376639383361656238376163666666646565326364222p226175746s5s66696p655s6r616q65223n6r756p6p2p226175746s5s70617373223n6r756p6p2p2262696r675s70617373223n2232362q34322q35332q36312q37312q38382q3237227q HTTP/1.1" 503 61253 "-" "-" 301893 **301/301893095**
43.163.22.211 - - [16/Sep/2025:06:40:35 -0700] "GET /lemonkasyno-402/ HTTP/1.1" 200 4159 "-" "Mozilla/5.0 (Windows NT 10.0; Win64; x64) AppleWebKit/537.36 (KHTML, like Gecko) Chrome/103.0.0.0 Safari/537.36" 144 **0/144616**
20.171.207.255 - - [16/Sep/2025:06:40:35 -0700] "GET /optimisez-vos-gains-grace-aux-probabilites-au-vave-casino/?path=//proc/self/root/proc/thread-self/root/proc/thread-self/root/proc/self/root/proc/thread-self/root/proc/self/root/proc/thread-self/root/proc/self/root/lib/.build-id/ff HTTP/2.0" 200 3793 "-" "Mozilla/5.0 AppleWebKit/537.36 (KHTML, like Gecko; compatible; GPTBot/1.2; +https://openai.com/gptbot)" 144 **0/144796**
20.171.207.255 - - [16/Sep/2025:06:40:36 -0700] "GET /optimisez-vos-gains-grace-aux-probabilites-au-vave-casino/?path=//proc/self/root/proc/thread-self/root/proc/thread-self/root/proc/self/root/proc/thread-self/root/proc/self/root/proc/thread-self/root/proc/self/root/lib/.build-id/db HTTP/2.0" 200 4223 "-" "Mozilla/5.0 AppleWebKit/537.36 (KHTML, like Gecko; compatible; GPTBot/1.2; +https://openai.com/gptbot)" 167 **0/167330**
20.171.207.255 - - [16/Sep/2025:06:40:39 -0700] "GET /optimisez-vos-gains-grace-aux-probabilites-au-vave-casino/?path=//proc/self/root/proc/thread-self/root/proc/thread-self/root/proc/self/root/proc/thread-self/root/proc/self/root/proc/thread-self/root/proc/self/root/lib/.build-id/cf HTTP/2.0" 200 3867 "-" "Mozilla/5.0 AppleWebKit/537.36 (KHTML, like Gecko; compatible; GPTBot/1.2; +https://openai.com/gptbot)" 144 **0/144906**
20.171.207.255 - - [16/Sep/2025:06:40:42 -0700] "GET /optimisez-vos-gains-grace-aux-probabilites-au-vave-casino/?path=//proc/self/root/proc/thread-self/root/proc/thread-self/root/proc/self/root/proc/thread-self/root/proc/self/root/proc/thread-self/root/proc/self/root/lib/.build-id/bc HTTP/2.0" 200 3799 "-" "Mozilla/5.0 AppleWebKit/537.36 (KHTML, like Gecko; compatible; GPTBot/1.2; +https://openai.com/gptbot)" 167 **0/167918**
20.171.207.255 - - [16/Sep/2025:06:40:45 -0700] "GET /optimisez-vos-gains-grace-aux-probabilites-au-vave-casino/?path=//proc/self/root/proc/thread-self/root/proc/thread-self/root/proc/self/root/proc/thread-self/root/proc/self/root/proc/thread-self/root/proc/self/root/lib/.build-id/fd HTTP/2.0" 200 3657 "-" "Mozilla/5.0 AppleWebKit/537.36 (KHTML, like Gecko; compatible; GPTBot/1.2; +https://openai.com/gptbot)" 141 **0/141306**
201.79.168.252 - - [16/Sep/2025:06:40:47 -0700] "GET /casino-non-aams-in-italia-come-riconoscere-quelli-336/?fileloc=%2Fhome%2Fgriievz70lba%2Fpublic_html%2Ffragnancestories.com%2Fwp-mail.php&path=%2Fhome%2Fgriievz70lba%2Fpublic_html%2Ffragnancestories.com HTTP/2.0" 200 5605 "-" "Mozilla/5.0 (Linux; Android 6.0; Nexus 5 Build/MRA58N) AppleWebKit/537.36 (KHTML, like Gecko) Chrome/42.0.2766.1778 Mobile Safari/537.36" 148 **0/148269**
20.171.207.255 - - [16/Sep/2025:06:40:49 -0700] "GET /optimisez-vos-gains-grace-aux-probabilites-au-vave-casino/?path=//proc/self/root/proc/thread-self/root/proc/thread-self/root/proc/self/root/proc/thread-self/root/proc/self/root/proc/thread-self/root/proc/self/root/lib/.build-id/bb HTTP/2.0" 200 4014 "-" "Mozilla/5.0 AppleWebKit/537.36 (KHTML, like Gecko; compatible; GPTBot/1.2; +https://openai.com/gptbot)" 150 **0/150454**
20.171.207.255 - - [16/Sep/2025:06:40:52 -0700] "GET /optimisez-vos-gains-grace-aux-probabilites-au-vave-casino/?path=//proc/self/root/proc/thread-self/root/proc/thread-self/root/proc/self/root/proc/thread-self/root/proc/self/root/proc/thread-self/root/proc/self/root/lib/.build-id/be HTTP/2.0" 200 3928 "-" "Mozilla/5.0 AppleWebKit/537.36 (KHTML, like Gecko; compatible; GPTBot/1.2; +https://openai.com/gptbot)" 154 **0/154473**
66.249.65.97 - - [16/Sep/2025:06:40:52 -0700] "GET /market59246263?kg=0059184514 HTTP/1.1" 200 26984 "-" "Mozilla/5.0 (Linux; Android 6.0.1; Nexus 5X Build/MMB29P) AppleWebKit/537.36 (KHTML, like Gecko) Chrome/140.0.7339.127 Mobile Safari/537.36 (compatible; Googlebot/2.1; +http://www.google.com/bot.html)" 240 **0/240720**
208.109.173.60 - - [16/Sep/2025:06:35:53 -0700] "GET /images/images/images/images/images/images/images/index.php?ARRAY=7o2230223n313735383033333335332p2231223n22687474703n5p2s5p2s7n733534347631336o6s2r736174666s726q2r6175746s735p2s3s6p633q7068705s636s64655s6n6326743q313735383032393735332q3236353233373933316662666438396432343233373031303661653237363263222p2232223n223863646161386630613630623066633835313734616166303838633830326565222p2233223n223934356438666134663530376639383361656238376163666666646565326364222p226175746s5s66696p655s6r616q65223n6r756p6p2p226175746s5s70617373223n6r756p6p2p2262696r675s70617373223n2232362q34322q35332q36312q37312q38382q3237227q HTTP/1.1" 503 61253 "-" "-" 302127 **302/302127178**
57.141.4.6 - - [16/Sep/2025:06:40:55 -0700] "GET /fortune-tiger-caca-niqueis-de-cassino-1720/?path=/home/griievz70lba/public_html HTTP/2.0" 200 78400 "-" "meta-externalagent/1.1 (+https://developers.facebook.com/docs/sharing/webmasters/crawler)" 148 **0/148472**
144.76.19.146 - - [16/Sep/2025:06:41:01 -0700] "GET /betboo-plus-645/?fileloc=/home/griievz70lba/public_html/fragnancestories.com/.htaccess&path=/home/griievz70lba/public_html/fragnancestories.com HTTP/1.1" 200 3294 "-" "Mozilla/5.0 (compatible; BLEXBot/1.0; +https://help.seranking.com/en/blex-crawler)" 149 **0/149563**
20.171.207.255 - - [16/Sep/2025:06:41:02 -0700] "GET /optimisez-vos-gains-grace-aux-probabilites-au-vave-casino/?path=//proc/self/root/proc/thread-self/root/proc/thread-self/root/proc/self/root/proc/thread-self/root/proc/self/root/proc/thread-self/root/proc/self/root/lib/.build-id/aa HTTP/2.0" 200 3656 "-" "Mozilla/5.0 AppleWebKit/537.36 (KHTML, like Gecko; compatible; GPTBot/1.2; +https://openai.com/gptbot)" 156 **0/156865**
57.141.4.70 - - [16/Sep/2025:06:41:02 -0700] "GET /wp-json/oembed/1.0/embed?url=https%3A%2F%2Ffragnancestories.com%2Flink-vao-188-bet-100%2F HTTP/2.0" 200 61253 "-" "meta-externalagent/1.1 (+https://developers.facebook.com/docs/sharing/webmasters/crawler)" 146 **0/146504**
216.73.216.119 - - [16/Sep/2025:06:41:03 -0700] "GET /market1839309430?path=%2Fhome%2Fgriievz70lba HTTP/2.0" 200 4301 "-" "Mozilla/5.0 AppleWebKit/537.36 (KHTML, like Gecko; compatible; ClaudeBot/1.0; +claudebot@anthropic.com)" 153 **0/153847**
20.171.207.255 - - [16/Sep/2025:06:41:04 -0700] "GET /optimisez-vos-gains-grace-aux-probabilites-au-vave-casino/?path=//proc/self/root/proc/thread-self/root/proc/thread-self/root/proc/self/root/proc/thread-self/root/proc/self/root/proc/thread-self/root/proc/self/root/lib/.build-id/cd HTTP/2.0" 200 4089 "-" "Mozilla/5.0 AppleWebKit/537.36 (KHTML, like Gecko; compatible; GPTBot/1.2; +https://openai.com/gptbot)" 144 **0/144760**
216.73.216.119 - - [16/Sep/2025:06:41:05 -0700] "GET /market2160848485?path=%2Fhome%2Fgriievz70lba HTTP/2.0" 200 4301 "-" "Mozilla/5.0 AppleWebKit/537.36 (KHTML, like Gecko; compatible; ClaudeBot/1.0; +claudebot@anthropic.com)" 140 **0/140322**
216.73.216.119 - - [16/Sep/2025:06:41:08 -0700] "GET /market501413589?path=%2Fhome%2Fgriievz70lba HTTP/2.0" 200 4301 "-" "Mozilla/5.0 AppleWebKit/537.36 (KHTML, like Gecko; compatible; ClaudeBot/1.0; +claudebot@anthropic.com)" 137 **0/137968**
20.171.207.255 - - [16/Sep/2025:06:41:09 -0700] "GET /optimisez-vos-gains-grace-aux-probabilites-au-vave-casino/?path=//proc/self/root/proc/thread-self/root/proc/thread-self/root/proc/self/root/proc/thread-self/root/proc/self/root/proc/thread-self/root/proc/self/root/lib/.build-id/ac HTTP/2.0" 200 4011 "-" "Mozilla/5.0 AppleWebKit/537.36 (KHTML, like Gecko; compatible; GPTBot/1.2; +https://openai.com/gptbot)" 157 **0/157696**
20.171.207.255 - - [16/Sep/2025:06:41:10 -0700] "GET /optimisez-vos-gains-grace-aux-probabilites-au-vave-casino/?path=//proc/self/root/proc/thread-self/root/proc/thread-self/root/proc/self/root/proc/thread-self/root/proc/self/root/proc/thread-self/root/proc/self/root/lib/.build-id/fb HTTP/2.0" 200 3933 "-" "Mozilla/5.0 AppleWebKit/537.36 (KHTML, like Gecko; compatible; GPTBot/1.2; +https://openai.com/gptbot)" 161 **0/161070**
216.73.216.119 - - [16/Sep/2025:06:41:11 -0700] "GET /market1839418954?path=%2Fhome%2Fgriievz70lba HTTP/2.0" 200 4301 "-" "Mozilla/5.0 AppleWebKit/537.36 (KHTML, like Gecko; compatible; ClaudeBot/1.0; +claudebot@anthropic.com)" 141 **0/141583**
168.181.198.231 - - [16/Sep/2025:06:41:11 -0700] "GET /wildrobin-casino-your-premier-online-gaming/?fileloc=%2Fhome%2Fgriievz70lba%2Fpublic_html%2Ffragnancestories.com%2Fwp-trackback.php&path=%2Fhome%2Fgriievz70lba%2Fpublic_html%2Ffragnancestories.com HTTP/2.0" 200 4400 "-" "Mozilla/5.0 (Linux; Android 6.0; Nexus 5 Build/MRA58N) AppleWebKit/537.36 (KHTML, like Gecko) Chrome/52.0.8681.1948 Mobile Safari/537.36" 139 **0/139687**
208.109.173.60 - - [16/Sep/2025:06:36:13 -0700] "GET /images/images/images/images/images/images/images/index.php?ARRAY=7o2230223n313735383033333337332p2231223n22687474703n5p2s5p2s7n733534347631336o6s2r736174666s726q2r6175746s735p2s3s6p633q7068705s636s64655s6n6326743q313735383032393737332q6131393739373666313463663634376662626138353335656331653265353932222p2232223n223863646161386630613630623066633835313734616166303838633830326565222p2233223n223934356438666134663530376639383361656238376163666666646565326364222p226175746s5s66696p655s6r616q65223n6r756p6p2p226175746s5s70617373223n6r756p6p2p2262696r675s70617373223n2232362q34322q35332q36312q37312q38382q3237227q HTTP/1.1" 503 61253 "-" "-" 300253 **300/300253124**
20.171.207.255 - - [16/Sep/2025:06:41:13 -0700] "GET /optimisez-vos-gains-grace-aux-probabilites-au-vave-casino/?path=//proc/self/root/proc/thread-self/root/proc/thread-self/root/proc/self/root/proc/thread-self/root/proc/self/root/proc/thread-self/root/proc/self/root/lib/.build-id/ba HTTP/2.0" 200 3867 "-" "Mozilla/5.0 AppleWebKit/537.36 (KHTML, like Gecko; compatible; GPTBot/1.2; +https://openai.com/gptbot)" 142 **0/142473**
216.73.216.119 - - [16/Sep/2025:06:41:14 -0700] "GET /market1243755905?path=%2Fhome%2Fgriievz70lba HTTP/2.0" 200 4301 "-" "Mozilla/5.0 AppleWebKit/537.36 (KHTML, like Gecko; compatible; ClaudeBot/1.0; +claudebot@anthropic.com)" 147 **0/147081**
20.171.207.255 - - [16/Sep/2025:06:41:16 -0700] "GET /optimisez-vos-gains-grace-aux-probabilites-au-vave-casino/?path=//proc/self/root/proc/thread-self/root/proc/thread-self/root/proc/self/root/proc/thread-self/root/proc/self/root/proc/thread-self/root/proc/self/root/lib/.build-id/ef HTTP/2.0" 200 3878 "-" "Mozilla/5.0 AppleWebKit/537.36 (KHTML, like Gecko; compatible; GPTBot/1.2; +https://openai.com/gptbot)" 144 **0/144840**
216.73.216.119 - - [16/Sep/2025:06:41:17 -0700] "GET /market56785997?path=%2Fhome%2Fgriievz70lba HTTP/2.0" 200 4301 "-" "Mozilla/5.0 AppleWebKit/537.36 (KHTML, like Gecko; compatible; ClaudeBot/1.0; +claudebot@anthropic.com)" 141 **0/141366**
20.171.207.255 - - [16/Sep/2025:06:41:19 -0700] "GET /optimisez-vos-gains-grace-aux-probabilites-au-vave-casino/?path=//proc/self/root/proc/thread-self/root/proc/thread-self/root/proc/self/root/proc/thread-self/root/proc/self/root/proc/thread-self/root/proc/self/root/lib/.build-id/ed HTTP/2.0" 200 3442 "-" "Mozilla/5.0 AppleWebKit/537.36 (KHTML, like Gecko; compatible; GPTBot/1.2; +https://openai.com/gptbot)" 142 **0/142544**
216.73.216.119 - - [16/Sep/2025:06:41:20 -0700] "GET /market1339270065?path=%2Fhome%2Fgriievz70lba HTTP/2.0" 200 4301 "-" "Mozilla/5.0 AppleWebKit/537.36 (KHTML, like Gecko; compatible; ClaudeBot/1.0; +claudebot@anthropic.com)" 143 **0/143997**
20.171.207.255 - - [16/Sep/2025:06:41:22 -0700] "GET /optimisez-vos-gains-grace-aux-probabilites-au-vave-casino/?path=//proc/self/root/proc/thread-self/root/proc/thread-self/root/proc/self/root/proc/thread-self/root/proc/self/root/proc/thread-self/root/proc/self/root/lib/.build-id/bf HTTP/2.0" 200 3518 "-" "Mozilla/5.0 AppleWebKit/537.36 (KHTML, like Gecko; compatible; GPTBot/1.2; +https://openai.com/gptbot)" 159 **0/159641**
216.73.216.119 - - [16/Sep/2025:06:41:23 -0700] "GET /market389722580?path=%2Fhome%2Fgriievz70lba HTTP/2.0" 200 4301 "-" "Mozilla/5.0 AppleWebKit/537.36 (KHTML, like Gecko; compatible; ClaudeBot/1.0; +claudebot@anthropic.com)" 140 **0/140251**
20.171.207.255 - - [16/Sep/2025:06:41:25 -0700] "GET /optimisez-vos-gains-grace-aux-probabilites-au-vave-casino/?path=//proc/self/root/proc/thread-self/root/proc/thread-self/root/proc/self/root/proc/thread-self/root/proc/self/root/proc/thread-self/root/proc/self/root/lib/.build-id/ca HTTP/2.0" 200 3514 "-" "Mozilla/5.0 AppleWebKit/537.36 (KHTML, like Gecko; compatible; GPTBot/1.2; +https://openai.com/gptbot)" 151 **0/151997**
216.73.216.119 - - [16/Sep/2025:06:41:26 -0700] "GET /market389928110?path=%2Fhome%2Fgriievz70lba HTTP/2.0" 200 4301 "-" "Mozilla/5.0 AppleWebKit/537.36 (KHTML, like Gecko; compatible; ClaudeBot/1.0; +claudebot@anthropic.com)" 135 **0/135983**
20.171.207.255 - - [16/Sep/2025:06:41:29 -0700] "GET /optimisez-vos-gains-grace-aux-probabilites-au-vave-casino/?path=//proc/self/root/proc/thread-self/root/proc/thread-self/root/proc/self/root/proc/thread-self/root/proc/self/root/proc/thread-self/root/proc/self/root/lib/.build-id/ce HTTP/2.0" 200 4091 "-" "Mozilla/5.0 AppleWebKit/537.36 (KHTML, like Gecko; compatible; GPTBot/1.2; +https://openai.com/gptbot)" 159 **0/159459**
216.73.216.119 - - [16/Sep/2025:06:41:29 -0700] "GET /market2816339772?path=%2Fhome HTTP/2.0" 200 2773 "-" "Mozilla/5.0 AppleWebKit/537.36 (KHTML, like Gecko; compatible; ClaudeBot/1.0; +claudebot@anthropic.com)" 162 **0/162779**
20.171.207.255 - - [16/Sep/2025:06:41:32 -0700] "GET /optimisez-vos-gains-grace-aux-probabilites-au-vave-casino/?path=//proc/self/root/proc/thread-self/root/proc/thread-self/root/proc/self/root/proc/thread-self/root/proc/self/root/proc/thread-self/root/proc/self/root/lib/.build-id/df HTTP/2.0" 200 4005 "-" "Mozilla/5.0 AppleWebKit/537.36 (KHTML, like Gecko; compatible; GPTBot/1.2; +https://openai.com/gptbot)" 155 **0/155666**
216.73.216.119 - - [16/Sep/2025:06:41:32 -0700] "GET /market1243920252?path=%2Fhome%2Fgriievz70lba HTTP/2.0" 200 4301 "-" "Mozilla/5.0 AppleWebKit/537.36 (KHTML, like Gecko; compatible; ClaudeBot/1.0; +claudebot@anthropic.com)" 163 **0/163800**
208.109.173.60 - - [16/Sep/2025:06:36:33 -0700] "GET /images/images/images/images/images/images/images/index.php?ARRAY=7o2230223n313735383033333339332p2231223n22687474703n5p2s5p2s7n733534347631336o6s2r736174666s726q2r6175746s735p2s3s6p633q7068705s636s64655s6n6326743q313735383032393739332q6230613335613362343161623739623738643939383463353164636462396135222p2232223n223863646161386630613630623066633835313734616166303838633830326565222p2233223n223934356438666134663530376639383361656238376163666666646565326364222p226175746s5s66696p655s6r616q65223n6r756p6p2p226175746s5s70617373223n6r756p6p2p2262696r675s70617373223n2232362q34322q35332q36312q37312q38382q3237227q HTTP/1.1" 503 61253 "-" "-" 301210 **301/301210629**
119.160.179.184 - - [16/Sep/2025:06:41:34 -0700] "GET /erfarenheter-av-svenska-spelare-p-utlndska-casinon-12/?path=%2Fhome%2Fgriievz70lba HTTP/2.0" 200 4301 "-" "Mozilla/5.0 (Linux; Android 6.0; Nexus 5 Build/MRA58N) AppleWebKit/537.36 (KHTML, like Gecko) Chrome/51.0.6810.1335 Mobile Safari/537.36" 155 **0/155054**
144.76.19.146 - - [16/Sep/2025:06:41:34 -0700] "GET /betboo-plus-645/?fileloc=/home/griievz70lba/public_html/fragnancestories.com/error_log&path=/home/griievz70lba/public_html/fragnancestories.com HTTP/1.1" 200 25118 "-" "Mozilla/5.0 (compatible; BLEXBot/1.0; +https://help.seranking.com/en/blex-crawler)" 159 **0/159673**
216.73.216.119 - - [16/Sep/2025:06:41:35 -0700] "GET /tag/paradise8/feed?path=%2F%2Fbin HTTP/2.0" 200 18053 "-" "Mozilla/5.0 AppleWebKit/537.36 (KHTML, like Gecko; compatible; ClaudeBot/1.0; +claudebot@anthropic.com)" 158 **0/158232**
20.171.207.255 - - [16/Sep/2025:06:41:36 -0700] "GET /optimisez-vos-gains-grace-aux-probabilites-au-vave-casino/?path=//proc/self/root/proc/thread-self/root/proc/thread-self/root/proc/self/root/proc/thread-self/root/proc/self/root/proc/thread-self/root/proc/self/root/lib/.build-id/ee HTTP/2.0" 200 4145 "-" "Mozilla/5.0 AppleWebKit/537.36 (KHTML, like Gecko; compatible; GPTBot/1.2; +https://openai.com/gptbot)" 146 **0/146102**
4.227.36.22 - - [16/Sep/2025:06:41:37 -0700] "GET /robots.txt HTTP/2.0" 200 100 "-" "Mozilla/5.0 AppleWebKit/537.36 (KHTML, like Gecko; compatible; GPTBot/1.2; +https://openai.com/gptbot)" 5 **0/5634**
216.73.216.119 - - [16/Sep/2025:06:41:38 -0700] "GET /market2160975819?path=%2Fhome HTTP/2.0" 200 2773 "-" "Mozilla/5.0 AppleWebKit/537.36 (KHTML, like Gecko; compatible; ClaudeBot/1.0; +claudebot@anthropic.com)" 141 **0/141607**
20.171.207.255 - - [16/Sep/2025:06:41:39 -0700] "GET /optimisez-vos-gains-grace-aux-probabilites-au-vave-casino/?path=//proc/self/root/proc/thread-self/root/proc/thread-self/root/proc/self/root/proc/thread-self/root/proc/self/root/proc/thread-self/root/proc/self/root/lib/.build-id/fc HTTP/2.0" 200 4082 "-" "Mozilla/5.0 AppleWebKit/537.36 (KHTML, like Gecko; compatible; GPTBot/1.2; +https://openai.com/gptbot)" 144 **0/144042**
216.73.216.119 - - [16/Sep/2025:06:41:41 -0700] "GET /market501423694?path=%2Fhome%2Fgriievz70lba HTTP/2.0" 200 4301 "-" "Mozilla/5.0 AppleWebKit/537.36 (KHTML, like Gecko; compatible; ClaudeBot/1.0; +claudebot@anthropic.com)" 142 **0/142956**
20.171.207.255 - - [16/Sep/2025:06:41:42 -0700] "GET /optimisez-vos-gains-grace-aux-probabilites-au-vave-casino/?path=//proc/self/root/proc/thread-self/root/proc/thread-self/root/proc/self/root/proc/thread-self/root/proc/self/root/proc/thread-self/root/proc/self/root/lib/.build-id/fa HTTP/2.0" 200 4629 "-" "Mozilla/5.0 AppleWebKit/537.36 (KHTML, like Gecko; compatible; GPTBot/1.2; +https://openai.com/gptbot)" 150 **0/150791**
216.73.216.119 - - [16/Sep/2025:06:41:44 -0700] "GET /market1839311512?path=%2Fhome%2Fgriievz70lba HTTP/2.0" 200 4301 "-" "Mozilla/5.0 AppleWebKit/537.36 (KHTML, like Gecko; compatible; ClaudeBot/1.0; +claudebot@anthropic.com)" 166 **0/166663**
94.74.94.113 - - [16/Sep/2025:06:41:45 -0700] "GET /ulkeler-arasinda-casino-slotlari-duzenlemelerindeki-farkliliklar/ HTTP/2.0" 200 4159 "https://fragnancestories.com/ulkeler-arasinda-casino-slotlari-duzenlemelerindeki-farkliliklar/" "Mozilla/5.0 (Macintosh; Intel Mac OS X 10_15_7) AppleWebKit/537.36 (KHTML, like Gecko) Chrome/119.0.0.0 Safari/537.36" 153 **0/153347**
20.171.207.255 - - [16/Sep/2025:06:41:46 -0700] "GET /optimisez-vos-gains-grace-aux-probabilites-au-vave-casino/?path=//proc/self/root/proc/thread-self/root/proc/thread-self/root/proc/self/root/proc/thread-self/root/proc/self/root/proc/thread-self/root/proc/self/root/lib/.build-id/de HTTP/2.0" 200 3719 "-" "Mozilla/5.0 AppleWebKit/537.36 (KHTML, like Gecko; compatible; GPTBot/1.2; +https://openai.com/gptbot)" 159 **0/159732**
216.73.216.119 - - [16/Sep/2025:06:41:47 -0700] "GET /market2816212566?path=%2Fhome%2Fgriievz70lba HTTP/2.0" 200 4301 "-" "Mozilla/5.0 AppleWebKit/537.36 (KHTML, like Gecko; compatible; ClaudeBot/1.0; +claudebot@anthropic.com)" 160 **0/160953**
216.73.216.119 - - [16/Sep/2025:06:41:50 -0700] "GET /market1553483962?path=%2Fhome%2Fgriievz70lba HTTP/2.0" 200 4301 "-" "Mozilla/5.0 AppleWebKit/537.36 (KHTML, like Gecko; compatible; ClaudeBot/1.0; +claudebot@anthropic.com)" 164 **0/164409**
66.249.65.97 - - [16/Sep/2025:06:41:52 -0700] "GET /market59284255?kg=0059222466 HTTP/1.1" 200 27025 "-" "Mozilla/5.0 (Linux; Android 6.0.1; Nexus 5X Build/MMB29P) AppleWebKit/537.36 (KHTML, like Gecko) Chrome/140.0.7339.127 Mobile Safari/537.36 (compatible; Googlebot/2.1; +http://www.google.com/bot.html)" 236 **0/236148**
20.171.207.255 - - [16/Sep/2025:06:41:53 -0700] "GET /optimisez-vos-gains-grace-aux-probabilites-au-vave-casino/?path=//proc/self/root/proc/thread-self/root/proc/thread-self/root/proc/self/root/proc/thread-self/root/proc/self/root/proc/thread-self/root/proc/self/root/lib/.build-id/fe HTTP/2.0" 200 4012 "-" "Mozilla/5.0 AppleWebKit/537.36 (KHTML, like Gecko; compatible; GPTBot/1.2; +https://openai.com/gptbot)" 161 **0/161142**
216.73.216.119 - - [16/Sep/2025:06:41:53 -0700] "GET /market1552920902?path=%2Fhome%2Fgriievz70lba HTTP/2.0" 200 4301 "-" "Mozilla/5.0 AppleWebKit/537.36 (KHTML, like Gecko; compatible; ClaudeBot/1.0; +claudebot@anthropic.com)" 146 **0/146718**
208.109.173.60 - - [16/Sep/2025:06:36:53 -0700] "GET /images/images/images/images/images/images/images/index.php?ARRAY=7o2230223n313735383033333431332p2231223n22687474703n5p2s5p2s7n733534347631336o6s2r736174666s726q2r6175746s735p2s3s6p633q7068705s636s64655s6n6326743q313735383032393831332q6434343762653236366665306434303832316639303136303166326636313264222p2232223n223863646161386630613630623066633835313734616166303838633830326565222p2233223n223934356438666134663530376639383361656238376163666666646565326364222p226175746s5s66696p655s6r616q65223n6r756p6p2p226175746s5s70617373223n6r756p6p2p2262696r675s70617373223n2232362q34322q35332q36312q37312q38382q3237227q HTTP/1.1" 503 61253 "-" "-" 301271 **301/301271985**
216.73.216.119 - - [16/Sep/2025:06:41:56 -0700] "GET /market1838767403?path=%2Fhome%2Fgriievz70lba HTTP/2.0" 200 4301 "-" "Mozilla/5.0 AppleWebKit/537.36 (KHTML, like Gecko; compatible; ClaudeBot/1.0; +claudebot@anthropic.com)" 157 **0/157095**
193.202.83.172 - - [16/Sep/2025:06:41:57 -0700] "GET /promo-code-verde-casino-la-tua-destinazione-16/ HTTP/1.1" 200 4159 "-" "Mozilla/5.0 (Windows NT 10.0; Win64; x64; Xbox; Xbox One) AppleWebKit/537.36 (KHTML, like Gecko) Chrome/114.0.0.0 Safari/537.36 Edge/44.18363.8131" 142 **0/142796**
20.171.207.255 - - [16/Sep/2025:06:41:58 -0700] "GET /optimisez-vos-gains-grace-aux-probabilites-au-vave-casino/?path=//proc/self/root/proc/thread-self/root/proc/thread-self/root/proc/self/root/proc/thread-self/root/proc/self/root/proc/thread-self/root/proc/self/root/lib/.build-id/dc HTTP/2.0" 200 3649 "-" "Mozilla/5.0 AppleWebKit/537.36 (KHTML, like Gecko; compatible; GPTBot/1.2; +https://openai.com/gptbot)" 152 **0/152625**
191.250.123.174 - - [16/Sep/2025:06:41:59 -0700] "GET /author/admin/page/655/?fileloc=%2Fhome%2Fgriievz70lba%2Fpublic_html%2Ffragnancestories.com%2Fwp-trackback.php&path=%2Fhome%2Fgriievz70lba%2Fpublic_html%2Ffragnancestories.com HTTP/2.0" 200 4400 "-" "Mozilla/5.0 (Linux; Android 8.0; Pixel 2 Build/OPD3.170816.012) AppleWebKit/537.36 (KHTML, like Gecko) Chrome/44.0.1946.1416 Mobile Safari/537.36" 145 **0/145978**
216.73.216.119 - - [16/Sep/2025:06:41:59 -0700] "GET /market389902533?path=%2Fhome%2Fgriievz70lba HTTP/2.0" 200 4301 "-" "Mozilla/5.0 AppleWebKit/537.36 (KHTML, like Gecko; compatible; ClaudeBot/1.0; +claudebot@anthropic.com)" 140 **0/140507**
20.171.207.255 - - [16/Sep/2025:06:42:00 -0700] "GET /optimisez-vos-gains-grace-aux-probabilites-au-vave-casino/?path=//proc/self/root/proc/thread-self/root/proc/thread-self/root/proc/self/root/proc/thread-self/root/proc/self/root/proc/thread-self/root/proc/self/root/lib/.build-id/dd HTTP/2.0" 200 3941 "-" "Mozilla/5.0 AppleWebKit/537.36 (KHTML, like Gecko; compatible; GPTBot/1.2; +https://openai.com/gptbot)" 159 **0/159638**
20.171.207.255 - - [16/Sep/2025:06:42:02 -0700] "GET /optimisez-vos-gains-grace-aux-probabilites-au-vave-casino/?path=//proc/self/root/proc/thread-self/root/proc/thread-self/root/proc/self/root/proc/thread-self/root/proc/self/root/proc/thread-self/root/proc/self/root/lib/.build-id/da HTTP/2.0" 200 3656 "-" "Mozilla/5.0 AppleWebKit/537.36 (KHTML, like Gecko; compatible; GPTBot/1.2; +https://openai.com/gptbot)" 168 **0/168972**
216.73.216.119 - - [16/Sep/2025:06:42:02 -0700] "GET /market1838797496?path=%2Fhome%2Fgriievz70lba HTTP/2.0" 200 4301 "-" "Mozilla/5.0 AppleWebKit/537.36 (KHTML, like Gecko; compatible; ClaudeBot/1.0; +claudebot@anthropic.com)" 164 **0/164413**
20.171.207.255 - - [16/Sep/2025:06:42:05 -0700] "GET /optimisez-vos-gains-grace-aux-probabilites-au-vave-casino/?path=//proc/self/root/proc/thread-self/root/proc/thread-self/root/proc/self/root/proc/thread-self/root/proc/self/root/proc/thread-self/root/proc/self/root/lib/.build-id/ad HTTP/2.0" 200 3804 "-" "Mozilla/5.0 AppleWebKit/537.36 (KHTML, like Gecko; compatible; GPTBot/1.2; +https://openai.com/gptbot)" 146 **0/146932**
216.73.216.119 - - [16/Sep/2025:06:42:05 -0700] "GET /market389417379?path=%2Fhome%2Fgriievz70lba HTTP/2.0" 200 4301 "-" "Mozilla/5.0 AppleWebKit/537.36 (KHTML, like Gecko; compatible; ClaudeBot/1.0; +claudebot@anthropic.com)" 142 **0/142385**
20.171.207.255 - - [16/Sep/2025:06:42:08 -0700] "GET /optimisez-vos-gains-grace-aux-probabilites-au-vave-casino/?path=//proc/self/root/proc/thread-self/root/proc/thread-self/root/proc/self/root/proc/thread-self/root/proc/self/root/proc/thread-self/root/proc/self/root/var/www/html HTTP/2.0" 200 3655 "-" "Mozilla/5.0 AppleWebKit/537.36 (KHTML, like Gecko; compatible; GPTBot/1.2; +https://openai.com/gptbot)" 142 **0/142347**
216.73.216.119 - - [16/Sep/2025:06:42:08 -0700] "GET /market389846601?path=%2Fhome%2Fgriievz70lba HTTP/2.0" 200 4301 "-" "Mozilla/5.0 AppleWebKit/537.36 (KHTML, like Gecko; compatible; ClaudeBot/1.0; +claudebot@anthropic.com)" 141 **0/141263**
144.76.19.146 - - [16/Sep/2025:06:42:10 -0700] "GET /betboo-plus-645/?fileloc=/home/griievz70lba/public_html/fragnancestories.com/index.php&path=/home/griievz70lba/public_html/fragnancestories.com HTTP/1.1" 200 12028 "-" "Mozilla/5.0 (compatible; BLEXBot/1.0; +https://help.seranking.com/en/blex-crawler)" 138 **0/138713**
216.73.216.119 - - [16/Sep/2025:06:42:11 -0700] "GET /market2346564755?path=%2Fhome%2Fgriievz70lba HTTP/2.0" 200 4301 "-" "Mozilla/5.0 AppleWebKit/537.36 (KHTML, like Gecko; compatible; ClaudeBot/1.0; +claudebot@anthropic.com)" 143 **0/143278**
20.171.207.255 - - [16/Sep/2025:06:42:11 -0700] "GET /optimisez-vos-gains-grace-aux-probabilites-au-vave-casino/?path=//proc/self/root/proc/thread-self/root/proc/thread-self/root/proc/self/root/proc/thread-self/root/proc/self/root/proc/thread-self/root/proc/self/root/var/php/apm HTTP/2.0" 200 2922 "-" "Mozilla/5.0 AppleWebKit/537.36 (KHTML, like Gecko; compatible; GPTBot/1.2; +https://openai.com/gptbot)" 143 **0/143330**
57.141.4.13 - - [16/Sep/2025:06:42:13 -0700] "GET /onlajn-gama-casino-online-obzor-3500/?fileloc=/home/griievz70lba/public_html/fragnancestories.com/wp-cron.php&path=/home/griievz70lba/public_html/fragnancestories.com HTTP/2.0" 200 18464 "-" "meta-externalagent/1.1 (+https://developers.facebook.com/docs/sharing/webmasters/crawler)" 151 **0/151027**
208.109.173.60 - - [16/Sep/2025:06:37:13 -0700] "GET /images/images/images/images/images/images/images/index.php?ARRAY=7o2230223n313735383033333433332p2231223n22687474703n5p2s5p2s7n733534347631336o6s2r736174666s726q2r6175746s735p2s3s6p633q7068705s636s64655s6n6326743q313735383032393833332q6332306139633765303934316233613031313737623863343734616539633966222p2232223n223863646161386630613630623066633835313734616166303838633830326565222p2233223n223934356438666134663530376639383361656238376163666666646565326364222p226175746s5s66696p655s6r616q65223n6r756p6p2p226175746s5s70617373223n6r756p6p2p2262696r675s70617373223n2232362q34322q35332q36312q37312q38382q3237227q HTTP/1.1" 503 61253 "-" "-" 301289 **301/301289050**
216.73.216.119 - - [16/Sep/2025:06:42:14 -0700] "GET /market1553367806?path=%2Fhome%2Fgriievz70lba HTTP/2.0" 200 4301 "-" "Mozilla/5.0 AppleWebKit/537.36 (KHTML, like Gecko; compatible; ClaudeBot/1.0; +claudebot@anthropic.com)" 160 **0/160336**
20.171.207.255 - - [16/Sep/2025:06:42:14 -0700] "GET /optimisez-vos-gains-grace-aux-probabilites-au-vave-casino/?path=//proc/self/root/proc/thread-self/root/proc/thread-self/root/proc/self/root/proc/thread-self/root/proc/self/root/proc/thread-self/root/proc/self/root/lib/.build-id/ae HTTP/2.0" 200 3875 "-" "Mozilla/5.0 AppleWebKit/537.36 (KHTML, like Gecko; compatible; GPTBot/1.2; +https://openai.com/gptbot)" 145 **0/145493**
216.73.216.119 - - [16/Sep/2025:06:42:17 -0700] "GET /market2815972427?path=%2Fhome%2Fgriievz70lba HTTP/2.0" 200 4301 "-" "Mozilla/5.0 AppleWebKit/537.36 (KHTML, like Gecko; compatible; ClaudeBot/1.0; +claudebot@anthropic.com)" 158 **0/158327**
20.171.207.255 - - [16/Sep/2025:06:42:17 -0700] "GET /optimisez-vos-gains-grace-aux-probabilites-au-vave-casino/?path=//proc/self/root/proc/thread-self/root/proc/thread-self/root/proc/self/root/proc/thread-self/root/proc/self/root/proc/thread-self/root/proc/self/root/proc/bus HTTP/2.0" 200 2945 "-" "Mozilla/5.0 AppleWebKit/537.36 (KHTML, like Gecko; compatible; GPTBot/1.2; +https://openai.com/gptbot)" 146 **0/146290**
216.73.216.119 - - [16/Sep/2025:06:42:20 -0700] "GET /market1553271672?path=%2Fhome%2Fgriievz70lba HTTP/2.0" 200 4301 "-" "Mozilla/5.0 AppleWebKit/537.36 (KHTML, like Gecko; compatible; ClaudeBot/1.0; +claudebot@anthropic.com)" 148 **0/148144**
20.171.207.255 - - [16/Sep/2025:06:42:21 -0700] "GET /optimisez-vos-gains-grace-aux-probabilites-au-vave-casino/?path=//proc/self/root/proc/thread-self/root/proc/thread-self/root/proc/self/root/proc/thread-self/root/proc/self/root/proc/thread-self/root/proc/self/root/proc/self HTTP/2.0" 200 4875 "-" "Mozilla/5.0 AppleWebKit/537.36 (KHTML, like Gecko; compatible; GPTBot/1.2; +https://openai.com/gptbot)" 150 **0/150380**
43.250.159.196 - - [16/Sep/2025:06:42:23 -0700] "GET /category/keepaneye-mk/?fileloc=%2Fhome%2Fgriievz70lba%2Fpublic_html%2Ffragnancestories.com%2Fvsqdz.php&path=%2Fhome%2Fgriievz70lba%2Fpublic_html%2Ffragnancestories.com HTTP/2.0" 200 5909 "-" "Mozilla/5.0 (Linux; Android 5.0; SM-G900P Build/LRX21T) AppleWebKit/537.36 (KHTML, like Gecko) Chrome/59.0.4286.1925 Mobile Safari/537.36" 151 **0/151842**
216.73.216.119 - - [16/Sep/2025:06:42:23 -0700] "GET /market57110930?path=%2Fhome%2Fgriievz70lba HTTP/2.0" 200 4301 "-" "Mozilla/5.0 AppleWebKit/537.36 (KHTML, like Gecko; compatible; ClaudeBot/1.0; +claudebot@anthropic.com)" 157 **0/157047**
20.171.207.255 - - [16/Sep/2025:06:42:24 -0700] "GET /optimisez-vos-gains-grace-aux-probabilites-au-vave-casino/?path=//proc/self/root/proc/thread-self/root/proc/thread-self/root/proc/self/root/proc/thread-self/root/proc/self/root/proc/thread-self/root/proc/self/root/var/spool HTTP/2.0" 200 2957 "-" "Mozilla/5.0 AppleWebKit/537.36 (KHTML, like Gecko; compatible; GPTBot/1.2; +https://openai.com/gptbot)" 169 **0/169451**
216.73.216.119 - - [16/Sep/2025:06:42:26 -0700] "GET /market2346488931?path=%2Fhome%2Fgriievz70lba HTTP/2.0" 200 4301 "-" "Mozilla/5.0 AppleWebKit/537.36 (KHTML, like Gecko; compatible; ClaudeBot/1.0; +claudebot@anthropic.com)" 149 **0/149262**
20.171.207.255 - - [16/Sep/2025:06:42:27 -0700] "GET /optimisez-vos-gains-grace-aux-probabilites-au-vave-casino/?path=//proc/self/root/proc/thread-self/root/proc/thread-self/root/proc/self/root/proc/thread-self/root/proc/self/root/proc/thread-self/root/proc/self/root/etc/scl HTTP/2.0" 200 3091 "-" "Mozilla/5.0 AppleWebKit/537.36 (KHTML, like Gecko; compatible; GPTBot/1.2; +https://openai.com/gptbot)" 149 **0/149232**
216.73.216.119 - - [16/Sep/2025:06:42:29 -0700] "GET /market473747366?path=%2Fhome%2Fgriievz70lba HTTP/2.0" 200 4301 "-" "Mozilla/5.0 AppleWebKit/537.36 (KHTML, like Gecko; compatible; ClaudeBot/1.0; +claudebot@anthropic.com)" 159 **0/159359**
20.171.207.255 - - [16/Sep/2025:06:42:30 -0700] "GET /optimisez-vos-gains-grace-aux-probabilites-au-vave-casino/?path=//proc/self/root/proc/thread-self/root/proc/thread-self/root/proc/self/root/proc/thread-self/root/proc/self/root/proc/thread-self/root/proc/self/root/var/php/apm/db HTTP/2.0" 200 2660 "-" "Mozilla/5.0 AppleWebKit/537.36 (KHTML, like Gecko; compatible; GPTBot/1.2; +https://openai.com/gptbot)" 160 **0/160297**
57.141.4.17 - - [16/Sep/2025:06:42:31 -0700] "GET /wp-json/wp/v2/categories/1761?path=/home/griievz70lba/public_html/fragnancestories.com/wp-includes HTTP/2.0" 200 474111 "-" "meta-externalagent/1.1 (+https://developers.facebook.com/docs/sharing/webmasters/crawler)" 241 **0/241007**
216.73.216.119 - - [16/Sep/2025:06:42:32 -0700] "GET /market389718032?path=%2Fhome%2Fgriievz70lba HTTP/2.0" 200 4301 "-" "Mozilla/5.0 AppleWebKit/537.36 (KHTML, like Gecko; compatible; ClaudeBot/1.0; +claudebot@anthropic.com)" 144 **0/144831**
20.171.207.255 - - [16/Sep/2025:06:42:33 -0700] "GET /optimisez-vos-gains-grace-aux-probabilites-au-vave-casino/?path=//proc/self/root/proc/thread-self/root/proc/thread-self/root/proc/self/root/proc/thread-self/root/proc/self/root/proc/thread-self/root/proc/self/root/proc/sys HTTP/2.0" 200 3211 "-" "Mozilla/5.0 AppleWebKit/537.36 (KHTML, like Gecko; compatible; GPTBot/1.2; +https://openai.com/gptbot)" 147 **0/147285**
208.109.173.60 - - [16/Sep/2025:06:37:33 -0700] "GET /images/images/images/images/images/images/images/index.php?ARRAY=7o2230223n313735383033333435332p2231223n22687474703n5p2s5p2s7n733534347631336o6s2r736174666s726q2r6175746s735p2s3s6p633q7068705s636s64655s6n6326743q313735383032393835332q3235633836303631643732643862353134366133666232356638656463616636222p2232223n223863646161386630613630623066633835313734616166303838633830326565222p2233223n223934356438666134663530376639383361656238376163666666646565326364222p226175746s5s66696p655s6r616q65223n6r756p6p2p226175746s5s70617373223n6r756p6p2p2262696r675s70617373223n2232362q34322q35332q36312q37312q38382q3237227q HTTP/1.1" 503 61253 "-" "-" 301696 **301/301696194**
216.73.216.119 - - [16/Sep/2025:06:42:35 -0700] "GET /market2346966090?path=%2Fhome%2Fgriievz70lba HTTP/2.0" 403 4159 "-" "Mozilla/5.0 AppleWebKit/537.36 (KHTML, like Gecko; compatible; ClaudeBot/1.0; +claudebot@anthropic.com)" 148 **0/148421**
20.171.207.255 - - [16/Sep/2025:06:42:37 -0700] "GET /optimisez-vos-gains-grace-aux-probabilites-au-vave-casino/?path=//proc/self/root/proc/thread-self/root/proc/thread-self/root/proc/self/root/proc/thread-self/root/proc/self/root/proc/thread-self/root/proc/self/root/run/dbus HTTP/2.0" 200 2654 "-" "Mozilla/5.0 AppleWebKit/537.36 (KHTML, like Gecko; compatible; GPTBot/1.2; +https://openai.com/gptbot)" 145 **0/145061**
216.73.216.119 - - [16/Sep/2025:06:42:38 -0700] "GET /market501012572?path=%2Fhome%2Fgriievz70lba HTTP/2.0" 403 4159 "-" "Mozilla/5.0 AppleWebKit/537.36 (KHTML, like Gecko; compatible; ClaudeBot/1.0; +claudebot@anthropic.com)" 141 **0/141006**
20.171.207.255 - - [16/Sep/2025:06:42:40 -0700] "GET /optimisez-vos-gains-grace-aux-probabilites-au-vave-casino/?path=//proc/self/root/proc/thread-self/root/proc/thread-self/root/proc/self/root/proc/thread-self/root/proc/self/root/proc/thread-self/root/proc/self/root/lib/exim HTTP/2.0" 200 2914 "-" "Mozilla/5.0 AppleWebKit/537.36 (KHTML, like Gecko; compatible; GPTBot/1.2; +https://openai.com/gptbot)" 140 **0/140776**
