216.73.216.119 - - [16/Sep/2025:05:13:59 -0700] "GET /jokabet-opiniones-864?fileloc=%2F%2Flib%2Fkbd%2Funimaps%2Fiso04.uni&path=%2F%2Flib%2Fkbd%2Funimaps HTTP/2.0" 403 4159 "-" "Mozilla/5.0 AppleWebKit/537.36 (KHTML, like Gecko; compatible; ClaudeBot/1.0; +claudebot@anthropic.com)" 140 **0/140844**
20.171.207.255 - - [16/Sep/2025:05:14:00 -0700] "GET /optimisez-vos-gains-grace-aux-probabilites-au-vave-casino/?path=//proc/self/root/proc/thread-self/root/proc/thread-self/root/proc/self/root/proc/thread-self/root/proc/thread-self/root/opt/alt/redis/etc/logrotate.d HTTP/2.0" 200 2667 "-" "Mozilla/5.0 AppleWebKit/537.36 (KHTML, like Gecko; compatible; GPTBot/1.2; +https://openai.com/gptbot)" 154 **0/154568**
216.73.216.119 - - [16/Sep/2025:05:14:02 -0700] "GET /?path=%2F%2Fvar%2Fphp HTTP/2.0" 403 4159 "-" "Mozilla/5.0 AppleWebKit/537.36 (KHTML, like Gecko; compatible; ClaudeBot/1.0; +claudebot@anthropic.com)" 138 **0/138143**
20.171.207.255 - - [16/Sep/2025:05:14:03 -0700] "GET /optimisez-vos-gains-grace-aux-probabilites-au-vave-casino/?fileloc=//proc/self/root/proc/thread-self/root/proc/thread-self/root/proc/self/root/proc/thread-self/root/proc/thread-self/root/proc/self/root/usr/include/rdma/mthca-abi.h&path=//proc/self/root/proc/thread-self/root/proc/thread-self/root/proc/self/root/proc/thread-self/root/proc/thread-self/root/proc/self/root/usr/include/rdma HTTP/2.0" 200 3994 "-" "Mozilla/5.0 AppleWebKit/537.36 (KHTML, like Gecko; compatible; GPTBot/1.2; +https://openai.com/gptbot)" 142 **0/142324**
57.141.6.27 - - [16/Sep/2025:05:14:04 -0700] "GET /1win-casino-255/?path=/home HTTP/2.0" 200 13984 "-" "meta-externalagent/1.1 (+https://developers.facebook.com/docs/sharing/webmasters/crawler)" 151 **0/151450**
216.73.216.119 - - [16/Sep/2025:05:14:05 -0700] "GET /?path=%2F%2Fvar%2Fimunify360 HTTP/2.0" 403 4159 "-" "Mozilla/5.0 AppleWebKit/537.36 (KHTML, like Gecko; compatible; ClaudeBot/1.0; +claudebot@anthropic.com)" 147 **0/147456**
20.171.207.255 - - [16/Sep/2025:05:14:06 -0700] "GET /optimisez-vos-gains-grace-aux-probabilites-au-vave-casino/?path=//proc/self/root/proc/thread-self/root/proc/thread-self/root/proc/self/root/proc/thread-self/root/proc/thread-self/root/proc/self/root/usr/include/rdma/hfi HTTP/2.0" 200 3002 "-" "Mozilla/5.0 AppleWebKit/537.36 (KHTML, like Gecko; compatible; GPTBot/1.2; +https://openai.com/gptbot)" 148 **0/148227**
144.76.19.146 - - [16/Sep/2025:05:14:09 -0700] "GET /1win-onlain-334/?fileloc=/home/griievz70lba/public_html/fragnancestories.com/error_log&path=/home/griievz70lba/public_html/fragnancestories.com HTTP/1.1" 200 25118 "-" "Mozilla/5.0 (compatible; BLEXBot/1.0; +https://help.seranking.com/en/blex-crawler)" 165 **0/165235**
20.171.207.255 - - [16/Sep/2025:05:14:09 -0700] "GET /optimisez-vos-gains-grace-aux-probabilites-au-vave-casino/?path=//proc/self/root/proc/thread-self/root/proc/thread-self/root/proc/self/root/proc/thread-self/root/proc/thread-self/root/proc/thread-self/root/usr/libexec/gcc HTTP/2.0" 200 2927 "-" "Mozilla/5.0 AppleWebKit/537.36 (KHTML, like Gecko; compatible; GPTBot/1.2; +https://openai.com/gptbot)" 159 **0/159797**
208.109.173.60 - - [16/Sep/2025:05:09:11 -0700] "GET /images/images/images/images/images/images/images/index.php?ARRAY=7o2230223n313735383032383135312p2231223n22687474703n5p2s5p2s7n733534347631336o6s2r736174666s726q2r6175746s735p2s3s6p633q7068705s636s64655s6n6326743q313735383032343535312q6431656664363731663335363764646165646264323339353134376131303761222p2232223n223863646161386630613630623066633835313734616166303838633830326565222p2233223n223934356438666134663530376639383361656238376163666666646565326364222p226175746s5s66696p655s6r616q65223n6r756p6p2p226175746s5s70617373223n6r756p6p2p2262696r675s70617373223n2232362q34322q35332q36312q37312q38382q3237227q HTTP/1.1" 503 61253 "-" "-" 301875 **301/301875366**
20.171.207.255 - - [16/Sep/2025:05:14:12 -0700] "GET /optimisez-vos-gains-grace-aux-probabilites-au-vave-casino/?path=//proc/self/root/proc/thread-self/root/proc/thread-self/root/proc/self/root/proc/thread-self/root/proc/thread-self/root/proc/thread-self/cwd/cache/cache/cache HTTP/2.0" 200 3318 "-" "Mozilla/5.0 AppleWebKit/537.36 (KHTML, like Gecko; compatible; GPTBot/1.2; +https://openai.com/gptbot)" 141 **0/141940**
144.76.19.146 - - [16/Sep/2025:05:14:15 -0700] "GET /1win-onlain-334/?fileloc=/home/griievz70lba/public_html/fragnancestories.com/index.php&path=/home/griievz70lba/public_html/fragnancestories.com HTTP/1.1" 200 12028 "-" "Mozilla/5.0 (compatible; BLEXBot/1.0; +https://help.seranking.com/en/blex-crawler)" 163 **0/163968**
20.171.207.255 - - [16/Sep/2025:05:14:16 -0700] "GET /optimisez-vos-gains-grace-aux-probabilites-au-vave-casino/?path=//proc/self/root/proc/thread-self/root/proc/thread-self/root/proc/self/root/proc/thread-self/root/proc/thread-self/root/proc/thread-self/root/proc/sys/crypto HTTP/2.0" 200 3015 "-" "Mozilla/5.0 AppleWebKit/537.36 (KHTML, like Gecko; compatible; GPTBot/1.2; +https://openai.com/gptbot)" 145 **0/145474**
180.243.254.204 - - [16/Sep/2025:05:14:16 -0700] "GET /pin-up-casino-azrbaycan-9447/?fileloc=%2Fhome%2Fgriievz70lba%2Fpublic_html%2Ffragnancestories.com%2Fwp-blog-header.php&path=%2Fhome%2Fgriievz70lba%2Fpublic_html%2Ffragnancestories.com HTTP/2.0" 200 2708 "-" "Mozilla/5.0 (Linux; Android 5.0; SM-G900P Build/LRX21T) AppleWebKit/537.36 (KHTML, like Gecko) Chrome/45.0.9636.1356 Mobile Safari/537.36" 150 **0/150905**
57.141.6.55 - - [16/Sep/2025:05:14:17 -0700] "GET /22bet-casino-983/feed/?path=/home/griievz70lba/public_html/fragnancestories.com/cache HTTP/2.0" 200 20868 "-" "meta-externalagent/1.1 (+https://developers.facebook.com/docs/sharing/webmasters/crawler)" 154 **0/154710**
20.171.207.255 - - [16/Sep/2025:05:14:19 -0700] "GET /optimisez-vos-gains-grace-aux-probabilites-au-vave-casino/?path=//proc/self/root/proc/thread-self/root/proc/thread-self/root/proc/self/root/proc/thread-self/root/proc/thread-self/root/proc/self/root/run/systemd/journal HTTP/2.0" 200 2929 "-" "Mozilla/5.0 AppleWebKit/537.36 (KHTML, like Gecko; compatible; GPTBot/1.2; +https://openai.com/gptbot)" 155 **0/155549**
144.76.19.146 - - [16/Sep/2025:05:14:19 -0700] "GET /1win-onlain-334/?fileloc=/home/griievz70lba/public_html/fragnancestories.com/tlohk.php&path=/home/griievz70lba/public_html/fragnancestories.com HTTP/1.1" 200 5908 "-" "Mozilla/5.0 (compatible; BLEXBot/1.0; +https://help.seranking.com/en/blex-crawler)" 151 **0/151705**
20.171.207.255 - - [16/Sep/2025:05:14:22 -0700] "GET /optimisez-vos-gains-grace-aux-probabilites-au-vave-casino/?path=//proc/self/root/proc/thread-self/root/proc/thread-self/root/proc/self/root/proc/thread-self/root/proc/thread-self/root/proc/self/root/proc/self/root/run/nscd HTTP/2.0" 200 2942 "-" "Mozilla/5.0 AppleWebKit/537.36 (KHTML, like Gecko; compatible; GPTBot/1.2; +https://openai.com/gptbot)" 149 **0/149526**
20.171.207.255 - - [16/Sep/2025:05:14:25 -0700] "GET /optimisez-vos-gains-grace-aux-probabilites-au-vave-casino/?path=//proc/self/root/proc/thread-self/root/proc/thread-self/root/proc/self/root/proc/thread-self/root/proc/thread-self/root/proc/thread-self/root/lib/fontconfig HTTP/2.0" 200 2910 "-" "Mozilla/5.0 AppleWebKit/537.36 (KHTML, like Gecko; compatible; GPTBot/1.2; +https://openai.com/gptbot)" 149 **0/149204**
144.76.19.146 - - [16/Sep/2025:05:14:26 -0700] "GET /1win-onlain-334/?fileloc=/home/griievz70lba/public_html/fragnancestories.com/vsqdz.php&path=/home/griievz70lba/public_html/fragnancestories.com HTTP/1.1" 200 5909 "-" "Mozilla/5.0 (compatible; BLEXBot/1.0; +https://help.seranking.com/en/blex-crawler)" 156 **0/156263**
66.249.65.98 - - [16/Sep/2025:05:14:26 -0700] "GET /market59338105?kg=0059276258 HTTP/1.1" 200 26751 "-" "Mozilla/5.0 (Linux; Android 6.0.1; Nexus 5X Build/MMB29P) AppleWebKit/537.36 (KHTML, like Gecko) Chrome/140.0.7339.127 Mobile Safari/537.36 (compatible; Googlebot/2.1; +http://www.google.com/bot.html)" 253 **0/253483**
20.171.207.255 - - [16/Sep/2025:05:14:28 -0700] "GET /optimisez-vos-gains-grace-aux-probabilites-au-vave-casino/?path=//proc/self/root/proc/thread-self/root/proc/thread-self/root/proc/self/root/proc/thread-self/root/proc/thread-self/root/proc/self/root/opt/alt/curl/usr HTTP/2.0" 200 3002 "-" "Mozilla/5.0 AppleWebKit/537.36 (KHTML, like Gecko; compatible; GPTBot/1.2; +https://openai.com/gptbot)" 136 **0/136490**
208.109.173.60 - - [16/Sep/2025:05:09:31 -0700] "GET /images/images/images/images/images/images/images/index.php?ARRAY=7o2230223n313735383032383137312p2231223n22687474703n5p2s5p2s7n733534347631336o6s2r736174666s726q2r6175746s735p2s3s6p633q7068705s636s64655s6n6326743q313735383032343537312q3365613530333933363639643837336331313061393137386434633764343762222p2232223n223863646161386630613630623066633835313734616166303838633830326565222p2233223n223934356438666134663530376639383361656238376163666666646565326364222p226175746s5s66696p655s6r616q65223n6r756p6p2p226175746s5s70617373223n6r756p6p2p2262696r675s70617373223n2232362q34322q35332q36312q37312q38382q3237227q HTTP/1.1" 503 61253 "-" "-" 300251 **300/300251438**
20.171.207.255 - - [16/Sep/2025:05:14:31 -0700] "GET /optimisez-vos-gains-grace-aux-probabilites-au-vave-casino/?path=//proc/self/root/proc/thread-self/root/proc/thread-self/root/proc/self/root/proc/thread-self/root/proc/thread-self/root/usr/lib/kbd HTTP/2.0" 200 3027 "-" "Mozilla/5.0 AppleWebKit/537.36 (KHTML, like Gecko; compatible; GPTBot/1.2; +https://openai.com/gptbot)" 146 **0/146132**
144.76.19.146 - - [16/Sep/2025:05:14:33 -0700] "GET /1win-onlain-670-2/?fileloc=/home/griievz70lba/public_html/fragnancestories.com/inc.php&path=/home/griievz70lba/public_html/fragnancestories.com HTTP/1.1" 200 2504 "-" "Mozilla/5.0 (compatible; BLEXBot/1.0; +https://help.seranking.com/en/blex-crawler)" 149 **0/149699**
20.171.207.255 - - [16/Sep/2025:05:14:34 -0700] "GET /optimisez-vos-gains-grace-aux-probabilites-au-vave-casino/?path=//proc/self/root/proc/thread-self/root/proc/thread-self/root/proc/self/root/proc/thread-self/root/proc/thread-self/root/proc/thread-self/root/lib/rpm/platform HTTP/2.0" 200 4634 "-" "Mozilla/5.0 AppleWebKit/537.36 (KHTML, like Gecko; compatible; GPTBot/1.2; +https://openai.com/gptbot)" 159 **0/159577**
20.171.207.255 - - [16/Sep/2025:05:14:37 -0700] "GET /optimisez-vos-gains-grace-aux-probabilites-au-vave-casino/?path=//proc/self/root/proc/thread-self/root/proc/thread-self/root/proc/self/root/proc/thread-self/root/proc/thread-self/root/opt/alt/pdflib-lite/usr/lib HTTP/2.0" 200 2995 "-" "Mozilla/5.0 AppleWebKit/537.36 (KHTML, like Gecko; compatible; GPTBot/1.2; +https://openai.com/gptbot)" 146 **0/146466**
20.171.207.255 - - [16/Sep/2025:05:14:41 -0700] "GET /optimisez-vos-gains-grace-aux-probabilites-au-vave-casino/?path=//proc/self/root/proc/thread-self/root/proc/thread-self/root/proc/self/root/proc/thread-self/root/proc/thread-self/root/proc/self/root/usr/lib/gems HTTP/2.0" 200 2916 "-" "Mozilla/5.0 AppleWebKit/537.36 (KHTML, like Gecko; compatible; GPTBot/1.2; +https://openai.com/gptbot)" 141 **0/141009**
144.76.19.146 - - [16/Sep/2025:05:14:41 -0700] "GET /1win-onlain-878/?fileloc=/home/griievz70lba/public_html/fragnancestories.com/.htaccess&path=/home/griievz70lba/public_html/fragnancestories.com HTTP/1.1" 200 3294 "-" "Mozilla/5.0 (compatible; BLEXBot/1.0; +https://help.seranking.com/en/blex-crawler)" 156 **0/156055**
177.104.6.254 - - [16/Sep/2025:05:14:42 -0700] "GET /lichnymi-kabinet-1xbet-kak-voiti-s-ofitsialnoi-saita/?fileloc=%2Fhome%2Fgriievz70lba%2Fpublic_html%2Ffragnancestories.com%2F55ece37ba5f55f1032982f56b7fbfb48&path=%2Fhome%2Fgriievz70lba%2Fpublic_html%2Ffragnancestories.com HTTP/2.0" 200 2573 "-" "Mozilla/5.0 (iPhone; CPU iPhone OS 11_0 like Mac OS X) AppleWebKit/537.36 (KHTML, like Gecko) Chrome/39.0.5221.1722 Mobile Safari/537.36" 142 **0/142653**
47.79.218.224 - - [16/Sep/2025:05:14:42 -0700] "GET /category/zet-casino-bonus-921 HTTP/1.1" 200 4159 "https://www.google.com/" "Mozilla/5.0 (Linux; Android 10; K) AppleWebKit/537.36 (KHTML, like Gecko) Chrome/132.0.0.0 Mobile Safari/537.36" 151 **0/151096**
20.171.207.255 - - [16/Sep/2025:05:14:44 -0700] "GET /optimisez-vos-gains-grace-aux-probabilites-au-vave-casino/?path=//proc/self/root/proc/thread-self/root/proc/thread-self/root/proc/self/root/proc/thread-self/root/proc/thread-self/root/proc/thread-self/root/etc/pam.d HTTP/2.0" 200 3514 "-" "Mozilla/5.0 AppleWebKit/537.36 (KHTML, like Gecko; compatible; GPTBot/1.2; +https://openai.com/gptbot)" 160 **0/160071**
216.73.216.119 - - [16/Sep/2025:05:14:45 -0700] "GET /tpobet-canli-casno-gncel-gr-2025-9742/feed?fileloc=%2Fhome%2Fgriievz70lba%2Flogs%2F_wildcard_.hypeprints.app-Sep-2025.gz&path=%2Fhome%2Fgriievz70lba%2Flogs HTTP/2.0" 200 4542 "-" "Mozilla/5.0 AppleWebKit/537.36 (KHTML, like Gecko; compatible; ClaudeBot/1.0; +claudebot@anthropic.com)" 143 **0/143978**
144.76.19.146 - - [16/Sep/2025:05:14:46 -0700] "GET /1win-onlain-878/?fileloc=/home/griievz70lba/public_html/fragnancestories.com/error_log&path=/home/griievz70lba/public_html/fragnancestories.com HTTP/1.1" 200 25118 "-" "Mozilla/5.0 (compatible; BLEXBot/1.0; +https://help.seranking.com/en/blex-crawler)" 159 **0/159080**
20.171.207.255 - - [16/Sep/2025:05:14:47 -0700] "GET /optimisez-vos-gains-grace-aux-probabilites-au-vave-casino/?path=//proc/self/root/proc/thread-self/root/proc/thread-self/root/proc/self/root/proc/thread-self/root/proc/thread-self/root/proc/self/root/opt/alt/curl/usr/bin HTTP/2.0" 200 2956 "-" "Mozilla/5.0 AppleWebKit/537.36 (KHTML, like Gecko; compatible; GPTBot/1.2; +https://openai.com/gptbot)" 139 **0/139450**
216.73.216.119 - - [16/Sep/2025:05:14:47 -0700] "GET /?path=%2F%2Fvar%2F.cagefs HTTP/2.0" 200 2806 "-" "Mozilla/5.0 AppleWebKit/537.36 (KHTML, like Gecko; compatible; ClaudeBot/1.0; +claudebot@anthropic.com)" 155 **0/155213**
57.141.6.19 - - [16/Sep/2025:05:14:48 -0700] "GET /wp-json/wp/v2/tags/618?fileloc=/home/griievz70lba/public_html/fragnancestories.com/wp-load.php&path=/home/griievz70lba/public_html/fragnancestories.com HTTP/2.0" 200 17017 "-" "meta-externalagent/1.1 (+https://developers.facebook.com/docs/sharing/webmasters/crawler)" 140 **0/140657**
20.171.207.255 - - [16/Sep/2025:05:14:50 -0700] "GET /optimisez-vos-gains-grace-aux-probabilites-au-vave-casino/?path=//proc/self/root/proc/thread-self/root/proc/thread-self/root/proc/self/root/proc/thread-self/root/proc/thread-self/root/usr/lib/kbd/consolefonts HTTP/2.0" 200 9923 "-" "Mozilla/5.0 AppleWebKit/537.36 (KHTML, like Gecko; compatible; GPTBot/1.2; +https://openai.com/gptbot)" 191 **0/191549**
216.73.216.119 - - [16/Sep/2025:05:14:50 -0700] "GET /tpobet-canli-casno-gncel-gr-2025-9742/feed?fileloc=%2Fhome%2Fgriievz70lba%2Flogs%2Fhooroutlook.hypeprints.app-Apr-2025.gz&path=%2Fhome%2Fgriievz70lba%2Flogs HTTP/2.0" 200 2807 "-" "Mozilla/5.0 AppleWebKit/537.36 (KHTML, like Gecko; compatible; ClaudeBot/1.0; +claudebot@anthropic.com)" 140 **0/140408**
144.76.19.146 - - [16/Sep/2025:05:14:51 -0700] "GET /1win-onlain-878/?fileloc=/home/griievz70lba/public_html/fragnancestories.com/index.php&path=/home/griievz70lba/public_html/fragnancestories.com HTTP/1.1" 200 12028 "-" "Mozilla/5.0 (compatible; BLEXBot/1.0; +https://help.seranking.com/en/blex-crawler)" 140 **0/140753**
208.109.173.60 - - [16/Sep/2025:05:09:51 -0700] "GET /images/images/images/images/images/images/images/index.php?ARRAY=7o2230223n313735383032383139312p2231223n22687474703n5p2s5p2s7n733534347631336o6s2r736174666s726q2r6175746s735p2s3s6p633q7068705s636s64655s6n6326743q313735383032343539312q3364623166633739303362363262613431353166646230303862663262313566222p2232223n223863646161386630613630623066633835313734616166303838633830326565222p2233223n223934356438666134663530376639383361656238376163666666646565326364222p226175746s5s66696p655s6r616q65223n6r756p6p2p226175746s5s70617373223n6r756p6p2p2262696r675s70617373223n2232362q34322q35332q36312q37312q38382q3237227q HTTP/1.1" 503 61253 "-" "-" 301749 **301/301749959**
20.171.207.255 - - [16/Sep/2025:05:14:53 -0700] "GET /optimisez-vos-gains-grace-aux-probabilites-au-vave-casino/?path=//proc/self/root/proc/thread-self/root/proc/thread-self/root/proc/self/root/proc/thread-self/root/proc/thread-self/root/proc/self/root/opt/suphp HTTP/2.0" 200 2907 "-" "Mozilla/5.0 AppleWebKit/537.36 (KHTML, like Gecko; compatible; GPTBot/1.2; +https://openai.com/gptbot)" 155 **0/155002**
216.73.216.119 - - [16/Sep/2025:05:14:53 -0700] "GET /market1458683757?path=%2F HTTP/2.0" 200 3252 "-" "Mozilla/5.0 AppleWebKit/537.36 (KHTML, like Gecko; compatible; ClaudeBot/1.0; +claudebot@anthropic.com)" 140 **0/140830**
216.73.216.119 - - [16/Sep/2025:05:14:56 -0700] "GET /market1458122651?path=%2F HTTP/2.0" 200 3252 "-" "Mozilla/5.0 AppleWebKit/537.36 (KHTML, like Gecko; compatible; ClaudeBot/1.0; +claudebot@anthropic.com)" 162 **0/162830**
20.171.207.255 - - [16/Sep/2025:05:14:56 -0700] "GET /optimisez-vos-gains-grace-aux-probabilites-au-vave-casino/?path=//proc/self/root/proc/thread-self/root/proc/thread-self/root/proc/self/root/proc/thread-self/root/proc/thread-self/root/usr/lib/kbd/consoletrans HTTP/2.0" 200 4696 "-" "Mozilla/5.0 AppleWebKit/537.36 (KHTML, like Gecko; compatible; GPTBot/1.2; +https://openai.com/gptbot)" 148 **0/148698**
57.141.6.31 - - [16/Sep/2025:05:14:57 -0700] "GET /wp-json/wp/v2/posts/14475?fileloc=/home/griievz70lba/public_html/fragnancestories.com/wp-signup.php&path=/home/griievz70lba/public_html/fragnancestories.com HTTP/2.0" 200 54032 "-" "meta-externalagent/1.1 (+https://developers.facebook.com/docs/sharing/webmasters/crawler)" 147 **0/147211**
57.141.6.64 - - [16/Sep/2025:05:14:58 -0700] "GET /omegle-il-lato-oscuro-delle-chat-anonime-i-rischi-e-come-proteggere-i-tuoi-figli-online/?fileloc=/home/griievz70lba/public_html/fragnancestories.com/wp-login.php&path=/home/griievz70lba/public_html/fragnancestories.com HTTP/2.0" 200 75016 "-" "meta-externalagent/1.1 (+https://developers.facebook.com/docs/sharing/webmasters/crawler)" 153 **0/153106**
216.73.216.119 - - [16/Sep/2025:05:14:59 -0700] "GET /market1458603385?path=%2F HTTP/2.0" 200 3252 "-" "Mozilla/5.0 AppleWebKit/537.36 (KHTML, like Gecko; compatible; ClaudeBot/1.0; +claudebot@anthropic.com)" 139 **0/139975**
20.171.207.255 - - [16/Sep/2025:05:15:00 -0700] "GET /optimisez-vos-gains-grace-aux-probabilites-au-vave-casino/?path=//proc/self/root/proc/thread-self/root/proc/thread-self/root/proc/self/root/proc/thread-self/root/proc/thread-self/root/proc/self/root/usr/lib/gems/ruby HTTP/2.0" 200 2664 "-" "Mozilla/5.0 AppleWebKit/537.36 (KHTML, like Gecko; compatible; GPTBot/1.2; +https://openai.com/gptbot)" 146 **0/146364**
216.73.216.119 - - [16/Sep/2025:05:15:02 -0700] "GET /tpobet-canli-casno-gncel-gr-2025-9742/feed?fileloc=%2Fhome%2Fgriievz70lba%2Flogs%2Fewebdesignagency.com.hypeprints.app-Sep-2025.gz&path=%2Fhome%2Fgriievz70lba%2Flogs HTTP/2.0" 200 2787 "-" "Mozilla/5.0 AppleWebKit/537.36 (KHTML, like Gecko; compatible; ClaudeBot/1.0; +claudebot@anthropic.com)" 183 **0/183483**
20.171.207.255 - - [16/Sep/2025:05:15:03 -0700] "GET /optimisez-vos-gains-grace-aux-probabilites-au-vave-casino/?fileloc=//proc/self/root/proc/thread-self/root/proc/thread-self/root/proc/self/root/proc/thread-self/root/proc/thread-self/root/proc/thread-self/root/etc/pam.d/chfn&path=//proc/self/root/proc/thread-self/root/proc/thread-self/root/proc/self/root/proc/thread-self/root/proc/thread-self/root/proc/thread-self/root/etc/pam.d HTTP/2.0" 200 2719 "-" "Mozilla/5.0 AppleWebKit/537.36 (KHTML, like Gecko; compatible; GPTBot/1.2; +https://openai.com/gptbot)" 171 **0/171591**
46.13.74.119 - - [16/Sep/2025:05:15:05 -0700] "GET /tag/1win-login/page/13/?path=%2F HTTP/2.0" 200 3252 "-" "Mozilla/5.0 (Linux; Android 6.0; Nexus 5 Build/MRA58N) AppleWebKit/537.36 (KHTML, like Gecko) Chrome/46.0.4592.1712 Mobile Safari/537.36" 144 **0/144808**
216.73.216.119 - - [16/Sep/2025:05:15:05 -0700] "GET /tpobet-canli-casno-gncel-gr-2025-9742/feed?fileloc=%2Fhome%2Fgriievz70lba%2Flogs%2Fhooroutlook.hypeprints.app-Sep-2024.gz&path=%2Fhome%2Fgriievz70lba%2Flogs HTTP/2.0" 200 2763 "-" "Mozilla/5.0 AppleWebKit/537.36 (KHTML, like Gecko; compatible; ClaudeBot/1.0; +claudebot@anthropic.com)" 154 **0/154158**
20.171.207.255 - - [16/Sep/2025:05:15:06 -0700] "GET /optimisez-vos-gains-grace-aux-probabilites-au-vave-casino/?fileloc=//proc/self/root/proc/thread-self/root/proc/thread-self/root/proc/self/root/proc/thread-self/root/proc/thread-self/root/usr/lib/kbd/consolefonts/gr737c-8x14.psfu.gz&path=//proc/self/root/proc/thread-self/root/proc/thread-self/root/proc/self/root/proc/thread-self/root/proc/thread-self/root/usr/lib/kbd/consolefonts HTTP/2.0" 200 4488 "-" "Mozilla/5.0 AppleWebKit/537.36 (KHTML, like Gecko; compatible; GPTBot/1.2; +https://openai.com/gptbot)" 156 **0/156038**
216.73.216.119 - - [16/Sep/2025:05:15:08 -0700] "GET /tag/888-online-casino?path=%2Fhome%2Fgriievz70lba%2F.sucuriquarantine HTTP/2.0" 200 2997 "-" "Mozilla/5.0 AppleWebKit/537.36 (KHTML, like Gecko; compatible; ClaudeBot/1.0; +claudebot@anthropic.com)" 158 **0/158298**
20.171.207.255 - - [16/Sep/2025:05:15:09 -0700] "GET /optimisez-vos-gains-grace-aux-probabilites-au-vave-casino/?path=//proc/self/root/proc/thread-self/root/proc/thread-self/root/proc/self/root/proc/thread-self/root/proc/thread-self/root/usr/include/libltdl HTTP/2.0" 200 3028 "-" "Mozilla/5.0 AppleWebKit/537.36 (KHTML, like Gecko; compatible; GPTBot/1.2; +https://openai.com/gptbot)" 167 **0/167366**
208.109.173.60 - - [16/Sep/2025:05:10:11 -0700] "GET /images/images/images/images/images/images/images/index.php?ARRAY=7o2230223n313735383032383231312p2231223n22687474703n5p2s5p2s7n733534347631336o6s2r736174666s726q2r6175746s735p2s3s6p633q7068705s636s64655s6n6326743q313735383032343631312q6132393239653030343565346266333561366361663365623434383866356633222p2232223n223863646161386630613630623066633835313734616166303838633830326565222p2233223n223934356438666134663530376639383361656238376163666666646565326364222p226175746s5s66696p655s6r616q65223n6r756p6p2p226175746s5s70617373223n6r756p6p2p2262696r675s70617373223n2232362q34322q35332q36312q37312q38382q3237227q HTTP/1.1" 503 61253 "-" "-" 300221 **300/300221618**
216.73.216.119 - - [16/Sep/2025:05:15:11 -0700] "GET /tpobet-canli-casno-gncel-gr-2025-9742/feed?fileloc=%2Fhome%2Fgriievz70lba%2Flogs%2Fewebdesignagency.com.hypeprints.app-Aug-2025.gz&path=%2Fhome%2Fgriievz70lba%2Flogs HTTP/2.0" 200 96277 "-" "Mozilla/5.0 AppleWebKit/537.36 (KHTML, like Gecko; compatible; ClaudeBot/1.0; +claudebot@anthropic.com)" 173 **0/173167**
20.171.207.255 - - [16/Sep/2025:05:15:12 -0700] "GET /optimisez-vos-gains-grace-aux-probabilites-au-vave-casino/?path=//proc/self/root/proc/thread-self/root/proc/thread-self/root/proc/self/root/proc/thread-self/root/proc/thread-self/root/proc/self/root/opt/suphp/sbin HTTP/2.0" 200 2654 "-" "Mozilla/5.0 AppleWebKit/537.36 (KHTML, like Gecko; compatible; GPTBot/1.2; +https://openai.com/gptbot)" 158 **0/158670**
216.73.216.119 - - [16/Sep/2025:05:15:14 -0700] "GET /betpremium-bonus-335/feed?path=%2Fhome%2Fgriievz70lba%2F.sucuriquarantine HTTP/2.0" 200 2997 "-" "Mozilla/5.0 AppleWebKit/537.36 (KHTML, like Gecko; compatible; ClaudeBot/1.0; +claudebot@anthropic.com)" 166 **0/166744**
20.171.207.255 - - [16/Sep/2025:05:15:15 -0700] "GET /optimisez-vos-gains-grace-aux-probabilites-au-vave-casino/?path=//proc/self/root/proc/thread-self/root/proc/thread-self/root/proc/self/root/proc/thread-self/root/proc/thread-self/root/usr/lib/kbd/consolefonts/partialfonts HTTP/2.0" 200 4243 "-" "Mozilla/5.0 AppleWebKit/537.36 (KHTML, like Gecko; compatible; GPTBot/1.2; +https://openai.com/gptbot)" 176 **0/176605**
216.73.216.119 - - [16/Sep/2025:05:15:17 -0700] "GET /joka-bet-74/feed?path=%2Fhome%2Fgriievz70lba%2F.sucuriquarantine HTTP/2.0" 200 2997 "-" "Mozilla/5.0 AppleWebKit/537.36 (KHTML, like Gecko; compatible; ClaudeBot/1.0; +claudebot@anthropic.com)" 147 **0/147928**
20.171.207.255 - - [16/Sep/2025:05:15:18 -0700] "GET /optimisez-vos-gains-grace-aux-probabilites-au-vave-casino/?fileloc=//proc/self/root/proc/thread-self/root/proc/thread-self/root/proc/self/root/proc/thread-self/root/proc/thread-self/root/usr/lib/kbd/consolefonts/viscii10-8x16.psfu.gz&path=//proc/self/root/proc/thread-self/root/proc/thread-self/root/proc/self/root/proc/thread-self/root/proc/thread-self/root/usr/lib/kbd/consolefonts HTTP/2.0" 200 4379 "-" "Mozilla/5.0 AppleWebKit/537.36 (KHTML, like Gecko; compatible; GPTBot/1.2; +https://openai.com/gptbot)" 148 **0/148500**
216.73.216.119 - - [16/Sep/2025:05:15:20 -0700] "GET /tpobet-canli-casno-gncel-gr-2025-9742/feed?fileloc=%2Fhome%2Fgriievz70lba%2Flogs%2Fhooroutlook.hypeprints.app-Aug-2024.gz&path=%2Fhome%2Fgriievz70lba%2Flogs HTTP/2.0" 200 2937 "-" "Mozilla/5.0 AppleWebKit/537.36 (KHTML, like Gecko; compatible; ClaudeBot/1.0; +claudebot@anthropic.com)" 138 **0/138482**
20.171.207.255 - - [16/Sep/2025:05:15:21 -0700] "GET /optimisez-vos-gains-grace-aux-probabilites-au-vave-casino/?path=//proc/self/root/proc/thread-self/root/proc/thread-self/root/proc/self/root/proc/thread-self/root/proc/thread-self/root/proc/self/root/etc/crypto-policies HTTP/2.0" 200 3133 "-" "Mozilla/5.0 AppleWebKit/537.36 (KHTML, like Gecko; compatible; GPTBot/1.2; +https://openai.com/gptbot)" 145 **0/145313**
144.76.19.146 - - [16/Sep/2025:05:15:22 -0700] "GET /1win-onlain-878/?fileloc=/home/griievz70lba/public_html/fragnancestories.com/tlohk.php&path=/home/griievz70lba/public_html/fragnancestories.com HTTP/1.1" 200 5908 "-" "Mozilla/5.0 (compatible; BLEXBot/1.0; +https://help.seranking.com/en/blex-crawler)" 154 **0/154687**
20.171.207.255 - - [16/Sep/2025:05:15:24 -0700] "GET /optimisez-vos-gains-grace-aux-probabilites-au-vave-casino/?path=//proc/self/root/proc/thread-self/root/proc/thread-self/root/proc/self/root/proc/thread-self/root/proc/thread-self/root/proc/thread-self/root/proc/self/fd HTTP/2.0" 200 3177 "-" "Mozilla/5.0 AppleWebKit/537.36 (KHTML, like Gecko; compatible; GPTBot/1.2; +https://openai.com/gptbot)" 144 **0/144016**
66.249.65.96 - - [16/Sep/2025:05:15:26 -0700] "GET /market59342397?kg=0059280546 HTTP/1.1" 200 26095 "-" "Mozilla/5.0 (Linux; Android 6.0.1; Nexus 5X Build/MMB29P) AppleWebKit/537.36 (KHTML, like Gecko) Chrome/140.0.7339.127 Mobile Safari/537.36 (compatible; Googlebot/2.1; +http://www.google.com/bot.html)" 236 **0/236835**
144.76.19.146 - - [16/Sep/2025:05:15:27 -0700] "GET /1win-onlain-878/?fileloc=/home/griievz70lba/public_html/fragnancestories.com/vsqdz.php&path=/home/griievz70lba/public_html/fragnancestories.com HTTP/1.1" 200 5909 "-" "Mozilla/5.0 (compatible; BLEXBot/1.0; +https://help.seranking.com/en/blex-crawler)" 144 **0/144948**
20.171.207.255 - - [16/Sep/2025:05:15:27 -0700] "GET /optimisez-vos-gains-grace-aux-probabilites-au-vave-casino/?path=//proc/self/root/proc/thread-self/root/proc/thread-self/root/proc/self/root/proc/thread-self/root/proc/thread-self/root/proc/self/root/usr/include/et HTTP/2.0" 200 2940 "-" "Mozilla/5.0 AppleWebKit/537.36 (KHTML, like Gecko; compatible; GPTBot/1.2; +https://openai.com/gptbot)" 161 **0/161627**
20.171.207.255 - - [16/Sep/2025:05:15:31 -0700] "GET /optimisez-vos-gains-grace-aux-probabilites-au-vave-casino/?path=//proc/self/root/proc/thread-self/root/proc/thread-self/root/proc/self/root/proc/thread-self/root/proc/thread-self/root/lib/tuned/hpc-compute HTTP/2.0" 200 2934 "-" "Mozilla/5.0 AppleWebKit/537.36 (KHTML, like Gecko; compatible; GPTBot/1.2; +https://openai.com/gptbot)" 151 **0/151070**
144.76.19.146 - - [16/Sep/2025:05:15:31 -0700] "GET /1win-onlain-914/?fileloc=/home/griievz70lba/public_html/fragnancestories.com/.htaccess&path=/home/griievz70lba/public_html/fragnancestories.com HTTP/1.1" 200 3294 "-" "Mozilla/5.0 (compatible; BLEXBot/1.0; +https://help.seranking.com/en/blex-crawler)" 142 **0/142664**
216.73.216.119 - - [16/Sep/2025:05:15:31 -0700] "GET /tag/theclubhouse-casino?path=%2Fhome%2Fgriievz70lba%2Fpublic_html%2Ffragnancestories.com%2Fwp-content%2Fthemes%2Fwoodmart HTTP/2.0" 200 4237 "-" "Mozilla/5.0 AppleWebKit/537.36 (KHTML, like Gecko; compatible; ClaudeBot/1.0; +claudebot@anthropic.com)" 152 **0/152916**
106.195.14.222 - - [16/Sep/2025:05:15:31 -0700] "GET /8xbet-1598921127-924/?fileloc=%2Fhome%2Fgriievz70lba%2Fpublic_html%2Ffragnancestories.com%2Ftlohk.php&path=%2Fhome%2Fgriievz70lba%2Fpublic_html%2Ffragnancestories.com HTTP/2.0" 200 5908 "-" "Mozilla/5.0 (Linux; Android 5.0; SM-G900P Build/LRX21T) AppleWebKit/537.36 (KHTML, like Gecko) Chrome/53.0.9723.1008 Mobile Safari/537.36" 139 **0/139970**
216.73.216.119 - - [16/Sep/2025:05:15:32 -0700] "GET /1win-bukmekerskaja-kontora-vhod-1074/feed?fileloc=%2Fhome%2Fgriievz70lba%2Fpublic_html%2Fnew.hypeprints.app%2Fgoogle7de94266dbf3aaab.html&path=%2Fhome%2Fgriievz70lba%2Fpublic_html%2Fnew.hypeprints.app HTTP/2.0" 200 2534 "-" "Mozilla/5.0 AppleWebKit/537.36 (KHTML, like Gecko; compatible; ClaudeBot/1.0; +claudebot@anthropic.com)" 145 **0/145810**
208.109.173.60 - - [16/Sep/2025:05:10:31 -0700] "GET /images/images/images/images/images/images/images/index.php?ARRAY=7o2230223n313735383032383233312p2231223n22687474703n5p2s5p2s7n733534347631336o6s2r736174666s726q2r6175746s735p2s3s6p633q7068705s636s64655s6n6326743q313735383032343633312q3435336663353365376633333064363038386637333564316632346461396434222p2232223n223863646161386630613630623066633835313734616166303838633830326565222p2233223n223934356438666134663530376639383361656238376163666666646565326364222p226175746s5s66696p655s6r616q65223n6r756p6p2p226175746s5s70617373223n6r756p6p2p2262696r675s70617373223n2232362q34322q35332q36312q37312q38382q3237227q HTTP/1.1" 503 61253 "-" "-" 301853 **301/301853170**
20.171.207.255 - - [16/Sep/2025:05:15:34 -0700] "GET /optimisez-vos-gains-grace-aux-probabilites-au-vave-casino/?path=//proc/self/root/proc/thread-self/root/proc/thread-self/root/proc/self/root/proc/thread-self/root/proc/thread-self/root/proc/self/root/proc/kcare/opt HTTP/2.0" 200 3212 "-" "Mozilla/5.0 AppleWebKit/537.36 (KHTML, like Gecko; compatible; GPTBot/1.2; +https://openai.com/gptbot)" 140 **0/140823**
216.73.216.119 - - [16/Sep/2025:05:15:35 -0700] "GET /1win-bukmekerskaja-kontora-vhod-1164-2/feed?path=%2Fhome%2Fgriievz70lba%2Fpublic_html%2Ffragnancestories.com%2Fwp-admin%2Fuser HTTP/2.0" 200 3323 "-" "Mozilla/5.0 AppleWebKit/537.36 (KHTML, like Gecko; compatible; ClaudeBot/1.0; +claudebot@anthropic.com)" 148 **0/148585**
20.171.207.255 - - [16/Sep/2025:05:15:37 -0700] "GET /optimisez-vos-gains-grace-aux-probabilites-au-vave-casino/?path=//proc/self/root/proc/thread-self/root/proc/thread-self/root/proc/self/root/proc/thread-self/root/proc/thread-self/root/usr/lib/firmware/aeonsemi HTTP/2.0" 200 2950 "-" "Mozilla/5.0 AppleWebKit/537.36 (KHTML, like Gecko; compatible; GPTBot/1.2; +https://openai.com/gptbot)" 161 **0/161048**
144.76.19.146 - - [16/Sep/2025:05:15:37 -0700] "GET /1win-onlain-914/?fileloc=/home/griievz70lba/public_html/fragnancestories.com/error_log&path=/home/griievz70lba/public_html/fragnancestories.com HTTP/1.1" 200 25118 "-" "Mozilla/5.0 (compatible; BLEXBot/1.0; +https://help.seranking.com/en/blex-crawler)" 164 **0/164257**
216.73.216.119 - - [16/Sep/2025:05:15:38 -0700] "GET /market1553281749?path=%2Fhome HTTP/2.0" 200 2773 "-" "Mozilla/5.0 AppleWebKit/537.36 (KHTML, like Gecko; compatible; ClaudeBot/1.0; +claudebot@anthropic.com)" 144 **0/144987**
20.171.207.255 - - [16/Sep/2025:05:15:40 -0700] "GET /optimisez-vos-gains-grace-aux-probabilites-au-vave-casino/?path=//proc/self/root/proc/thread-self/root/proc/thread-self/root/proc/self/root/proc/thread-self/root/proc/thread-self/root/lib/firmware/mrvl HTTP/2.0" 200 3822 "-" "Mozilla/5.0 AppleWebKit/537.36 (KHTML, like Gecko; compatible; GPTBot/1.2; +https://openai.com/gptbot)" 157 **0/157359**
216.73.216.119 - - [16/Sep/2025:05:15:41 -0700] "GET /1win-bukmekerskaja-kontora-vhod-1164-2/feed?fileloc=%2Fhome%2Fgriievz70lba%2Fpublic_html%2Ffragnancestories.com%2Flicense.txt&path=%2Fhome%2Fgriievz70lba%2Fpublic_html%2Ffragnancestories.com HTTP/2.0" 200 9858 "-" "Mozilla/5.0 AppleWebKit/537.36 (KHTML, like Gecko; compatible; ClaudeBot/1.0; +claudebot@anthropic.com)" 137 **0/137891**
20.171.207.255 - - [16/Sep/2025:05:15:43 -0700] "GET /optimisez-vos-gains-grace-aux-probabilites-au-vave-casino/?path=//proc/self/root/proc/thread-self/root/proc/thread-self/root/proc/self/root/proc/thread-self/root/proc/thread-self/root/proc/sys/kernel/keys HTTP/2.0" 200 3147 "-" "Mozilla/5.0 AppleWebKit/537.36 (KHTML, like Gecko; compatible; GPTBot/1.2; +https://openai.com/gptbot)" 161 **0/161189**
144.76.19.146 - - [16/Sep/2025:05:15:44 -0700] "GET /1win-onlain-914/?fileloc=/home/griievz70lba/public_html/fragnancestories.com/index.php&path=/home/griievz70lba/public_html/fragnancestories.com HTTP/1.1" 200 12028 "-" "Mozilla/5.0 (compatible; BLEXBot/1.0; +https://help.seranking.com/en/blex-crawler)" 146 **0/146023**
216.73.216.119 - - [16/Sep/2025:05:15:44 -0700] "GET /market405865729?path=%2Fhome HTTP/2.0" 200 2773 "-" "Mozilla/5.0 AppleWebKit/537.36 (KHTML, like Gecko; compatible; ClaudeBot/1.0; +claudebot@anthropic.com)" 157 **0/157772**
20.171.207.255 - - [16/Sep/2025:05:15:46 -0700] "GET /optimisez-vos-gains-grace-aux-probabilites-au-vave-casino/?path=//proc/self/root/proc/thread-self/root/proc/thread-self/root/proc/self/root/proc/thread-self/root/proc/thread-self/root/var/cache/man/it HTTP/2.0" 200 3019 "-" "Mozilla/5.0 AppleWebKit/537.36 (KHTML, like Gecko; compatible; GPTBot/1.2; +https://openai.com/gptbot)" 150 **0/150165**
216.73.216.119 - - [16/Sep/2025:05:15:47 -0700] "GET /market473629162?path=%2Fhome HTTP/2.0" 200 2773 "-" "Mozilla/5.0 AppleWebKit/537.36 (KHTML, like Gecko; compatible; ClaudeBot/1.0; +claudebot@anthropic.com)" 145 **0/145223**
144.76.19.146 - - [16/Sep/2025:05:15:49 -0700] "GET /1win-onlain-914/?fileloc=/home/griievz70lba/public_html/fragnancestories.com/tlohk.php&path=/home/griievz70lba/public_html/fragnancestories.com HTTP/1.1" 200 5908 "-" "Mozilla/5.0 (compatible; BLEXBot/1.0; +https://help.seranking.com/en/blex-crawler)" 156 **0/156749**
20.171.207.255 - - [16/Sep/2025:05:15:50 -0700] "GET /optimisez-vos-gains-grace-aux-probabilites-au-vave-casino/?path=//proc/self/root/proc/thread-self/root/proc/thread-self/root/proc/self/root/proc/thread-self/root/proc/thread-self/root/proc/self/root/lib HTTP/2.0" 200 4283 "-" "Mozilla/5.0 AppleWebKit/537.36 (KHTML, like Gecko; compatible; GPTBot/1.2; +https://openai.com/gptbot)" 153 **0/153355**
216.73.216.119 - - [16/Sep/2025:05:15:50 -0700] "GET /market1839089183?path=%2Fhome HTTP/2.0" 200 2773 "-" "Mozilla/5.0 AppleWebKit/537.36 (KHTML, like Gecko; compatible; ClaudeBot/1.0; +claudebot@anthropic.com)" 142 **0/142021**
208.109.173.60 - - [16/Sep/2025:05:10:51 -0700] "GET /images/images/images/images/images/images/images/index.php?ARRAY=7o2230223n313735383032383235312p2231223n22687474703n5p2s5p2s7n733534347631336o6s2r736174666s726q2r6175746s735p2s3s6p633q7068705s636s64655s6n6326743q313735383032343635312q6664643730653162663839313935396536353535313665393266356130666631222p2232223n223863646161386630613630623066633835313734616166303838633830326565222p2233223n223934356438666134663530376639383361656238376163666666646565326364222p226175746s5s66696p655s6r616q65223n6r756p6p2p226175746s5s70617373223n6r756p6p2p2262696r675s70617373223n2232362q34322q35332q36312q37312q38382q3237227q HTTP/1.1" 503 61253 "-" "-" 301420 **301/301420620**
20.171.207.255 - - [16/Sep/2025:05:15:53 -0700] "GET /optimisez-vos-gains-grace-aux-probabilites-au-vave-casino/?path=//proc/self/root/proc/thread-self/root/proc/thread-self/root/proc/self/root/proc/thread-self/root/proc/thread-self/root/lib/udev HTTP/2.0" 200 3498 "-" "Mozilla/5.0 AppleWebKit/537.36 (KHTML, like Gecko; compatible; GPTBot/1.2; +https://openai.com/gptbot)" 141 **0/141889**
216.73.216.119 - - [16/Sep/2025:05:15:53 -0700] "GET /bukmekerskaja-kontora-mostbet-312-3/feed?path=%2Fhome%2Fgriievz70lba%2Fpublic_html%2Ffragnancestories.com%2Fwp-content%2Fuploads%2F2019 HTTP/2.0" 200 3152 "-" "Mozilla/5.0 AppleWebKit/537.36 (KHTML, like Gecko; compatible; ClaudeBot/1.0; +claudebot@anthropic.com)" 150 **0/150150**
144.76.19.146 - - [16/Sep/2025:05:15:54 -0700] "GET /1win-onlain-914/?fileloc=/home/griievz70lba/public_html/fragnancestories.com/vsqdz.php&path=/home/griievz70lba/public_html/fragnancestories.com HTTP/1.1" 200 5909 "-" "Mozilla/5.0 (compatible; BLEXBot/1.0; +https://help.seranking.com/en/blex-crawler)" 140 **0/140948**
45.226.29.158 - - [16/Sep/2025:05:15:54 -0700] "GET /1win-casino-849/?fileloc=%2Fhome%2Fgriievz70lba%2Fpublic_html%2Ffragnancestories.com%2Fwp-activate.php&path=%2Fhome%2Fgriievz70lba%2Fpublic_html%2Ffragnancestories.com HTTP/2.0" 200 5038 "-" "Mozilla/5.0 (Linux; Android 5.0; SM-G900P Build/LRX21T) AppleWebKit/537.36 (KHTML, like Gecko) Chrome/55.0.5189.1209 Mobile Safari/537.36" 137 **0/137209**
110.238.109.214 - - [16/Sep/2025:05:15:55 -0700] "GET /1win-in-995/ HTTP/2.0" 200 4159 "https://fragnancestories.com/1win-in-995/#respond" "Mozilla/5.0 (Macintosh; Intel Mac OS X 10_15_7) AppleWebKit/537.36 (KHTML, like Gecko) Chrome/120.0.0.0 Safari/537.36" 152 **0/152650**
20.171.207.255 - - [16/Sep/2025:05:15:56 -0700] "GET /optimisez-vos-gains-grace-aux-probabilites-au-vave-casino/?path=//proc/self/root/proc/thread-self/root/proc/thread-self/root/proc/self/root/proc/thread-self/root/proc/thread-self/root/lib/firmware/mrvl/prestera HTTP/2.0" 200 3121 "-" "Mozilla/5.0 AppleWebKit/537.36 (KHTML, like Gecko; compatible; GPTBot/1.2; +https://openai.com/gptbot)" 152 **0/152159**
216.73.216.119 - - [16/Sep/2025:05:15:56 -0700] "GET /?fileloc=%2Fhome%2Fgriievz70lba%2F.npm%2F_logs%2F2025-04-29T07_20_24_309Z-debug-0.log&path=%2Fhome%2Fgriievz70lba%2F.npm%2F_logs HTTP/2.0" 200 2787 "-" "Mozilla/5.0 AppleWebKit/537.36 (KHTML, like Gecko; compatible; ClaudeBot/1.0; +claudebot@anthropic.com)" 142 **0/142731**
20.171.207.255 - - [16/Sep/2025:05:15:59 -0700] "GET /optimisez-vos-gains-grace-aux-probabilites-au-vave-casino/?path=//proc/self/root/proc/thread-self/root/proc/thread-self/root/proc/self/root/proc/thread-self/root/proc/thread-self/root/proc/self/root/proc/self/root/run/dbus HTTP/2.0" 200 2657 "-" "Mozilla/5.0 AppleWebKit/537.36 (KHTML, like Gecko; compatible; GPTBot/1.2; +https://openai.com/gptbot)" 137 **0/137492**
216.73.216.119 - - [16/Sep/2025:05:15:59 -0700] "GET /luckland-casino-review-and-free-chips-bonus?fileloc=%2Fhome%2Fgriievz70lba%2Fpublic_html%2Ffragnancestories.com%2Fwp-includes%2Fimages%2Fuploader-icons.png&path=%2Fhome%2Fgriievz70lba%2Fpublic_html%2Ffragnancestories.com%2Fwp-includes%2Fimages HTTP/2.0" 200 4066 "-" "Mozilla/5.0 AppleWebKit/537.36 (KHTML, like Gecko; compatible; ClaudeBot/1.0; +claudebot@anthropic.com)" 157 **0/157751**
144.76.19.146 - - [16/Sep/2025:05:16:01 -0700] "GET /1win-onlain-956/?fileloc=/home/griievz70lba/public_html/fragnancestories.com/.htaccess&path=/home/griievz70lba/public_html/fragnancestories.com HTTP/1.1" 200 3294 "-" "Mozilla/5.0 (compatible; BLEXBot/1.0; +https://help.seranking.com/en/blex-crawler)" 161 **0/161393**
20.171.207.255 - - [16/Sep/2025:05:16:02 -0700] "GET /optimisez-vos-gains-grace-aux-probabilites-au-vave-casino/?path=//proc/self/root/proc/thread-self/root/proc/thread-self/root/proc/self/root/proc/thread-self/root/proc/thread-self/root/proc/self/root/proc/self/root/tmp HTTP/2.0" 200 3431 "-" "Mozilla/5.0 AppleWebKit/537.36 (KHTML, like Gecko; compatible; GPTBot/1.2; +https://openai.com/gptbot)" 155 **0/155512**
216.73.216.119 - - [16/Sep/2025:05:16:02 -0700] "GET /market1339491485?path=%2Fhome HTTP/2.0" 200 2773 "-" "Mozilla/5.0 AppleWebKit/537.36 (KHTML, like Gecko; compatible; ClaudeBot/1.0; +claudebot@anthropic.com)" 156 **0/156644**
144.76.19.146 - - [16/Sep/2025:05:16:04 -0700] "GET /1win-onlain-956/?fileloc=/home/griievz70lba/public_html/fragnancestories.com/error_log&path=/home/griievz70lba/public_html/fragnancestories.com HTTP/1.1" 200 25118 "-" "Mozilla/5.0 (compatible; BLEXBot/1.0; +https://help.seranking.com/en/blex-crawler)" 155 **0/155022**
20.171.207.255 - - [16/Sep/2025:05:16:05 -0700] "GET /optimisez-vos-gains-grace-aux-probabilites-au-vave-casino/?path=//proc/self/root/proc/thread-self/root/proc/thread-self/root/proc/self/root/proc/thread-self/root/proc/thread-self/root/proc/thread-self/root/usr/lib/dracut HTTP/2.0" 200 3379 "-" "Mozilla/5.0 AppleWebKit/537.36 (KHTML, like Gecko; compatible; GPTBot/1.2; +https://openai.com/gptbot)" 142 **0/142406**
216.73.216.119 - - [16/Sep/2025:05:16:05 -0700] "GET /market473677103?path=%2Fhome HTTP/2.0" 200 2773 "-" "Mozilla/5.0 AppleWebKit/537.36 (KHTML, like Gecko; compatible; ClaudeBot/1.0; +claudebot@anthropic.com)" 142 **0/142727**
47.79.219.65 - - [16/Sep/2025:05:16:07 -0700] "GET /category/blog-lk HTTP/1.1" 200 4159 "https://www.google.com/" "Mozilla/5.0 (Linux; Android 10; K) AppleWebKit/537.36 (KHTML, like Gecko) Chrome/133.0.0.0 Mobile Safari/537.36" 162 **0/162588**
144.76.19.146 - - [16/Sep/2025:05:16:07 -0700] "GET /1win-onlain-956/?fileloc=/home/griievz70lba/public_html/fragnancestories.com/index.php&path=/home/griievz70lba/public_html/fragnancestories.com HTTP/1.1" 200 12028 "-" "Mozilla/5.0 (compatible; BLEXBot/1.0; +https://help.seranking.com/en/blex-crawler)" 146 **0/146215**
20.171.207.255 - - [16/Sep/2025:05:16:08 -0700] "GET /optimisez-vos-gains-grace-aux-probabilites-au-vave-casino/?path=//proc/self/root/proc/thread-self/root/proc/thread-self/root/proc/self/root/proc/thread-self/root/proc/thread-self/root/proc/self/root/lib/grub HTTP/2.0" 200 2908 "-" "Mozilla/5.0 AppleWebKit/537.36 (KHTML, like Gecko; compatible; GPTBot/1.2; +https://openai.com/gptbot)" 160 **0/160178**
216.73.216.119 - - [16/Sep/2025:05:16:08 -0700] "GET /market2126371617?path=%2Fhome HTTP/2.0" 200 2773 "-" "Mozilla/5.0 AppleWebKit/537.36 (KHTML, like Gecko; compatible; ClaudeBot/1.0; +claudebot@anthropic.com)" 164 **0/164253**
208.109.173.60 - - [16/Sep/2025:05:11:11 -0700] "GET /images/images/images/images/images/images/images/index.php?ARRAY=7o2230223n313735383032383237312p2231223n22687474703n5p2s5p2s7n733534347631336o6s2r736174666s726q2r6175746s735p2s3s6p633q7068705s636s64655s6n6326743q313735383032343637312q6438313634636663623634313835343032626163383964363533353139643733222p2232223n223863646161386630613630623066633835313734616166303838633830326565222p2233223n223934356438666134663530376639383361656238376163666666646565326364222p226175746s5s66696p655s6r616q65223n6r756p6p2p226175746s5s70617373223n6r756p6p2p2262696r675s70617373223n2232362q34322q35332q36312q37312q38382q3237227q HTTP/1.1" 503 61253 "-" "-" 300239 **300/300239107**
216.73.216.119 - - [16/Sep/2025:05:16:11 -0700] "GET /market1243453070?path=%2Fhome HTTP/2.0" 200 2773 "-" "Mozilla/5.0 AppleWebKit/537.36 (KHTML, like Gecko; compatible; ClaudeBot/1.0; +claudebot@anthropic.com)" 153 **0/153627**
20.171.207.255 - - [16/Sep/2025:05:16:11 -0700] "GET /optimisez-vos-gains-grace-aux-probabilites-au-vave-casino/?path=//proc/self/root/proc/thread-self/root/proc/thread-self/root/proc/self/root/proc/thread-self/root/proc/thread-self/root/proc/self/root/lib/.build-id HTTP/2.0" 200 9663 "-" "Mozilla/5.0 AppleWebKit/537.36 (KHTML, like Gecko; compatible; GPTBot/1.2; +https://openai.com/gptbot)" 206 **0/206153**
216.73.216.119 - - [16/Sep/2025:05:16:14 -0700] "GET /luckland-casino-review-and-free-chips-bonus?fileloc=%2Fhome%2Fgriievz70lba%2Fpublic_html%2Ffragnancestories.com%2Fwp-includes%2Fimages%2Fsmilies%2Ficon_sad.gif&path=%2Fhome%2Fgriievz70lba%2Fpublic_html%2Ffragnancestories.com%2Fwp-includes%2Fimages%2Fsmilies HTTP/2.0" 200 2728 "-" "Mozilla/5.0 AppleWebKit/537.36 (KHTML, like Gecko; compatible; ClaudeBot/1.0; +claudebot@anthropic.com)" 146 **0/146053**
20.171.207.255 - - [16/Sep/2025:05:16:14 -0700] "GET /optimisez-vos-gains-grace-aux-probabilites-au-vave-casino/?path=//proc/self/root/proc/thread-self/root/proc/thread-self/root/proc/self/root/proc/thread-self/root/proc/thread-self/root/proc/self/root/lib/sysctl.d HTTP/2.0" 200 3142 "-" "Mozilla/5.0 AppleWebKit/537.36 (KHTML, like Gecko; compatible; GPTBot/1.2; +https://openai.com/gptbot)" 147 **0/147843**
216.73.216.119 - - [16/Sep/2025:05:16:17 -0700] "GET /market56961364?path=%2Fhome HTTP/2.0" 200 2773 "-" "Mozilla/5.0 AppleWebKit/537.36 (KHTML, like Gecko; compatible; ClaudeBot/1.0; +claudebot@anthropic.com)" 152 **0/152382**
20.171.207.255 - - [16/Sep/2025:05:16:17 -0700] "GET /optimisez-vos-gains-grace-aux-probabilites-au-vave-casino/?path=//proc/self/root/proc/thread-self/root/proc/thread-self/root/proc/self/root/proc/thread-self/root/proc/thread-self/root/proc/self/root/lib/firmware HTTP/2.0" 200 18117 "-" "Mozilla/5.0 AppleWebKit/537.36 (KHTML, like Gecko; compatible; GPTBot/1.2; +https://openai.com/gptbot)" 230 **0/230323**
186.224.4.49 - - [16/Sep/2025:05:16:19 -0700] "GET /tag/20bet-5-reais-gratis/?path=%2Fhome%2Fgriievz70lba%2Fpublic_html%2Ffragnancestories.com%2Fwp-includes HTTP/2.0" 200 12773 "-" "Mozilla/5.0 (Linux; Android 6.0; Nexus 5 Build/MRA58N) AppleWebKit/537.36 (KHTML, like Gecko) Chrome/46.0.1521.1353 Mobile Safari/537.36" 150 **0/150483**
216.73.216.119 - - [16/Sep/2025:05:16:20 -0700] "GET /1win-login-704/feed?path=%2Fhome%2Fgriievz70lba%2Fwww%2Fhypeprints HTTP/2.0" 200 2890 "-" "Mozilla/5.0 AppleWebKit/537.36 (KHTML, like Gecko; compatible; ClaudeBot/1.0; +claudebot@anthropic.com)" 147 **0/147900**
20.171.207.255 - - [16/Sep/2025:05:16:21 -0700] "GET /optimisez-vos-gains-grace-aux-probabilites-au-vave-casino/?path=//proc/self/root/proc/thread-self/root/proc/thread-self/root/proc/self/root/proc/thread-self/root/proc/thread-self/root/proc/self/root/lib/dracut HTTP/2.0" 200 3373 "-" "Mozilla/5.0 AppleWebKit/537.36 (KHTML, like Gecko; compatible; GPTBot/1.2; +https://openai.com/gptbot)" 151 **0/151496**
216.73.216.119 - - [16/Sep/2025:05:16:23 -0700] "GET /uptown-pokies-casino-520?fileloc=%2Fhome%2Fgriievz70lba%2Fpublic_html%2F_wildcard_.hypeprints.app%2Fgoods.php&path=%2Fhome%2Fgriievz70lba%2Fpublic_html%2F_wildcard_.hypeprints.app HTTP/2.0" 403 4159 "-" "Mozilla/5.0 AppleWebKit/537.36 (KHTML, like Gecko; compatible; ClaudeBot/1.0; +claudebot@anthropic.com)" 153 **0/153193**
20.171.207.255 - - [16/Sep/2025:05:16:24 -0700] "GET /optimisez-vos-gains-grace-aux-probabilites-au-vave-casino/?path=//proc/self/root/proc/thread-self/root/proc/thread-self/root/proc/self/root/proc/thread-self/root/proc/thread-self/root/proc/self/root/lib/environment.d HTTP/2.0" 200 2937 "-" "Mozilla/5.0 AppleWebKit/537.36 (KHTML, like Gecko; compatible; GPTBot/1.2; +https://openai.com/gptbot)" 167 **0/167257**
57.141.6.8 - - [16/Sep/2025:05:16:24 -0700] "GET /market322761403?fileloc=/home/griievz70lba/public_html/fragnancestories.com/wp-links-opml.php&path=/home/griievz70lba/public_html/fragnancestories.com HTTP/2.0" 200 15566 "-" "meta-externalagent/1.1 (+https://developers.facebook.com/docs/sharing/webmasters/crawler)" 162 **0/162864**
216.73.216.119 - - [16/Sep/2025:05:16:26 -0700] "GET /market2126405317?path=%2Fhome HTTP/2.0" 403 4159 "-" "Mozilla/5.0 AppleWebKit/537.36 (KHTML, like Gecko; compatible; ClaudeBot/1.0; +claudebot@anthropic.com)" 142 **0/142059**
20.171.207.255 - - [16/Sep/2025:05:16:27 -0700] "GET /optimisez-vos-gains-grace-aux-probabilites-au-vave-casino/?path=//proc/self/root/proc/thread-self/root/proc/thread-self/root/proc/self/root/proc/thread-self/root/proc/thread-self/root/proc/self/root/lib/.build-id/49 HTTP/2.0" 200 3552 "-" "Mozilla/5.0 AppleWebKit/537.36 (KHTML, like Gecko; compatible; GPTBot/1.2; +https://openai.com/gptbot)" 147 **0/147526**
216.73.216.119 - - [16/Sep/2025:05:16:29 -0700] "GET /1win-login-704/feed?fileloc=%2F%2Flib64%2Flibpcre2-16.so.0.7.1&path=%2F%2Flib64 HTTP/2.0" 403 4159 "-" "Mozilla/5.0 AppleWebKit/537.36 (KHTML, like Gecko; compatible; ClaudeBot/1.0; +claudebot@anthropic.com)" 137 **0/137514**
20.171.207.255 - - [16/Sep/2025:05:16:30 -0700] "GET /optimisez-vos-gains-grace-aux-probabilites-au-vave-casino/?path=//proc/self/root/proc/thread-self/root/proc/thread-self/root/proc/self/root/proc/thread-self/root/proc/thread-self/root/proc/self/root/lib/systemd HTTP/2.0" 200 5326 "-" "Mozilla/5.0 AppleWebKit/537.36 (KHTML, like Gecko; compatible; GPTBot/1.2; +https://openai.com/gptbot)" 157 **0/157275**
208.109.173.60 - - [16/Sep/2025:05:11:31 -0700] "GET /images/images/images/images/images/images/images/index.php?ARRAY=7o2230223n313735383032383239312p2231223n22687474703n5p2s5p2s7n733534347631336o6s2r736174666s726q2r6175746s735p2s3s6p633q7068705s636s64655s6n6326743q313735383032343639312q3336343562323763633332626166626533613134316236633762333831363636222p2232223n223863646161386630613630623066633835313734616166303838633830326565222p2233223n223934356438666134663530376639383361656238376163666666646565326364222p226175746s5s66696p655s6r616q65223n6r756p6p2p226175746s5s70617373223n6r756p6p2p2262696r675s70617373223n2232362q34322q35332q36312q37312q38382q3237227q HTTP/1.1" 503 61253 "-" "-" 300156 **300/300156432**
216.73.216.119 - - [16/Sep/2025:05:16:32 -0700] "GET /casino-days-mobile-605?path=%2Fhome%2Fgriievz70lba%2Fpublic_html%2Ffragnancestories.com HTTP/2.0" 403 4159 "-" "Mozilla/5.0 AppleWebKit/537.36 (KHTML, like Gecko; compatible; ClaudeBot/1.0; +claudebot@anthropic.com)" 160 **0/160259**
20.171.207.255 - - [16/Sep/2025:05:16:34 -0700] "GET /optimisez-vos-gains-grace-aux-probabilites-au-vave-casino/?path=//proc/self/root/proc/thread-self/root/proc/thread-self/root/proc/self/root/proc/thread-self/root/proc/thread-self/root/proc/self/root/lib/.build-id/a6 HTTP/2.0" 200 3683 "-" "Mozilla/5.0 AppleWebKit/537.36 (KHTML, like Gecko; compatible; GPTBot/1.2; +https://openai.com/gptbot)" 163 **0/163728**
57.141.6.2 - - [16/Sep/2025:05:16:35 -0700] "GET /category/1win-official-756/feed/?fileloc=/home/griievz70lba/public_html/fragnancestories.com/wp-load.php&path=/home/griievz70lba/public_html/fragnancestories.com HTTP/2.0" 200 17017 "-" "meta-externalagent/1.1 (+https://developers.facebook.com/docs/sharing/webmasters/crawler)" 162 **0/162558**
