52.167.144.229 - - [16/Sep/2025:23:12:41 -0700] "GET /u4490771/ HTTP/1.1" 200 1 "-" "Mozilla/5.0 AppleWebKit/537.36 (KHTML, like Gecko; compatible; bingbot/2.0; +http://www.bing.com/bingbot.htm) Chrome/116.0.1938.76 Safari/537.36" 11 **0/11294**
211.59.174.163 - - [16/Sep/2025:23:12:55 -0700] "CONNECT map.naver.com:443 HTTP/1.1" 200 - "-" "Mozilla/5.0" 10 **0/10504**
211.59.174.163 - - [16/Sep/2025:23:12:56 -0700] "CONNECT map.naver.com:443 HTTP/1.1" 200 - "-" "Mozilla/5.0" 3 **0/3886**
211.59.174.163 - - [16/Sep/2025:23:13:29 -0700] "CONNECT map.naver.com:443 HTTP/1.1" 200 - "-" "Mozilla/5.0" 9 **0/9257**
211.59.174.163 - - [16/Sep/2025:23:13:29 -0700] "CONNECT map.naver.com:443 HTTP/1.1" 200 - "-" "Mozilla/5.0" 8 **0/8240**
211.59.174.163 - - [16/Sep/2025:23:13:29 -0700] "\x16\x03\x01\x02" 400 - "-" "-" 1 **0/1885**
211.59.174.163 - - [16/Sep/2025:23:14:00 -0700] "-" 408 - "-" "-" 0 **0/94**
211.59.174.163 - - [16/Sep/2025:23:14:30 -0700] "-" 408 - "-" "-" 0 **0/61**
211.59.174.163 - - [16/Sep/2025:23:15:00 -0700] "-" 408 - "-" "-" 0 **0/78**
211.59.174.163 - - [16/Sep/2025:23:15:01 -0700] "CONNECT map.naver.com:443 HTTP/1.1" 200 - "-" "Mozilla/5.0" 4 **0/4819**
211.59.174.163 - - [16/Sep/2025:23:15:01 -0700] "GET /p/search/?? ??" 400 - "-" "-" 2 **0/2159**
91.224.92.17 - - [16/Sep/2025:23:15:25 -0700] "GET / HTTP/1.1" 200 - "-" "-" 4 **0/4437**
52.167.144.176 - - [16/Sep/2025:23:19:31 -0700] "GET /s4077805/ HTTP/1.1" 200 1 "-" "Mozilla/5.0 AppleWebKit/537.36 (KHTML, like Gecko; compatible; bingbot/2.0; +http://www.bing.com/bingbot.htm) Chrome/116.0.1938.76 Safari/537.36" 9 **0/9774**
43.159.132.207 - - [16/Sep/2025:23:19:49 -0700] "GET / HTTP/1.1" 200 - "-" "Mozilla/5.0 (iPhone; CPU iPhone OS 13_2_3 like Mac OS X) AppleWebKit/605.1.15 (KHTML, like Gecko) Version/13.0.3 Mobile/15E148 Safari/604.1" 5 **0/5483**
167.99.149.55 - - [16/Sep/2025:23:20:42 -0700] "GET / HTTP/1.1" 200 - "-" "Mozilla/5.0 (Windows NT 10.0; Win64; x64; rv:109.0) Gecko/20100101 Firefox/118.0" 7 **0/7676**
52.167.144.176 - - [16/Sep/2025:23:22:25 -0700] "GET /?tv/film-cameras/18dlf HTTP/1.1" 200 1 "-" "Mozilla/5.0 (Windows NT 10.0; Win64; x64) AppleWebKit/537.36 (KHTML, like Gecko) Chrome/112.0.0.0 Safari/537.36 Edg/112.0.1722.68" 6 **0/6427**
40.77.167.254 - - [16/Sep/2025:23:24:02 -0700] "GET /xe2617079/ HTTP/1.1" 200 1 "-" "Mozilla/5.0 AppleWebKit/537.36 (KHTML, like Gecko; compatible; bingbot/2.0; +http://www.bing.com/bingbot.htm) Chrome/116.0.1938.76 Safari/537.36" 13 **0/13639**
43.166.132.142 - - [16/Sep/2025:23:26:34 -0700] "GET / HTTP/1.1" 200 - "-" "Mozilla/5.0 (iPhone; CPU iPhone OS 13_2_3 like Mac OS X) AppleWebKit/605.1.15 (KHTML, like Gecko) Version/13.0.3 Mobile/15E148 Safari/604.1" 10 **0/10258**
40.77.167.254 - - [16/Sep/2025:23:29:19 -0700] "GET /s2379966/ HTTP/1.1" 200 1 "-" "Mozilla/5.0 AppleWebKit/537.36 (KHTML, like Gecko; compatible; bingbot/2.0; +http://www.bing.com/bingbot.htm) Chrome/116.0.1938.76 Safari/537.36" 8 **0/8968**
52.167.144.183 - - [16/Sep/2025:23:29:32 -0700] "GET /j1225777/ HTTP/1.1" 200 1 "-" "Mozilla/5.0 AppleWebKit/537.36 (KHTML, like Gecko; compatible; bingbot/2.0; +http://www.bing.com/bingbot.htm) Chrome/116.0.1938.76 Safari/537.36" 8 **0/8044**
52.167.144.183 - - [16/Sep/2025:23:29:52 -0700] "GET /qn4082596/ HTTP/1.1" 200 1 "-" "Mozilla/5.0 AppleWebKit/537.36 (KHTML, like Gecko; compatible; bingbot/2.0; +http://www.bing.com/bingbot.htm) Chrome/116.0.1938.76 Safari/537.36" 4 **0/4281**
46.101.96.186 - - [16/Sep/2025:23:32:07 -0700] "\x16\x03\x01\x01$\x01" 400 - "-" "-" 1 **0/1574**
40.77.167.20 - - [16/Sep/2025:23:34:22 -0700] "GET /xe4136184/ HTTP/1.1" 200 1 "-" "Mozilla/5.0 AppleWebKit/537.36 (KHTML, like Gecko; compatible; bingbot/2.0; +http://www.bing.com/bingbot.htm) Chrome/116.0.1938.76 Safari/537.36" 8 **0/8674**
40.77.167.16 - - [16/Sep/2025:23:48:00 -0700] "GET /wf2699485/ HTTP/1.1" 200 1 "-" "Mozilla/5.0 AppleWebKit/537.36 (KHTML, like Gecko; compatible; bingbot/2.0; +http://www.bing.com/bingbot.htm) Chrome/116.0.1938.76 Safari/537.36" 8 **0/8822**
52.167.144.158 - - [16/Sep/2025:23:48:02 -0700] "GET /wf3646398/ HTTP/1.1" 200 1 "-" "Mozilla/5.0 AppleWebKit/537.36 (KHTML, like Gecko; compatible; bingbot/2.0; +http://www.bing.com/bingbot.htm) Chrome/116.0.1938.76 Safari/537.36" 11 **0/11128**
208.110.64.178 - - [17/Sep/2025:00:00:03 -0700] "GET /wp-includes/edit.php HTTP/1.1" 200 1 "http://hypeprints.app/wp-includes/edit.php" "Mozilla/5.0 (Windows NT 10.0; Win64; x64) AppleWebKit/537.36 (KHTML, like Gecko) Chrome/58.0.3029.110 Safari/537.3" 37 **0/37299**
40.77.167.123 - - [17/Sep/2025:00:02:28 -0700] "GET /u3099791/ HTTP/1.1" 200 1 "-" "Mozilla/5.0 AppleWebKit/537.36 (KHTML, like Gecko; compatible; bingbot/2.0; +http://www.bing.com/bingbot.htm) Chrome/116.0.1938.76 Safari/537.36" 9 **0/9509**
208.110.64.178 - - [17/Sep/2025:00:02:29 -0700] "GET /wp-includes/pl9f1ad1/install.php HTTP/1.1" 200 1 "http://hypeprints.app/wp-includes/pl9f1ad1/install.php" "Mozilla/5.0 (Windows NT 10.0; Win64; x64) AppleWebKit/537.36 (KHTML, like Gecko) Chrome/58.0.3029.110 Safari/537.3" 10 **0/10620**
208.110.64.178 - - [17/Sep/2025:00:06:17 -0700] "GET /wp-includes/edit.php HTTP/1.1" 200 1 "http://hypeprints.app/wp-includes/edit.php" "Mozilla/5.0 (Windows NT 10.0; Win64; x64) AppleWebKit/537.36 (KHTML, like Gecko) Chrome/58.0.3029.110 Safari/537.3" 8 **0/8264**
208.110.64.178 - - [17/Sep/2025:00:08:34 -0700] "GET /wp-includes/pl9f1ad1/install.php HTTP/1.1" 200 1 "http://hypeprints.app/wp-includes/pl9f1ad1/install.php" "Mozilla/5.0 (Windows NT 10.0; Win64; x64) AppleWebKit/537.36 (KHTML, like Gecko) Chrome/58.0.3029.110 Safari/537.3" 10 **0/10538**
40.77.167.41 - - [17/Sep/2025:00:09:58 -0700] "GET /?home-appliances/air-conditioners/1vmqa HTTP/1.1" 200 1 "-" "Mozilla/5.0 AppleWebKit/537.36 (KHTML, like Gecko; compatible; bingbot/2.0; +http://www.bing.com/bingbot.htm) Chrome/116.0.1938.76 Safari/537.36" 5 **0/5207**
208.110.64.178 - - [17/Sep/2025:00:12:51 -0700] "GET /wp-includes/pl9f1ad1/install.php HTTP/1.1" 200 1 "http://hypeprints.app/wp-includes/pl9f1ad1/install.php" "Mozilla/5.0 (Windows NT 10.0; Win64; x64) AppleWebKit/537.36 (KHTML, like Gecko) Chrome/58.0.3029.110 Safari/537.3" 9 **0/9496**
40.77.167.41 - - [17/Sep/2025:00:13:03 -0700] "GET /wf4103324/ HTTP/1.1" 200 1 "-" "Mozilla/5.0 AppleWebKit/537.36 (KHTML, like Gecko; compatible; bingbot/2.0; +http://www.bing.com/bingbot.htm) Chrome/116.0.1938.76 Safari/537.36" 4 **0/4828**
208.110.64.178 - - [17/Sep/2025:00:14:54 -0700] "GET /wp-includes/edit.php HTTP/1.1" 200 1 "http://hypeprints.app/wp-includes/edit.php" "Mozilla/5.0 (Windows NT 10.0; Win64; x64) AppleWebKit/537.36 (KHTML, like Gecko) Chrome/58.0.3029.110 Safari/537.3" 11 **0/11754**
52.167.144.184 - - [17/Sep/2025:00:19:22 -0700] "GET /ks4594676/ HTTP/1.1" 200 1 "-" "Mozilla/5.0 AppleWebKit/537.36 (KHTML, like Gecko; compatible; bingbot/2.0; +http://www.bing.com/bingbot.htm) Chrome/116.0.1938.76 Safari/537.36" 10 **0/10213**
52.167.144.157 - - [17/Sep/2025:00:20:18 -0700] "GET /a3267785/ HTTP/1.1" 200 1 "-" "Mozilla/5.0 AppleWebKit/537.36 (KHTML, like Gecko; compatible; bingbot/2.0; +http://www.bing.com/bingbot.htm) Chrome/116.0.1938.76 Safari/537.36" 5 **0/5411**
204.12.252.98 - - [17/Sep/2025:00:23:23 -0700] "GET /wp-includes/edit.php HTTP/1.1" 200 1 "http://hypeprints.app/wp-includes/edit.php" "Mozilla/5.0 (Windows NT 10.0; Win64; x64) AppleWebKit/537.36 (KHTML, like Gecko) Chrome/58.0.3029.110 Safari/537.3" 9 **0/9843**
204.12.252.98 - - [17/Sep/2025:00:25:36 -0700] "GET /wp-includes/pl9f1ad1/install.php HTTP/1.1" 200 1 "http://hypeprints.app/wp-includes/pl9f1ad1/install.php" "Mozilla/5.0 (Windows NT 10.0; Win64; x64) AppleWebKit/537.36 (KHTML, like Gecko) Chrome/58.0.3029.110 Safari/537.3" 10 **0/10591**
204.12.252.98 - - [17/Sep/2025:00:30:17 -0700] "GET /wp-includes/pl9f1ad1/install.php HTTP/1.1" 200 1 "http://hypeprints.app/wp-includes/pl9f1ad1/install.php" "Mozilla/5.0 (Windows NT 10.0; Win64; x64) AppleWebKit/537.36 (KHTML, like Gecko) Chrome/58.0.3029.110 Safari/537.3" 5 **0/5136**
40.77.167.255 - - [17/Sep/2025:00:31:38 -0700] "GET /?home-appliances/futon-dryers/2ctwe HTTP/1.1" 200 1 "-" "Mozilla/5.0 AppleWebKit/537.36 (KHTML, like Gecko; compatible; bingbot/2.0; +http://www.bing.com/bingbot.htm) Chrome/116.0.1938.76 Safari/537.36" 4 **0/4026**
172.234.218.10 - - [17/Sep/2025:00:31:45 -0700] "GET / HTTP/1.0" 200 - "-" "-" 8 **0/8892**
208.110.64.178 - - [17/Sep/2025:00:31:59 -0700] "GET /wp-includes/edit.php HTTP/1.1" 200 1 "http://hypeprints.app/wp-includes/edit.php" "Mozilla/5.0 (Windows NT 10.0; Win64; x64) AppleWebKit/537.36 (KHTML, like Gecko) Chrome/58.0.3029.110 Safari/537.3" 11 **0/11121**
172.234.218.10 - - [17/Sep/2025:00:33:13 -0700] "GET /webui HTTP/1.1" 200 - "-" "Mozilla/5.0 (Linux; Android 11; SM-G316F; Build/RP1A.210523.49) AppleWebKit/537.36 (KHTML" 4 **0/4873**
172.234.218.10 - - [17/Sep/2025:00:33:13 -0700] "GET / HTTP/1.1" 200 - "-" "Mozilla/5.0 (Linux; Android 11; SM-G316F; Build/RP1A.210523.49) AppleWebKit/537.36 (KHTML" 5 **0/5783**
172.234.218.10 - - [17/Sep/2025:00:33:13 -0700] "GET / HTTP/1.1" 200 - "-" "Mozilla/5.0 (Linux; Android 11; SM-G316F; Build/RP1A.210523.49) AppleWebKit/537.36 (KHTML" 11 **0/11252**
172.234.218.10 - - [17/Sep/2025:00:33:14 -0700] "GET / HTTP/1.1" 200 - "-" "Mozilla/5.0 (Linux; Android 11; SM-G316F; Build/RP1A.210523.49) AppleWebKit/537.36 (KHTML" 4 **0/4411**
172.234.218.10 - - [17/Sep/2025:00:33:14 -0700] "GET /favicon.ico HTTP/1.1" 200 - "-" "Mozilla/5.0 (Linux; Android 11; SM-G316F; Build/RP1A.210523.49) AppleWebKit/537.36 (KHTML" 10 **0/10500**
172.234.218.10 - - [17/Sep/2025:00:33:14 -0700] "GET /owa/ HTTP/1.1" 200 - "-" "Mozilla/5.0 (Linux; Android 11; SM-G316F; Build/RP1A.210523.49) AppleWebKit/537.36 (KHTML" 5 **0/5259**
172.234.218.10 - - [17/Sep/2025:00:33:14 -0700] "GET /owa/ HTTP/1.1" 200 - "-" "Mozilla/5.0 (Linux; Android 11; SM-G316F; Build/RP1A.210523.49) AppleWebKit/537.36 (KHTML" 10 **0/10805**
172.234.218.10 - - [17/Sep/2025:00:33:23 -0700] "\x16\x03\x01\x02" 400 - "-" "-" 1 **0/1986**
172.234.218.10 - - [17/Sep/2025:00:33:35 -0700] "GET / HTTP/1.0" 200 - "-" "-" 5 **0/5345**
172.234.218.10 - - [17/Sep/2025:00:33:37 -0700] "GET / HTTP/1.1" 200 - "-" "-" 3 **0/3622**
52.167.144.184 - - [17/Sep/2025:00:35:47 -0700] "GET /?pet-supplies/dog-food/y85o HTTP/1.1" 200 1 "-" "Mozilla/5.0 AppleWebKit/537.36 (KHTML, like Gecko; compatible; bingbot/2.0; +http://www.bing.com/bingbot.htm) Chrome/116.0.1938.76 Safari/537.36" 4 **0/4621**
52.167.144.159 - - [17/Sep/2025:00:35:47 -0700] "GET /xe871772/ HTTP/1.1" 200 1 "-" "Mozilla/5.0 AppleWebKit/537.36 (KHTML, like Gecko; compatible; bingbot/2.0; +http://www.bing.com/bingbot.htm) Chrome/116.0.1938.76 Safari/537.36" 5 **0/5066**
208.110.64.178 - - [17/Sep/2025:00:37:03 -0700] "GET /wp-includes/edit.php HTTP/1.1" 200 1 "http://hypeprints.app/wp-includes/edit.php" "Mozilla/5.0 (Windows NT 10.0; Win64; x64) AppleWebKit/537.36 (KHTML, like Gecko) Chrome/58.0.3029.110 Safari/537.3" 3 **0/3663**
208.110.64.178 - - [17/Sep/2025:00:37:50 -0700] "GET /wp-includes/pl9f1ad1/install.php HTTP/1.1" 200 1 "http://hypeprints.app/wp-includes/pl9f1ad1/install.php" "Mozilla/5.0 (Windows NT 10.0; Win64; x64) AppleWebKit/537.36 (KHTML, like Gecko) Chrome/58.0.3029.110 Safari/537.3" 5 **0/5531**
198.235.24.247 - - [17/Sep/2025:00:38:31 -0700] "\x16\x03\x01" 400 - "-" "-" 1 **0/1957**
198.235.24.247 - - [17/Sep/2025:00:38:31 -0700] "\x16\x03\x01" 400 - "-" "-" 1 **0/1628**
43.131.23.154 - - [17/Sep/2025:00:39:15 -0700] "GET / HTTP/1.1" 200 - "-" "Mozilla/5.0 (iPhone; CPU iPhone OS 13_2_3 like Mac OS X) AppleWebKit/605.1.15 (KHTML, like Gecko) Version/13.0.3 Mobile/15E148 Safari/604.1" 6 **0/6396**
204.12.252.98 - - [17/Sep/2025:00:44:28 -0700] "GET /wp-includes/edit.php HTTP/1.1" 200 1 "http://hypeprints.app/wp-includes/edit.php" "Mozilla/5.0 (Windows NT 10.0; Win64; x64) AppleWebKit/537.36 (KHTML, like Gecko) Chrome/58.0.3029.110 Safari/537.3" 10 **0/10641**
20.65.194.61 - - [17/Sep/2025:00:46:48 -0700] "GET / HTTP/1.1" 200 - "-" "Mozilla/5.0 zgrab/0.x" 10 **0/10045**
135.237.126.79 - - [17/Sep/2025:00:47:28 -0700] "MGLNDD_132.148.251.191_80\n" 400 - "-" "-" 1 **0/1541**
208.110.64.178 - - [17/Sep/2025:00:51:58 -0700] "GET /wp-includes/pl9f1ad1/install.php HTTP/1.1" 200 1 "http://hypeprints.app/wp-includes/pl9f1ad1/install.php" "Mozilla/5.0 (Windows NT 10.0; Win64; x64) AppleWebKit/537.36 (KHTML, like Gecko) Chrome/58.0.3029.110 Safari/537.3" 6 **0/6142**
52.167.144.231 - - [17/Sep/2025:00:53:49 -0700] "GET /u2132030/ HTTP/1.1" 200 1 "-" "Mozilla/5.0 AppleWebKit/537.36 (KHTML, like Gecko; compatible; bingbot/2.0; +http://www.bing.com/bingbot.htm) Chrome/116.0.1938.76 Safari/537.36" 8 **0/8758**
208.110.64.178 - - [17/Sep/2025:00:54:27 -0700] "GET /wp-includes/pl9f1ad1/install.php HTTP/1.1" 200 1 "http://hypeprints.app/wp-includes/pl9f1ad1/install.php" "Mozilla/5.0 (Windows NT 10.0; Win64; x64) AppleWebKit/537.36 (KHTML, like Gecko) Chrome/58.0.3029.110 Safari/537.3" 9 **0/9008**
204.12.252.98 - - [17/Sep/2025:00:58:09 -0700] "GET /wp-includes/edit.php HTTP/1.1" 200 1 "http://hypeprints.app/wp-includes/edit.php" "Mozilla/5.0 (Windows NT 10.0; Win64; x64) AppleWebKit/537.36 (KHTML, like Gecko) Chrome/58.0.3029.110 Safari/537.3" 4 **0/4019**
204.12.252.98 - - [17/Sep/2025:01:09:22 -0700] "GET /wp-includes/pl9f1ad1/install.php HTTP/1.1" 200 1 "http://hypeprints.app/wp-includes/pl9f1ad1/install.php" "Mozilla/5.0 (Windows NT 10.0; Win64; x64) AppleWebKit/537.36 (KHTML, like Gecko) Chrome/58.0.3029.110 Safari/537.3" 10 **0/10491**
204.12.252.98 - - [17/Sep/2025:01:12:50 -0700] "GET /wp-includes/edit.php HTTP/1.1" 200 1 "http://hypeprints.app/wp-includes/edit.php" "Mozilla/5.0 (Windows NT 10.0; Win64; x64) AppleWebKit/537.36 (KHTML, like Gecko) Chrome/58.0.3029.110 Safari/537.3" 4 **0/4851**
185.242.226.113 - - [17/Sep/2025:01:14:40 -0700] "GET / HTTP/1.1" 200 - "-" "Mozilla/5.0 (Windows NT 10.0; Win64; x64) AppleWebKit/537.36 (KHTML, like Gecko) Chrome/88.0.4324.190 Safari/537.36" 10 **0/10138**
40.77.167.65 - - [17/Sep/2025:01:17:09 -0700] "GET /a2986321/ HTTP/1.1" 200 1 "-" "Mozilla/5.0 AppleWebKit/537.36 (KHTML, like Gecko; compatible; bingbot/2.0; +http://www.bing.com/bingbot.htm) Chrome/116.0.1938.76 Safari/537.36" 4 **0/4047**
182.44.9.147 - - [17/Sep/2025:01:22:20 -0700] "GET / HTTP/1.1" 200 - "-" "Mozilla/5.0 (iPhone; CPU iPhone OS 13_2_3 like Mac OS X) AppleWebKit/605.1.15 (KHTML, like Gecko) Version/13.0.3 Mobile/15E148 Safari/604.1" 10 **0/10526**
208.110.64.178 - - [17/Sep/2025:01:23:32 -0700] "GET /wp-includes/edit.php HTTP/1.1" 200 1 "http://hypeprints.app/wp-includes/edit.php" "Mozilla/5.0 (Windows NT 10.0; Win64; x64) AppleWebKit/537.36 (KHTML, like Gecko) Chrome/58.0.3029.110 Safari/537.3" 5 **0/5149**
208.110.64.178 - - [17/Sep/2025:01:25:49 -0700] "GET /wp-includes/pl9f1ad1/install.php HTTP/1.1" 200 1 "http://hypeprints.app/wp-includes/pl9f1ad1/install.php" "Mozilla/5.0 (Windows NT 10.0; Win64; x64) AppleWebKit/537.36 (KHTML, like Gecko) Chrome/58.0.3029.110 Safari/537.3" 5 **0/5352**
52.167.144.138 - - [17/Sep/2025:01:26:23 -0700] "GET /lz4575386/ HTTP/1.1" 200 1 "-" "Mozilla/5.0 AppleWebKit/537.36 (KHTML, like Gecko; compatible; bingbot/2.0; +http://www.bing.com/bingbot.htm) Chrome/116.0.1938.76 Safari/537.36" 10 **0/10136**
208.110.64.178 - - [17/Sep/2025:01:32:57 -0700] "GET /wp-includes/edit.php HTTP/1.1" 200 1 "http://hypeprints.app/wp-includes/edit.php" "Mozilla/5.0 (Windows NT 10.0; Win64; x64) AppleWebKit/537.36 (KHTML, like Gecko) Chrome/58.0.3029.110 Safari/537.3" 9 **0/9401**
204.12.252.98 - - [17/Sep/2025:01:37:47 -0700] "GET /wp-includes/pl9f1ad1/install.php HTTP/1.1" 200 1 "http://hypeprints.app/wp-includes/pl9f1ad1/install.php" "Mozilla/5.0 (Windows NT 10.0; Win64; x64) AppleWebKit/537.36 (KHTML, like Gecko) Chrome/58.0.3029.110 Safari/537.3" 4 **0/4230**
208.110.64.178 - - [17/Sep/2025:01:39:16 -0700] "GET /wp-includes/edit.php HTTP/1.1" 200 1 "http://hypeprints.app/wp-includes/edit.php" "Mozilla/5.0 (Windows NT 10.0; Win64; x64) AppleWebKit/537.36 (KHTML, like Gecko) Chrome/58.0.3029.110 Safari/537.3" 9 **0/9861**
52.167.144.18 - - [17/Sep/2025:01:39:26 -0700] "GET /wf2436090/ HTTP/1.1" 200 1 "-" "Mozilla/5.0 AppleWebKit/537.36 (KHTML, like Gecko; compatible; bingbot/2.0; +http://www.bing.com/bingbot.htm) Chrome/116.0.1938.76 Safari/537.36" 9 **0/9704**
79.124.58.198 - - [17/Sep/2025:01:39:34 -0700] "GET /?XDEBUG_SESSION_START=phpstorm HTTP/1.1" 200 - "-" "Mozilla/5.0 (Windows NT 10.0; Win64; x64) AppleWebKit/537.36 (KHTML, like Gecko) Chrome/78.0.3904.108 Safari/537.36" 3 **0/3948**
52.167.144.147 - - [17/Sep/2025:01:41:15 -0700] "GET /xe3350679/ HTTP/1.1" 200 1 "-" "Mozilla/5.0 AppleWebKit/537.36 (KHTML, like Gecko; compatible; bingbot/2.0; +http://www.bing.com/bingbot.htm) Chrome/116.0.1938.76 Safari/537.36" 3 **0/3964**
204.12.252.98 - - [17/Sep/2025:01:43:29 -0700] "GET /wp-includes/pl9f1ad1/install.php HTTP/1.1" 200 1 "http://hypeprints.app/wp-includes/pl9f1ad1/install.php" "Mozilla/5.0 (Windows NT 10.0; Win64; x64) AppleWebKit/537.36 (KHTML, like Gecko) Chrome/58.0.3029.110 Safari/537.3" 5 **0/5958**
52.167.144.147 - - [17/Sep/2025:01:44:43 -0700] "GET /wf2193403/ HTTP/1.1" 200 1 "-" "Mozilla/5.0 AppleWebKit/537.36 (KHTML, like Gecko; compatible; bingbot/2.0; +http://www.bing.com/bingbot.htm) Chrome/116.0.1938.76 Safari/537.36" 9 **0/9488**
52.167.144.147 - - [17/Sep/2025:01:47:15 -0700] "GET /j2089363/ HTTP/1.1" 200 1 "-" "Mozilla/5.0 AppleWebKit/537.36 (KHTML, like Gecko; compatible; bingbot/2.0; +http://www.bing.com/bingbot.htm) Chrome/116.0.1938.76 Safari/537.36" 9 **0/9921**
181.129.177.162 - - [17/Sep/2025:01:57:06 -0700] "GET / HTTP/1.1" 200 - "-" "Mozilla/5.0 (Windows NT 10.0; WOW64) AppleWebKit/537.36 (KHTML, like Gecko) Chrome/52.0.2743.116 Safari/537.36" 8 **0/8901**
204.12.252.98 - - [17/Sep/2025:01:57:53 -0700] "GET /wp-includes/edit.php HTTP/1.1" 200 1 "http://hypeprints.app/wp-includes/edit.php" "Mozilla/5.0 (Windows NT 10.0; Win64; x64) AppleWebKit/537.36 (KHTML, like Gecko) Chrome/58.0.3029.110 Safari/537.3" 10 **0/10993**
208.110.64.178 - - [17/Sep/2025:01:58:54 -0700] "GET /wp-includes/pl9f1ad1/install.php HTTP/1.1" 200 1 "http://hypeprints.app/wp-includes/pl9f1ad1/install.php" "Mozilla/5.0 (Windows NT 10.0; Win64; x64) AppleWebKit/537.36 (KHTML, like Gecko) Chrome/58.0.3029.110 Safari/537.3" 9 **0/9885**
52.167.144.160 - - [17/Sep/2025:02:05:53 -0700] "GET /qn2987462/ HTTP/1.1" 200 1 "-" "Mozilla/5.0 AppleWebKit/537.36 (KHTML, like Gecko; compatible; bingbot/2.0; +http://www.bing.com/bingbot.htm) Chrome/116.0.1938.76 Safari/537.36" 9 **0/9364**
216.180.246.167 - - [17/Sep/2025:02:06:41 -0700] "GET / HTTP/1.0" 200 - "-" "'Mozilla/5.0 (compatible; GenomeCrawlerd/1.0; +https://www.nokia.com/genomecrawler)'" 13 **0/13169**
216.180.246.167 - - [17/Sep/2025:02:06:52 -0700] "\x16\x03\x01" 400 - "-" "-" 1 **0/1906**
216.180.246.167 - - [17/Sep/2025:02:07:34 -0700] "GET / HTTP/1.1" 200 - "-" "'Mozilla/5.0 (compatible; GenomeCrawlerd/1.0; +https://www.nokia.com/genomecrawler)'" 4 **0/4679**
208.110.64.178 - - [17/Sep/2025:02:09:12 -0700] "GET /wp-includes/edit.php HTTP/1.1" 200 1 "http://hypeprints.app/wp-includes/edit.php" "Mozilla/5.0 (Windows NT 10.0; Win64; x64) AppleWebKit/537.36 (KHTML, like Gecko) Chrome/58.0.3029.110 Safari/537.3" 8 **0/8988**
91.224.92.17 - - [17/Sep/2025:02:15:02 -0700] "GET / HTTP/1.1" 200 - "-" "-" 13 **0/13057**
40.77.167.55 - - [17/Sep/2025:02:15:07 -0700] "GET /wf3428872/ HTTP/1.1" 200 1 "-" "Mozilla/5.0 AppleWebKit/537.36 (KHTML, like Gecko; compatible; bingbot/2.0; +http://www.bing.com/bingbot.htm) Chrome/116.0.1938.76 Safari/537.36" 10 **0/10919**
204.12.252.98 - - [17/Sep/2025:02:16:57 -0700] "GET /wp-includes/pl9f1ad1/install.php HTTP/1.1" 200 1 "http://hypeprints.app/wp-includes/pl9f1ad1/install.php" "Mozilla/5.0 (Windows NT 10.0; Win64; x64) AppleWebKit/537.36 (KHTML, like Gecko) Chrome/58.0.3029.110 Safari/537.3" 3 **0/3872**
204.12.252.98 - - [17/Sep/2025:02:22:26 -0700] "GET /wp-includes/edit.php HTTP/1.1" 200 1 "http://hypeprints.app/wp-includes/edit.php" "Mozilla/5.0 (Windows NT 10.0; Win64; x64) AppleWebKit/537.36 (KHTML, like Gecko) Chrome/58.0.3029.110 Safari/537.3" 9 **0/9537**
204.12.252.98 - - [17/Sep/2025:02:25:02 -0700] "GET /wp-includes/pl9f1ad1/install.php HTTP/1.1" 200 1 "http://hypeprints.app/wp-includes/pl9f1ad1/install.php" "Mozilla/5.0 (Windows NT 10.0; Win64; x64) AppleWebKit/537.36 (KHTML, like Gecko) Chrome/58.0.3029.110 Safari/537.3" 15 **0/15290**
208.110.64.178 - - [17/Sep/2025:02:31:34 -0700] "GET /wp-includes/pl9f1ad1/install.php HTTP/1.1" 200 1 "http://hypeprints.app/wp-includes/pl9f1ad1/install.php" "Mozilla/5.0 (Windows NT 10.0; Win64; x64) AppleWebKit/537.36 (KHTML, like Gecko) Chrome/58.0.3029.110 Safari/537.3" 10 **0/10132**
204.12.252.98 - - [17/Sep/2025:02:34:47 -0700] "GET /wp-includes/edit.php HTTP/1.1" 200 1 "http://hypeprints.app/wp-includes/edit.php" "Mozilla/5.0 (Windows NT 10.0; Win64; x64) AppleWebKit/537.36 (KHTML, like Gecko) Chrome/58.0.3029.110 Safari/537.3" 9 **0/9962**
91.224.92.17 - - [17/Sep/2025:02:37:17 -0700] "GET / HTTP/1.1" 200 - "-" "-" 9 **0/9546**
40.77.167.150 - - [17/Sep/2025:02:38:40 -0700] "GET /u2077876/ HTTP/1.1" 200 1 "-" "Mozilla/5.0 AppleWebKit/537.36 (KHTML, like Gecko; compatible; bingbot/2.0; +http://www.bing.com/bingbot.htm) Chrome/116.0.1938.76 Safari/537.36" 7 **0/7778**
40.77.167.150 - - [17/Sep/2025:02:41:12 -0700] "GET /a798854/ HTTP/1.1" 200 1 "-" "Mozilla/5.0 AppleWebKit/537.36 (KHTML, like Gecko; compatible; bingbot/2.0; +http://www.bing.com/bingbot.htm) Chrome/116.0.1938.76 Safari/537.36" 4 **0/4908**
80.75.212.17 - - [17/Sep/2025:02:45:01 -0700] "CONNECT ipinfo.io:443 HTTP/1.1" 200 - "-" "Go-http-client/1.1" 5 **0/5360**
80.75.212.17 - - [17/Sep/2025:02:45:02 -0700] "\x16\x03\x01\x05\xcc\x01" 400 - "-" "-" 13 **0/13407**
40.77.167.159 - - [17/Sep/2025:02:45:25 -0700] "GET /xe1516795/ HTTP/1.1" 200 1 "-" "Mozilla/5.0 AppleWebKit/537.36 (KHTML, like Gecko; compatible; bingbot/2.0; +http://www.bing.com/bingbot.htm) Chrome/116.0.1938.76 Safari/537.36" 9 **0/9680**
208.110.64.178 - - [17/Sep/2025:02:46:52 -0700] "GET /wp-includes/pl9f1ad1/install.php HTTP/1.1" 200 1 "http://hypeprints.app/wp-includes/pl9f1ad1/install.php" "Mozilla/5.0 (Windows NT 10.0; Win64; x64) AppleWebKit/537.36 (KHTML, like Gecko) Chrome/58.0.3029.110 Safari/537.3" 11 **0/11233**
204.12.252.98 - - [17/Sep/2025:02:50:52 -0700] "GET /wp-includes/edit.php HTTP/1.1" 200 1 "http://hypeprints.app/wp-includes/edit.php" "Mozilla/5.0 (Windows NT 10.0; Win64; x64) AppleWebKit/537.36 (KHTML, like Gecko) Chrome/58.0.3029.110 Safari/537.3" 10 **0/10163**
52.167.144.137 - - [17/Sep/2025:02:53:06 -0700] "GET /art/guitars/1q4ha HTTP/1.1" 200 1 "-" "Mozilla/5.0 AppleWebKit/537.36 (KHTML, like Gecko; compatible; bingbot/2.0; +http://www.bing.com/bingbot.htm) Chrome/116.0.1938.76 Safari/537.36" 9 **0/9566**
43.130.16.212 - - [17/Sep/2025:02:55:00 -0700] "GET / HTTP/1.1" 200 - "-" "Mozilla/5.0 (iPhone; CPU iPhone OS 13_2_3 like Mac OS X) AppleWebKit/605.1.15 (KHTML, like Gecko) Version/13.0.3 Mobile/15E148 Safari/604.1" 5 **0/5985**
40.77.167.61 - - [17/Sep/2025:03:01:25 -0700] "GET /wf2191733/ HTTP/1.1" 200 1 "-" "Mozilla/5.0 AppleWebKit/537.36 (KHTML, like Gecko; compatible; bingbot/2.0; +http://www.bing.com/bingbot.htm) Chrome/116.0.1938.76 Safari/537.36" 8 **0/8390**
204.12.252.98 - - [17/Sep/2025:03:08:07 -0700] "GET /wp-includes/edit.php HTTP/1.1" 200 1 "http://hypeprints.app/wp-includes/edit.php" "Mozilla/5.0 (Windows NT 10.0; Win64; x64) AppleWebKit/537.36 (KHTML, like Gecko) Chrome/58.0.3029.110 Safari/537.3" 12 **0/12355**
40.77.167.26 - - [17/Sep/2025:03:17:31 -0700] "GET /s1129650/ HTTP/1.1" 200 1 "-" "Mozilla/5.0 AppleWebKit/537.36 (KHTML, like Gecko; compatible; bingbot/2.0; +http://www.bing.com/bingbot.htm) Chrome/116.0.1938.76 Safari/537.36" 10 **0/10857**
208.110.64.178 - - [17/Sep/2025:03:18:21 -0700] "GET /wp-includes/pl9f1ad1/install.php HTTP/1.1" 200 1 "http://hypeprints.app/wp-includes/pl9f1ad1/install.php" "Mozilla/5.0 (Windows NT 10.0; Win64; x64) AppleWebKit/537.36 (KHTML, like Gecko) Chrome/58.0.3029.110 Safari/537.3" 5 **0/5285**
204.12.252.98 - - [17/Sep/2025:03:20:42 -0700] "GET /wp-includes/edit.php HTTP/1.1" 200 1 "http://hypeprints.app/wp-includes/edit.php" "Mozilla/5.0 (Windows NT 10.0; Win64; x64) AppleWebKit/537.36 (KHTML, like Gecko) Chrome/58.0.3029.110 Safari/537.3" 9 **0/9757**
208.110.64.178 - - [17/Sep/2025:03:28:58 -0700] "GET /wp-includes/pl9f1ad1/install.php HTTP/1.1" 200 1 "http://hypeprints.app/wp-includes/pl9f1ad1/install.php" "Mozilla/5.0 (Windows NT 10.0; Win64; x64) AppleWebKit/537.36 (KHTML, like Gecko) Chrome/58.0.3029.110 Safari/537.3" 9 **0/9076**
91.224.92.17 - - [17/Sep/2025:03:30:37 -0700] "GET / HTTP/1.1" 200 - "-" "-" 5 **0/5055**
104.214.168.224 - - [17/Sep/2025:03:31:42 -0700] "GET /backend/.env HTTP/1.1" 403 - "-" "Mozilla/5.0 (Windows NT 10.0; Win64; x64) AppleWebKit/537.36 (KHTML, like Gecko) Chrome/91.0.4472.124 Safari/537.36" 3 **0/3543**
104.214.168.224 - - [17/Sep/2025:03:31:42 -0700] "GET /api/.env HTTP/1.1" 403 - "-" "Mozilla/5.0 (Windows NT 10.0; Win64; x64) AppleWebKit/537.36 (KHTML, like Gecko) Chrome/91.0.4472.124 Safari/537.36" 3 **0/3822**
104.214.168.224 - - [17/Sep/2025:03:31:42 -0700] "GET /app/.env HTTP/1.1" 403 - "-" "Mozilla/5.0 (Windows NT 10.0; Win64; x64) AppleWebKit/537.36 (KHTML, like Gecko) Chrome/91.0.4472.124 Safari/537.36" 3 **0/3033**
104.214.168.224 - - [17/Sep/2025:03:31:42 -0700] "GET /laravel/.env HTTP/1.1" 403 - "-" "Mozilla/5.0 (Windows NT 10.0; Win64; x64) AppleWebKit/537.36 (KHTML, like Gecko) Chrome/91.0.4472.124 Safari/537.36" 3 **0/3528**
104.214.168.224 - - [17/Sep/2025:03:31:42 -0700] "GET /public/.env HTTP/1.1" 403 - "-" "Mozilla/5.0 (Windows NT 10.0; Win64; x64) AppleWebKit/537.36 (KHTML, like Gecko) Chrome/91.0.4472.124 Safari/537.36" 4 **0/4202**
104.214.168.224 - - [17/Sep/2025:03:31:43 -0700] "GET /.env HTTP/1.1" 403 - "-" "Mozilla/5.0 (Windows NT 10.0; Win64; x64) AppleWebKit/537.36 (KHTML, like Gecko) Chrome/91.0.4472.124 Safari/537.36" 3 **0/3676**
104.214.168.224 - - [17/Sep/2025:03:31:43 -0700] "GET /src/.env HTTP/1.1" 403 - "-" "Mozilla/5.0 (Windows NT 10.0; Win64; x64) AppleWebKit/537.36 (KHTML, like Gecko) Chrome/91.0.4472.124 Safari/537.36" 9 **0/9018**
104.214.168.224 - - [17/Sep/2025:03:31:43 -0700] "GET /admin/.env HTTP/1.1" 403 - "-" "Mozilla/5.0 (Windows NT 10.0; Win64; x64) AppleWebKit/537.36 (KHTML, like Gecko) Chrome/91.0.4472.124 Safari/537.36" 3 **0/3850**
104.214.168.224 - - [17/Sep/2025:03:31:43 -0700] "GET /v1/.env HTTP/1.1" 403 - "-" "Mozilla/5.0 (Windows NT 10.0; Win64; x64) AppleWebKit/537.36 (KHTML, like Gecko) Chrome/91.0.4472.124 Safari/537.36" 10 **0/10976**
104.214.168.224 - - [17/Sep/2025:03:31:43 -0700] "GET /config/.env HTTP/1.1" 403 - "-" "Mozilla/5.0 (Windows NT 10.0; Win64; x64) AppleWebKit/537.36 (KHTML, like Gecko) Chrome/91.0.4472.124 Safari/537.36" 2 **0/2820**
104.214.168.224 - - [17/Sep/2025:03:31:43 -0700] "GET /v2/.env HTTP/1.1" 403 - "-" "Mozilla/5.0 (Windows NT 10.0; Win64; x64) AppleWebKit/537.36 (KHTML, like Gecko) Chrome/91.0.4472.124 Safari/537.36" 2 **0/2807**
104.214.168.224 - - [17/Sep/2025:03:31:43 -0700] "GET /www/.env HTTP/1.1" 403 - "-" "Mozilla/5.0 (Windows NT 10.0; Win64; x64) AppleWebKit/537.36 (KHTML, like Gecko) Chrome/91.0.4472.124 Safari/537.36" 2 **0/2806**
104.214.168.224 - - [17/Sep/2025:03:31:43 -0700] "GET /html/.env HTTP/1.1" 403 - "-" "Mozilla/5.0 (Windows NT 10.0; Win64; x64) AppleWebKit/537.36 (KHTML, like Gecko) Chrome/91.0.4472.124 Safari/537.36" 9 **0/9967**
104.214.168.224 - - [17/Sep/2025:03:31:43 -0700] "GET /web/.env HTTP/1.1" 403 - "-" "Mozilla/5.0 (Windows NT 10.0; Win64; x64) AppleWebKit/537.36 (KHTML, like Gecko) Chrome/91.0.4472.124 Safari/537.36" 3 **0/3696**
104.214.168.224 - - [17/Sep/2025:03:31:43 -0700] "GET /storage/.env HTTP/1.1" 403 - "-" "Mozilla/5.0 (Windows NT 10.0; Win64; x64) AppleWebKit/537.36 (KHTML, like Gecko) Chrome/91.0.4472.124 Safari/537.36" 3 **0/3005**
104.214.168.224 - - [17/Sep/2025:03:31:43 -0700] "GET /core/.env HTTP/1.1" 403 - "-" "Mozilla/5.0 (Windows NT 10.0; Win64; x64) AppleWebKit/537.36 (KHTML, like Gecko) Chrome/91.0.4472.124 Safari/537.36" 3 **0/3197**
104.214.168.224 - - [17/Sep/2025:03:31:43 -0700] "GET /system/.env HTTP/1.1" 403 - "-" "Mozilla/5.0 (Windows NT 10.0; Win64; x64) AppleWebKit/537.36 (KHTML, like Gecko) Chrome/91.0.4472.124 Safari/537.36" 3 **0/3033**
104.214.168.224 - - [17/Sep/2025:03:31:43 -0700] "GET /production/.env HTTP/1.1" 403 - "-" "Mozilla/5.0 (Windows NT 10.0; Win64; x64) AppleWebKit/537.36 (KHTML, like Gecko) Chrome/91.0.4472.124 Safari/537.36" 3 **0/3019**
104.214.168.224 - - [17/Sep/2025:03:31:43 -0700] "GET /dev/.env HTTP/1.1" 403 - "-" "Mozilla/5.0 (Windows NT 10.0; Win64; x64) AppleWebKit/537.36 (KHTML, like Gecko) Chrome/91.0.4472.124 Safari/537.36" 2 **0/2818**
104.214.168.224 - - [17/Sep/2025:03:31:43 -0700] "GET /development/.env HTTP/1.1" 403 - "-" "Mozilla/5.0 (Windows NT 10.0; Win64; x64) AppleWebKit/537.36 (KHTML, like Gecko) Chrome/91.0.4472.124 Safari/537.36" 3 **0/3483**
104.214.168.224 - - [17/Sep/2025:03:31:44 -0700] "GET /api/v2/.env HTTP/1.1" 403 - "-" "Mozilla/5.0 (Windows NT 10.0; Win64; x64) AppleWebKit/537.36 (KHTML, like Gecko) Chrome/91.0.4472.124 Safari/537.36" 3 **0/3076**
104.214.168.224 - - [17/Sep/2025:03:31:44 -0700] "GET /api/v1/.env HTTP/1.1" 403 - "-" "Mozilla/5.0 (Windows NT 10.0; Win64; x64) AppleWebKit/537.36 (KHTML, like Gecko) Chrome/91.0.4472.124 Safari/537.36" 4 **0/4685**
104.214.168.224 - - [17/Sep/2025:03:31:44 -0700] "GET /app/config/.env HTTP/1.1" 403 - "-" "Mozilla/5.0 (Windows NT 10.0; Win64; x64) AppleWebKit/537.36 (KHTML, like Gecko) Chrome/91.0.4472.124 Safari/537.36" 2 **0/2683**
104.214.168.224 - - [17/Sep/2025:03:31:44 -0700] "GET /test/.env HTTP/1.1" 403 - "-" "Mozilla/5.0 (Windows NT 10.0; Win64; x64) AppleWebKit/537.36 (KHTML, like Gecko) Chrome/91.0.4472.124 Safari/537.36" 2 **0/2556**
104.214.168.224 - - [17/Sep/2025:03:31:44 -0700] "GET /staging/.env HTTP/1.1" 403 - "-" "Mozilla/5.0 (Windows NT 10.0; Win64; x64) AppleWebKit/537.36 (KHTML, like Gecko) Chrome/91.0.4472.124 Safari/537.36" 3 **0/3750**
104.214.168.224 - - [17/Sep/2025:03:31:44 -0700] "GET /stage/.env HTTP/1.1" 403 - "-" "Mozilla/5.0 (Windows NT 10.0; Win64; x64) AppleWebKit/537.36 (KHTML, like Gecko) Chrome/91.0.4472.124 Safari/537.36" 3 **0/3311**
104.214.168.224 - - [17/Sep/2025:03:31:44 -0700] "GET /dashboard/.env HTTP/1.1" 403 - "-" "Mozilla/5.0 (Windows NT 10.0; Win64; x64) AppleWebKit/537.36 (KHTML, like Gecko) Chrome/91.0.4472.124 Safari/537.36" 3 **0/3487**
104.214.168.224 - - [17/Sep/2025:03:31:44 -0700] "GET /panel/.env HTTP/1.1" 403 - "-" "Mozilla/5.0 (Windows NT 10.0; Win64; x64) AppleWebKit/537.36 (KHTML, like Gecko) Chrome/91.0.4472.124 Safari/537.36" 6 **0/6364**
104.214.168.224 - - [17/Sep/2025:03:31:44 -0700] "GET /site/.env HTTP/1.1" 403 - "-" "Mozilla/5.0 (Windows NT 10.0; Win64; x64) AppleWebKit/537.36 (KHTML, like Gecko) Chrome/91.0.4472.124 Safari/537.36" 3 **0/3810**
104.214.168.224 - - [17/Sep/2025:03:31:44 -0700] "GET /main/.env HTTP/1.1" 403 - "-" "Mozilla/5.0 (Windows NT 10.0; Win64; x64) AppleWebKit/537.36 (KHTML, like Gecko) Chrome/91.0.4472.124 Safari/537.36" 3 **0/3501**
52.167.144.197 - - [17/Sep/2025:03:38:34 -0700] "GET /a4363883/ HTTP/1.1" 200 1 "-" "Mozilla/5.0 AppleWebKit/537.36 (KHTML, like Gecko; compatible; bingbot/2.0; +http://www.bing.com/bingbot.htm) Chrome/116.0.1938.76 Safari/537.36" 13 **0/13147**
52.167.144.157 - - [17/Sep/2025:03:45:36 -0700] "GET /lz971942/ HTTP/1.1" 200 1 "-" "Mozilla/5.0 AppleWebKit/537.36 (KHTML, like Gecko; compatible; bingbot/2.0; +http://www.bing.com/bingbot.htm) Chrome/116.0.1938.76 Safari/537.36" 10 **0/10113**
52.167.144.157 - - [17/Sep/2025:03:45:37 -0700] "GET /xe3999836/ HTTP/1.1" 200 1 "-" "Mozilla/5.0 AppleWebKit/537.36 (KHTML, like Gecko; compatible; bingbot/2.0; +http://www.bing.com/bingbot.htm) Chrome/116.0.1938.76 Safari/537.36" 5 **0/5277**
52.167.144.161 - - [17/Sep/2025:03:46:49 -0700] "GET /xe3176020/ HTTP/1.1" 200 1 "-" "Mozilla/5.0 AppleWebKit/537.36 (KHTML, like Gecko; compatible; bingbot/2.0; +http://www.bing.com/bingbot.htm) Chrome/116.0.1938.76 Safari/537.36" 8 **0/8070**
208.110.64.178 - - [17/Sep/2025:03:49:13 -0700] "GET /wp-includes/edit.php HTTP/1.1" 200 1 "http://hypeprints.app/wp-includes/edit.php" "Mozilla/5.0 (Windows NT 10.0; Win64; x64) AppleWebKit/537.36 (KHTML, like Gecko) Chrome/58.0.3029.110 Safari/537.3" 9 **0/9886**
208.110.64.178 - - [17/Sep/2025:03:54:19 -0700] "GET /wp-includes/pl9f1ad1/install.php HTTP/1.1" 200 1 "http://hypeprints.app/wp-includes/pl9f1ad1/install.php" "Mozilla/5.0 (Windows NT 10.0; Win64; x64) AppleWebKit/537.36 (KHTML, like Gecko) Chrome/58.0.3029.110 Safari/537.3" 9 **0/9239**
40.77.167.151 - - [17/Sep/2025:03:57:03 -0700] "GET /s2979606/ HTTP/1.1" 200 1 "-" "Mozilla/5.0 AppleWebKit/537.36 (KHTML, like Gecko; compatible; bingbot/2.0; +http://www.bing.com/bingbot.htm) Chrome/116.0.1938.76 Safari/537.36" 8 **0/8122**
40.77.167.26 - - [17/Sep/2025:03:59:01 -0700] "GET /ks2369252/ HTTP/1.1" 200 1 "-" "Mozilla/5.0 AppleWebKit/537.36 (KHTML, like Gecko; compatible; bingbot/2.0; +http://www.bing.com/bingbot.htm) Chrome/116.0.1938.76 Safari/537.36" 10 **0/10880**
204.12.252.98 - - [17/Sep/2025:04:00:15 -0700] "GET /wp-includes/edit.php HTTP/1.1" 200 1 "http://hypeprints.app/wp-includes/edit.php" "Mozilla/5.0 (Windows NT 10.0; Win64; x64) AppleWebKit/537.36 (KHTML, like Gecko) Chrome/58.0.3029.110 Safari/537.3" 5 **0/5659**
208.110.64.178 - - [17/Sep/2025:04:09:21 -0700] "GET /wp-includes/pl9f1ad1/install.php HTTP/1.1" 200 1 "http://hypeprints.app/wp-includes/pl9f1ad1/install.php" "Mozilla/5.0 (Windows NT 10.0; Win64; x64) AppleWebKit/537.36 (KHTML, like Gecko) Chrome/58.0.3029.110 Safari/537.3" 514 **0/514324**
40.77.167.254 - - [17/Sep/2025:04:21:50 -0700] "GET /wf2592488/ HTTP/1.1" 200 1 "-" "Mozilla/5.0 AppleWebKit/537.36 (KHTML, like Gecko; compatible; bingbot/2.0; +http://www.bing.com/bingbot.htm) Chrome/116.0.1938.76 Safari/537.36" 9 **0/9828**