57.141.6.42 - - [15/Sep/2025:06:04:06 -0700] "GET /market2517488795?kg=2514825730 HTTP/1.1" 200 61253 "-" "meta-externalagent/1.1 (+https://developers.facebook.com/docs/sharing/webmasters/crawler)" 144 **0/144075**
18.97.9.172 - - [15/Sep/2025:06:04:23 -0700] "GET /?toys/game/1uptp HTTP/1.1" 200 4159 "-" "CCBot/2.0 (https://commoncrawl.org/faq/)" 148 **0/148166**
57.141.6.47 - - [15/Sep/2025:06:04:29 -0700] "GET /market76813380?kg=0076733040 HTTP/1.1" 200 61253 "-" "meta-externalagent/1.1 (+https://developers.facebook.com/docs/sharing/webmasters/crawler)" 139 **0/139804**
57.141.6.66 - - [15/Sep/2025:06:04:42 -0700] "GET /market1711906420?kg=1710095824 HTTP/1.1" 200 61253 "-" "meta-externalagent/1.1 (+https://developers.facebook.com/docs/sharing/webmasters/crawler)" 145 **0/145251**
57.141.6.31 - - [15/Sep/2025:06:04:54 -0700] "GET /market1098668677?kg=1097507010 HTTP/1.1" 200 61253 "-" "meta-externalagent/1.1 (+https://developers.facebook.com/docs/sharing/webmasters/crawler)" 149 **0/149298**
57.141.6.61 - - [15/Sep/2025:06:04:54 -0700] "GET /market1813309404?kg=1811391504 HTTP/1.1" 200 61253 "-" "meta-externalagent/1.1 (+https://developers.facebook.com/docs/sharing/webmasters/crawler)" 134 **0/134770**
57.141.6.45 - - [15/Sep/2025:06:04:55 -0700] "GET /market684711683?kg=0683988066 HTTP/1.1" 200 61253 "-" "meta-externalagent/1.1 (+https://developers.facebook.com/docs/sharing/webmasters/crawler)" 142 **0/142091**
18.97.9.172 - - [15/Sep/2025:06:04:58 -0700] "GET /?computers/smartphones/1ci1b HTTP/1.1" 200 4159 "-" "CCBot/2.0 (https://commoncrawl.org/faq/)" 149 **0/149000**
57.141.6.75 - - [15/Sep/2025:06:04:58 -0700] "GET /market2331072905?kg=2328607106 HTTP/1.1" 200 61253 "-" "meta-externalagent/1.1 (+https://developers.facebook.com/docs/sharing/webmasters/crawler)" 140 **0/140908**
208.110.64.178 - - [15/Sep/2025:06:05:13 -0700] "GET /wp-content/admin.php HTTP/1.1" 200 1 "http://fragnancestories.com/wp-content/admin.php" "Mozilla/5.0 (Windows NT 10.0; Win64; x64) AppleWebKit/537.36 (KHTML, like Gecko) Chrome/58.0.3029.110 Safari/537.3" 5 **0/5641**
57.141.6.24 - - [15/Sep/2025:06:05:14 -0700] "GET /market2739108638?kg=2736211056 HTTP/1.1" 200 61253 "-" "meta-externalagent/1.1 (+https://developers.facebook.com/docs/sharing/webmasters/crawler)" 156 **0/156510**
57.141.6.52 - - [15/Sep/2025:06:05:23 -0700] "GET /market76752900?kg=0076672624 HTTP/1.1" 200 61253 "-" "meta-externalagent/1.1 (+https://developers.facebook.com/docs/sharing/webmasters/crawler)" 143 **0/143790**
57.141.6.9 - - [15/Sep/2025:06:05:29 -0700] "GET /market1712621674?kg=1710810320 HTTP/1.1" 200 61253 "-" "meta-externalagent/1.1 (+https://developers.facebook.com/docs/sharing/webmasters/crawler)" 138 **0/138604**
57.141.6.63 - - [15/Sep/2025:06:05:31 -0700] "GET /market1040102991?kg=1039003298 HTTP/1.1" 200 61253 "-" "meta-externalagent/1.1 (+https://developers.facebook.com/docs/sharing/webmasters/crawler)" 145 **0/145144**
57.141.6.24 - - [15/Sep/2025:06:05:35 -0700] "GET /market76643376?kg=0076563216 HTTP/1.1" 200 61253 "-" "meta-externalagent/1.1 (+https://developers.facebook.com/docs/sharing/webmasters/crawler)" 148 **0/148926**
18.97.9.172 - - [15/Sep/2025:06:05:36 -0700] "GET /?sports/cheering/iei4 HTTP/1.1" 200 4159 "-" "CCBot/2.0 (https://commoncrawl.org/faq/)" 136 **0/136605**
57.141.6.71 - - [15/Sep/2025:06:05:46 -0700] "GET /market869270537?kg=0868351618 HTTP/1.1" 200 61253 "-" "meta-externalagent/1.1 (+https://developers.facebook.com/docs/sharing/webmasters/crawler)" 145 **0/145049**
57.141.6.7 - - [15/Sep/2025:06:05:58 -0700] "GET /market248894964?kg=0248632528 HTTP/1.1" 200 61253 "-" "meta-externalagent/1.1 (+https://developers.facebook.com/docs/sharing/webmasters/crawler)" 147 **0/147745**
57.141.6.66 - - [15/Sep/2025:06:05:59 -0700] "GET /market1040101884?kg=1039002192 HTTP/1.1" 200 61253 "-" "meta-externalagent/1.1 (+https://developers.facebook.com/docs/sharing/webmasters/crawler)" 149 **0/149450**
57.141.6.57 - - [15/Sep/2025:06:06:01 -0700] "GET /market1673991533?kg=1672221058 HTTP/1.1" 200 61253 "-" "meta-externalagent/1.1 (+https://developers.facebook.com/docs/sharing/webmasters/crawler)" 161 **0/161167**
57.141.6.54 - - [15/Sep/2025:06:06:02 -0700] "GET /market887918988?kg=0886980336 HTTP/1.1" 200 61253 "-" "meta-externalagent/1.1 (+https://developers.facebook.com/docs/sharing/webmasters/crawler)" 150 **0/150486**
57.141.6.32 - - [15/Sep/2025:06:06:03 -0700] "GET /market1591642599?kg=1589959266 HTTP/1.1" 200 61253 "-" "meta-externalagent/1.1 (+https://developers.facebook.com/docs/sharing/webmasters/crawler)" 146 **0/146418**
57.141.6.21 - - [15/Sep/2025:06:06:05 -0700] "GET /market898386962?kg=0897437232 HTTP/1.1" 200 61253 "-" "meta-externalagent/1.1 (+https://developers.facebook.com/docs/sharing/webmasters/crawler)" 140 **0/140897**
18.97.9.172 - - [15/Sep/2025:06:06:13 -0700] "GET /?daily-necessities/writing-implements/gqwb HTTP/1.1" 200 4159 "-" "CCBot/2.0 (https://commoncrawl.org/faq/)" 146 **0/146337**
57.141.6.1 - - [15/Sep/2025:06:06:17 -0700] "GET /market1918199713?kg=1916170818 HTTP/1.1" 200 61253 "-" "meta-externalagent/1.1 (+https://developers.facebook.com/docs/sharing/webmasters/crawler)" 140 **0/140836**
57.141.6.34 - - [15/Sep/2025:06:06:21 -0700] "GET /market2129977624?kg=2127724624 HTTP/1.1" 200 61253 "-" "meta-externalagent/1.1 (+https://developers.facebook.com/docs/sharing/webmasters/crawler)" 143 **0/143503**
57.141.6.30 - - [15/Sep/2025:06:06:22 -0700] "GET /market121761249?kg=0121633346 HTTP/1.1" 200 61253 "-" "meta-externalagent/1.1 (+https://developers.facebook.com/docs/sharing/webmasters/crawler)" 144 **0/144132**
204.12.252.98 - - [15/Sep/2025:06:06:27 -0700] "GET /wp-includes/qq9f1ad1/edit.php HTTP/1.1" 200 1 "http://fragnancestories.com/wp-includes/qq9f1ad1/edit.php" "Mozilla/5.0 (Windows NT 10.0; Win64; x64) AppleWebKit/537.36 (KHTML, like Gecko) Chrome/58.0.3029.110 Safari/537.3" 5 **0/5966**
57.141.6.48 - - [15/Sep/2025:06:06:32 -0700] "GET /market858773541?kg=0857865730 HTTP/1.1" 200 61253 "-" "meta-externalagent/1.1 (+https://developers.facebook.com/docs/sharing/webmasters/crawler)" 153 **0/153356**
57.141.6.6 - - [15/Sep/2025:06:06:45 -0700] "GET /market869393289?kg=0868474242 HTTP/1.1" 200 61253 "-" "meta-externalagent/1.1 (+https://developers.facebook.com/docs/sharing/webmasters/crawler)" 137 **0/137577**
18.97.9.172 - - [15/Sep/2025:06:06:46 -0700] "GET /?audio/zoom-lens/2cpj9 HTTP/1.1" 200 4159 "-" "CCBot/2.0 (https://commoncrawl.org/faq/)" 207 **0/207361**
57.141.6.31 - - [15/Sep/2025:06:06:52 -0700] "GET /market1530982729?kg=1529363586 HTTP/1.1" 200 61253 "-" "meta-externalagent/1.1 (+https://developers.facebook.com/docs/sharing/webmasters/crawler)" 147 **0/147939**
18.97.9.172 - - [15/Sep/2025:06:07:20 -0700] "GET /ph2097838/ HTTP/1.1" 200 4159 "-" "CCBot/2.0 (https://commoncrawl.org/faq/)" 148 **0/148460**
57.141.6.63 - - [15/Sep/2025:06:07:33 -0700] "GET /market769405179?kg=0768591938 HTTP/1.1" 200 61253 "-" "meta-externalagent/1.1 (+https://developers.facebook.com/docs/sharing/webmasters/crawler)" 158 **0/158879**
57.141.6.5 - - [15/Sep/2025:06:07:35 -0700] "GET /market1094249552?kg=1093092560 HTTP/1.1" 200 61253 "-" "meta-externalagent/1.1 (+https://developers.facebook.com/docs/sharing/webmasters/crawler)" 142 **0/142642**
57.141.6.42 - - [15/Sep/2025:06:07:46 -0700] "GET /market2611978398?kg=2609215344 HTTP/1.1" 200 61253 "-" "meta-externalagent/1.1 (+https://developers.facebook.com/docs/sharing/webmasters/crawler)" 136 **0/136707**
18.97.9.172 - - [15/Sep/2025:06:07:54 -0700] "GET /?fishing/reels/ya8y HTTP/1.1" 200 4159 "-" "CCBot/2.0 (https://commoncrawl.org/faq/)" 145 **0/145840**
57.141.6.38 - - [15/Sep/2025:06:07:56 -0700] "GET /market2336658862?kg=2334187152 HTTP/1.1" 200 61253 "-" "meta-externalagent/1.1 (+https://developers.facebook.com/docs/sharing/webmasters/crawler)" 149 **0/149943**
57.141.6.24 - - [15/Sep/2025:06:07:57 -0700] "GET /market2611837640?kg=2609074736 HTTP/1.1" 200 61253 "-" "meta-externalagent/1.1 (+https://developers.facebook.com/docs/sharing/webmasters/crawler)" 137 **0/137840**
57.141.6.1 - - [15/Sep/2025:06:08:02 -0700] "GET /market1531584980?kg=1529965200 HTTP/1.1" 200 61253 "-" "meta-externalagent/1.1 (+https://developers.facebook.com/docs/sharing/webmasters/crawler)" 157 **0/157753**
57.141.6.47 - - [15/Sep/2025:06:08:13 -0700] "GET /market2576368684?kg=2573643312 HTTP/1.1" 200 61253 "-" "meta-externalagent/1.1 (+https://developers.facebook.com/docs/sharing/webmasters/crawler)" 139 **0/139110**
57.141.6.7 - - [15/Sep/2025:06:08:22 -0700] "GET /market2666945125?kg=2664123906 HTTP/1.1" 200 61253 "-" "meta-externalagent/1.1 (+https://developers.facebook.com/docs/sharing/webmasters/crawler)" 147 **0/147071**
57.141.6.73 - - [15/Sep/2025:06:08:28 -0700] "GET /market769924718?kg=0769110928 HTTP/1.1" 200 61253 "-" "meta-externalagent/1.1 (+https://developers.facebook.com/docs/sharing/webmasters/crawler)" 139 **0/139379**
18.97.9.172 - - [15/Sep/2025:06:08:30 -0700] "GET /?tv/action-cameras/objw HTTP/1.1" 200 4159 "-" "CCBot/2.0 (https://commoncrawl.org/faq/)" 150 **0/150614**
57.141.6.1 - - [15/Sep/2025:06:08:39 -0700] "GET /market1170528638?kg=1169290928 HTTP/1.1" 200 61253 "-" "meta-externalagent/1.1 (+https://developers.facebook.com/docs/sharing/webmasters/crawler)" 154 **0/154467**
57.141.6.31 - - [15/Sep/2025:06:08:42 -0700] "GET /market743402815?kg=0742617090 HTTP/1.1" 200 61253 "-" "meta-externalagent/1.1 (+https://developers.facebook.com/docs/sharing/webmasters/crawler)" 154 **0/154216**
57.141.6.62 - - [15/Sep/2025:06:08:42 -0700] "GET /market121792449?kg=0121664514 HTTP/1.1" 200 61253 "-" "meta-externalagent/1.1 (+https://developers.facebook.com/docs/sharing/webmasters/crawler)" 162 **0/162302**
57.141.6.54 - - [15/Sep/2025:06:08:54 -0700] "GET /market1098191546?kg=1097030384 HTTP/1.1" 200 61253 "-" "meta-externalagent/1.1 (+https://developers.facebook.com/docs/sharing/webmasters/crawler)" 156 **0/156913**
57.141.6.52 - - [15/Sep/2025:06:08:58 -0700] "GET /market1591557549?kg=1589874306 HTTP/1.1" 200 61253 "-" "meta-externalagent/1.1 (+https://developers.facebook.com/docs/sharing/webmasters/crawler)" 148 **0/148623**
57.141.6.47 - - [15/Sep/2025:06:09:06 -0700] "GET /market1551439206?kg=1549798416 HTTP/1.1" 200 61253 "-" "meta-externalagent/1.1 (+https://developers.facebook.com/docs/sharing/webmasters/crawler)" 152 **0/152043**
57.141.6.48 - - [15/Sep/2025:06:09:09 -0700] "GET /market1093016873?kg=1091861186 HTTP/1.1" 200 61253 "-" "meta-externalagent/1.1 (+https://developers.facebook.com/docs/sharing/webmasters/crawler)" 145 **0/145298**
57.141.6.5 - - [15/Sep/2025:06:09:16 -0700] "GET /market1518538086?kg=1516932112 HTTP/1.1" 200 61253 "-" "meta-externalagent/1.1 (+https://developers.facebook.com/docs/sharing/webmasters/crawler)" 150 **0/150228**
57.141.6.43 - - [15/Sep/2025:06:09:19 -0700] "GET /market2560132718?kg=2557424528 HTTP/1.1" 200 61253 "-" "meta-externalagent/1.1 (+https://developers.facebook.com/docs/sharing/webmasters/crawler)" 140 **0/140166**
57.141.6.60 - - [15/Sep/2025:06:09:24 -0700] "GET /market572304639?kg=0571699970 HTTP/1.1" 200 61253 "-" "meta-externalagent/1.1 (+https://developers.facebook.com/docs/sharing/webmasters/crawler)" 152 **0/152888**
57.141.6.1 - - [15/Sep/2025:06:09:27 -0700] "GET /market1098216116?kg=1097054928 HTTP/1.1" 200 61253 "-" "meta-externalagent/1.1 (+https://developers.facebook.com/docs/sharing/webmasters/crawler)" 149 **0/149302**
57.141.6.52 - - [15/Sep/2025:06:09:28 -0700] "GET /market1674097740?kg=1672327152 HTTP/1.1" 200 61253 "-" "meta-externalagent/1.1 (+https://developers.facebook.com/docs/sharing/webmasters/crawler)" 167 **0/167938**
57.141.6.49 - - [15/Sep/2025:06:09:34 -0700] "GET /market1794059677?kg=1792162146 HTTP/1.1" 200 61253 "-" "meta-externalagent/1.1 (+https://developers.facebook.com/docs/sharing/webmasters/crawler)" 145 **0/145903**
57.141.6.14 - - [15/Sep/2025:06:09:41 -0700] "GET /market2560484725?kg=2557776162 HTTP/1.1" 200 61253 "-" "meta-externalagent/1.1 (+https://developers.facebook.com/docs/sharing/webmasters/crawler)" 150 **0/150867**
57.141.6.53 - - [15/Sep/2025:06:09:43 -0700] "GET /market1917934025?kg=1915905410 HTTP/1.1" 200 61253 "-" "meta-externalagent/1.1 (+https://developers.facebook.com/docs/sharing/webmasters/crawler)" 143 **0/143172**
18.97.9.172 - - [15/Sep/2025:06:09:43 -0700] "GET /?air-conditioning/air-conditioners/1tkkx HTTP/1.1" 200 4159 "-" "CCBot/2.0 (https://commoncrawl.org/faq/)" 149 **0/149068**
57.141.6.61 - - [15/Sep/2025:06:09:44 -0700] "GET /market121953517?kg=0121825410 HTTP/1.1" 200 61253 "-" "meta-externalagent/1.1 (+https://developers.facebook.com/docs/sharing/webmasters/crawler)" 156 **0/156709**
57.141.6.26 - - [15/Sep/2025:06:09:45 -0700] "GET /market1551593320?kg=1549952368 HTTP/1.1" 200 61253 "-" "meta-externalagent/1.1 (+https://developers.facebook.com/docs/sharing/webmasters/crawler)" 158 **0/158655**
57.141.6.71 - - [15/Sep/2025:06:10:12 -0700] "GET /market1904880339?kg=1902865538 HTTP/1.1" 200 61253 "-" "meta-externalagent/1.1 (+https://developers.facebook.com/docs/sharing/webmasters/crawler)" 149 **0/149699**
57.141.6.9 - - [15/Sep/2025:06:10:50 -0700] "GET /market2809277932?kg=2806306096 HTTP/1.1" 200 61253 "-" "meta-externalagent/1.1 (+https://developers.facebook.com/docs/sharing/webmasters/crawler)" 165 **0/165451**
57.141.6.55 - - [15/Sep/2025:06:10:52 -0700] "GET /market1098732632?kg=1097570896 HTTP/1.1" 200 61253 "-" "meta-externalagent/1.1 (+https://developers.facebook.com/docs/sharing/webmasters/crawler)" 139 **0/139400**
57.141.6.29 - - [15/Sep/2025:06:10:54 -0700] "GET /market1256507831?kg=1255179138 HTTP/1.1" 200 61253 "-" "meta-externalagent/1.1 (+https://developers.facebook.com/docs/sharing/webmasters/crawler)" 146 **0/146215**
18.97.9.172 - - [15/Sep/2025:06:10:57 -0700] "GET /?tablets/smartphone-accessories/27ibi HTTP/1.1" 200 4159 "-" "CCBot/2.0 (https://commoncrawl.org/faq/)" 141 **0/141269**
57.141.6.38 - - [15/Sep/2025:06:11:05 -0700] "GET /market887314365?kg=0886376354 HTTP/1.1" 200 61253 "-" "meta-externalagent/1.1 (+https://developers.facebook.com/docs/sharing/webmasters/crawler)" 145 **0/145034**
57.141.6.23 - - [15/Sep/2025:06:11:07 -0700] "GET /market2129890492?kg=2127637584 HTTP/1.1" 200 61253 "-" "meta-externalagent/1.1 (+https://developers.facebook.com/docs/sharing/webmasters/crawler)" 149 **0/149783**
57.141.6.51 - - [15/Sep/2025:06:11:10 -0700] "GET /market393935134?kg=0393519216 HTTP/1.1" 200 61253 "-" "meta-externalagent/1.1 (+https://developers.facebook.com/docs/sharing/webmasters/crawler)" 141 **0/141214**
57.141.6.12 - - [15/Sep/2025:06:11:14 -0700] "GET /market1098206171?kg=1097044994 HTTP/1.1" 200 61253 "-" "meta-externalagent/1.1 (+https://developers.facebook.com/docs/sharing/webmasters/crawler)" 132 **0/132926**
57.141.6.11 - - [15/Sep/2025:06:11:15 -0700] "GET /market2796506803?kg=2793548482 HTTP/1.1" 200 61253 "-" "meta-externalagent/1.1 (+https://developers.facebook.com/docs/sharing/webmasters/crawler)" 145 **0/145481**
57.141.6.47 - - [15/Sep/2025:06:11:15 -0700] "GET /market2372717948?kg=2370208080 HTTP/1.1" 200 61253 "-" "meta-externalagent/1.1 (+https://developers.facebook.com/docs/sharing/webmasters/crawler)" 162 **0/162216**
57.141.6.8 - - [15/Sep/2025:06:11:20 -0700] "GET /market1165314576?kg=1164082384 HTTP/1.1" 200 61253 "-" "meta-externalagent/1.1 (+https://developers.facebook.com/docs/sharing/webmasters/crawler)" 163 **0/163295**
57.141.6.53 - - [15/Sep/2025:06:11:37 -0700] "GET /market2797197487?kg=2794238434 HTTP/1.1" 200 61253 "-" "meta-externalagent/1.1 (+https://developers.facebook.com/docs/sharing/webmasters/crawler)" 139 **0/139993**
57.141.6.49 - - [15/Sep/2025:06:11:45 -0700] "GET /market1712550142?kg=1710738864 HTTP/1.1" 200 61253 "-" "meta-externalagent/1.1 (+https://developers.facebook.com/docs/sharing/webmasters/crawler)" 160 **0/160596**
57.141.6.41 - - [15/Sep/2025:06:11:48 -0700] "GET /market1176561343?kg=1175317250 HTTP/1.1" 200 61253 "-" "meta-externalagent/1.1 (+https://developers.facebook.com/docs/sharing/webmasters/crawler)" 160 **0/160367**
57.141.6.50 - - [15/Sep/2025:06:11:59 -0700] "GET /market743306681?kg=0742521058 HTTP/1.1" 200 61253 "-" "meta-externalagent/1.1 (+https://developers.facebook.com/docs/sharing/webmasters/crawler)" 154 **0/154680**
57.141.6.57 - - [15/Sep/2025:06:12:31 -0700] "GET /market1431626839?kg=1430112834 HTTP/1.1" 200 61253 "-" "meta-externalagent/1.1 (+https://developers.facebook.com/docs/sharing/webmasters/crawler)" 169 **0/169999**
57.141.6.43 - - [15/Sep/2025:06:12:42 -0700] "GET /market2546962910?kg=2544268656 HTTP/1.1" 200 61253 "-" "meta-externalagent/1.1 (+https://developers.facebook.com/docs/sharing/webmasters/crawler)" 137 **0/137229**
18.97.9.172 - - [15/Sep/2025:06:12:44 -0700] "GET /?tv/digital-cameras/1g9rl HTTP/1.1" 200 4159 "-" "CCBot/2.0 (https://commoncrawl.org/faq/)" 156 **0/156424**
57.141.6.24 - - [15/Sep/2025:06:12:54 -0700] "GET /market171911740?kg=0171730768 HTTP/1.1" 200 61253 "-" "meta-externalagent/1.1 (+https://developers.facebook.com/docs/sharing/webmasters/crawler)" 151 **0/151569**
57.141.6.58 - - [15/Sep/2025:06:13:00 -0700] "GET /market2372371470?kg=2369861968 HTTP/1.1" 200 61253 "-" "meta-externalagent/1.1 (+https://developers.facebook.com/docs/sharing/webmasters/crawler)" 141 **0/141666**
57.141.6.44 - - [15/Sep/2025:06:13:04 -0700] "GET /market869732062?kg=0868812656 HTTP/1.1" 200 61253 "-" "meta-externalagent/1.1 (+https://developers.facebook.com/docs/sharing/webmasters/crawler)" 144 **0/144249**
57.141.6.6 - - [15/Sep/2025:06:13:05 -0700] "GET /market122108606?kg=0121980336 HTTP/1.1" 200 61253 "-" "meta-externalagent/1.1 (+https://developers.facebook.com/docs/sharing/webmasters/crawler)" 162 **0/162161**
57.141.6.74 - - [15/Sep/2025:06:13:08 -0700] "GET /market2809365064?kg=2806393136 HTTP/1.1" 200 61253 "-" "meta-externalagent/1.1 (+https://developers.facebook.com/docs/sharing/webmasters/crawler)" 152 **0/152338**
57.141.6.16 - - [15/Sep/2025:06:13:19 -0700] "GET /market684522922?kg=0683799504 HTTP/1.1" 200 61253 "-" "meta-externalagent/1.1 (+https://developers.facebook.com/docs/sharing/webmasters/crawler)" 143 **0/143411**
18.97.9.172 - - [15/Sep/2025:06:13:21 -0700] "GET /?home-appliances/vacuum-cleaners/2hu3w HTTP/1.1" 200 4159 "-" "CCBot/2.0 (https://commoncrawl.org/faq/)" 166 **0/166579**
57.141.6.6 - - [15/Sep/2025:06:13:25 -0700] "GET /market2079831425?kg=2077631490 HTTP/1.1" 200 61253 "-" "meta-externalagent/1.1 (+https://developers.facebook.com/docs/sharing/webmasters/crawler)" 144 **0/144920**
57.141.6.20 - - [15/Sep/2025:06:13:26 -0700] "GET /market1712282901?kg=1710471906 HTTP/1.1" 200 61253 "-" "meta-externalagent/1.1 (+https://developers.facebook.com/docs/sharing/webmasters/crawler)" 145 **0/145150**
57.141.6.69 - - [15/Sep/2025:06:13:28 -0700] "GET /market2079673864?kg=2077474096 HTTP/1.1" 200 61253 "-" "meta-externalagent/1.1 (+https://developers.facebook.com/docs/sharing/webmasters/crawler)" 159 **0/159178**
57.141.6.26 - - [15/Sep/2025:06:13:30 -0700] "GET /market2576090391?kg=2573365314 HTTP/1.1" 200 61253 "-" "meta-externalagent/1.1 (+https://developers.facebook.com/docs/sharing/webmasters/crawler)" 147 **0/147777**
57.141.6.76 - - [15/Sep/2025:06:13:33 -0700] "GET /market887320146?kg=0886382128 HTTP/1.1" 200 61253 "-" "meta-externalagent/1.1 (+https://developers.facebook.com/docs/sharing/webmasters/crawler)" 161 **0/161351**
57.141.6.22 - - [15/Sep/2025:06:13:34 -0700] "GET /market1296762730?kg=1295391440 HTTP/1.1" 200 61253 "-" "meta-externalagent/1.1 (+https://developers.facebook.com/docs/sharing/webmasters/crawler)" 140 **0/140664**
57.141.6.44 - - [15/Sep/2025:06:13:44 -0700] "GET /market599223986?kg=0598590832 HTTP/1.1" 200 61253 "-" "meta-externalagent/1.1 (+https://developers.facebook.com/docs/sharing/webmasters/crawler)" 141 **0/141369**
57.141.6.74 - - [15/Sep/2025:06:14:03 -0700] "GET /market1169944165?kg=1168707074 HTTP/1.1" 200 61253 "-" "meta-externalagent/1.1 (+https://developers.facebook.com/docs/sharing/webmasters/crawler)" 141 **0/141227**
57.141.6.24 - - [15/Sep/2025:06:14:06 -0700] "GET /market2129206728?kg=2126954544 HTTP/1.1" 200 61253 "-" "meta-externalagent/1.1 (+https://developers.facebook.com/docs/sharing/webmasters/crawler)" 142 **0/142561**
57.141.6.37 - - [15/Sep/2025:06:14:08 -0700] "GET /market2797142754?kg=2794183760 HTTP/1.1" 200 61253 "-" "meta-externalagent/1.1 (+https://developers.facebook.com/docs/sharing/webmasters/crawler)" 144 **0/144700**
57.141.6.24 - - [15/Sep/2025:06:14:12 -0700] "GET /market1431011032?kg=1429497680 HTTP/1.1" 200 61253 "-" "meta-externalagent/1.1 (+https://developers.facebook.com/docs/sharing/webmasters/crawler)" 177 **0/177229**
57.141.6.71 - - [15/Sep/2025:06:14:26 -0700] "GET /market172075931?kg=0171894786 HTTP/1.1" 200 61253 "-" "meta-externalagent/1.1 (+https://developers.facebook.com/docs/sharing/webmasters/crawler)" 136 **0/136237**
18.97.9.172 - - [15/Sep/2025:06:14:31 -0700] "GET /?fashion/others/ws6r HTTP/1.1" 200 4159 "-" "CCBot/2.0 (https://commoncrawl.org/faq/)" 134 **0/134615**
57.141.6.46 - - [15/Sep/2025:06:14:41 -0700] "GET /market1531375913?kg=1529756354 HTTP/1.1" 200 61253 "-" "meta-externalagent/1.1 (+https://developers.facebook.com/docs/sharing/webmasters/crawler)" 143 **0/143204**
57.141.6.33 - - [15/Sep/2025:06:14:43 -0700] "GET /market2821166147?kg=2818181730 HTTP/1.1" 200 61253 "-" "meta-externalagent/1.1 (+https://developers.facebook.com/docs/sharing/webmasters/crawler)" 138 **0/138937**
57.141.6.43 - - [15/Sep/2025:06:14:43 -0700] "GET /market1592163407?kg=1590479522 HTTP/1.1" 200 61253 "-" "meta-externalagent/1.1 (+https://developers.facebook.com/docs/sharing/webmasters/crawler)" 146 **0/146389**
57.141.6.30 - - [15/Sep/2025:06:14:59 -0700] "GET /market2286608797?kg=2284190050 HTTP/1.1" 200 61253 "-" "meta-externalagent/1.1 (+https://developers.facebook.com/docs/sharing/webmasters/crawler)" 164 **0/164166**
57.141.6.72 - - [15/Sep/2025:06:14:59 -0700] "GET /market1674183479?kg=1672412802 HTTP/1.1" 200 61253 "-" "meta-externalagent/1.1 (+https://developers.facebook.com/docs/sharing/webmasters/crawler)" 151 **0/151923**
57.141.6.39 - - [15/Sep/2025:06:15:03 -0700] "GET /market869893915?kg=0868974338 HTTP/1.1" 200 61253 "-" "meta-externalagent/1.1 (+https://developers.facebook.com/docs/sharing/webmasters/crawler)" 154 **0/154757**
57.141.6.59 - - [15/Sep/2025:06:15:04 -0700] "GET /market2796671152?kg=2793712656 HTTP/1.1" 200 61253 "-" "meta-externalagent/1.1 (+https://developers.facebook.com/docs/sharing/webmasters/crawler)" 152 **0/152145**
18.97.9.172 - - [15/Sep/2025:06:15:04 -0700] "GET /?toys/cel-drawings/ey0c HTTP/1.1" 200 4159 "-" "CCBot/2.0 (https://commoncrawl.org/faq/)" 157 **0/157127**
57.141.6.58 - - [15/Sep/2025:06:15:07 -0700] "GET /market1431219847?kg=1429706274 HTTP/1.1" 200 61253 "-" "meta-externalagent/1.1 (+https://developers.facebook.com/docs/sharing/webmasters/crawler)" 148 **0/148671**
57.141.6.11 - - [15/Sep/2025:06:15:09 -0700] "GET /market1674563691?kg=1672792610 HTTP/1.1" 200 61253 "-" "meta-externalagent/1.1 (+https://developers.facebook.com/docs/sharing/webmasters/crawler)" 147 **0/147449**
208.110.64.178 - - [15/Sep/2025:06:15:10 -0700] "GET /wp-content/admin.php HTTP/1.1" 200 1 "http://fragnancestories.com/wp-content/admin.php" "Mozilla/5.0 (Windows NT 10.0; Win64; x64) AppleWebKit/537.36 (KHTML, like Gecko) Chrome/58.0.3029.110 Safari/537.3" 5 **0/5749**
57.141.6.10 - - [15/Sep/2025:06:15:11 -0700] "GET /market685188970?kg=0684464848 HTTP/1.1" 200 61253 "-" "meta-externalagent/1.1 (+https://developers.facebook.com/docs/sharing/webmasters/crawler)" 146 **0/146819**
208.110.64.178 - - [15/Sep/2025:06:15:14 -0700] "GET /wp-includes/qq9f1ad1/edit.php HTTP/1.1" 200 1 "http://fragnancestories.com/wp-includes/qq9f1ad1/edit.php" "Mozilla/5.0 (Windows NT 10.0; Win64; x64) AppleWebKit/537.36 (KHTML, like Gecko) Chrome/58.0.3029.110 Safari/537.3" 6 **0/6816**
57.141.6.38 - - [15/Sep/2025:06:15:19 -0700] "GET /market898962403?kg=0898012066 HTTP/1.1" 200 61253 "-" "meta-externalagent/1.1 (+https://developers.facebook.com/docs/sharing/webmasters/crawler)" 149 **0/149026**
57.141.6.41 - - [15/Sep/2025:06:15:24 -0700] "GET /market2286190883?kg=2283772578 HTTP/1.1" 200 61253 "-" "meta-externalagent/1.1 (+https://developers.facebook.com/docs/sharing/webmasters/crawler)" 139 **0/139482**
57.141.6.68 - - [15/Sep/2025:06:15:25 -0700] "GET /market572312212?kg=0571707536 HTTP/1.1" 200 61253 "-" "meta-externalagent/1.1 (+https://developers.facebook.com/docs/sharing/webmasters/crawler)" 154 **0/154538**
57.141.6.13 - - [15/Sep/2025:06:15:29 -0700] "GET /market1431564115?kg=1430050178 HTTP/1.1" 200 61253 "-" "meta-externalagent/1.1 (+https://developers.facebook.com/docs/sharing/webmasters/crawler)" 145 **0/145210**
57.141.6.48 - - [15/Sep/2025:06:15:29 -0700] "GET /market743030884?kg=0742245552 HTTP/1.1" 200 61253 "-" "meta-externalagent/1.1 (+https://developers.facebook.com/docs/sharing/webmasters/crawler)" 137 **0/137071**
57.141.6.46 - - [15/Sep/2025:06:15:35 -0700] "GET /market2006649855?kg=2004527362 HTTP/1.1" 200 61253 "-" "meta-externalagent/1.1 (+https://developers.facebook.com/docs/sharing/webmasters/crawler)" 151 **0/151324**
18.97.9.172 - - [15/Sep/2025:06:15:40 -0700] "GET /tj3506119/ HTTP/1.1" 200 4159 "-" "CCBot/2.0 (https://commoncrawl.org/faq/)" 134 **0/134988**
57.141.6.66 - - [15/Sep/2025:06:15:53 -0700] "GET /market2821361438?kg=2818376816 HTTP/1.1" 200 61253 "-" "meta-externalagent/1.1 (+https://developers.facebook.com/docs/sharing/webmasters/crawler)" 140 **0/140442**
57.141.6.53 - - [15/Sep/2025:06:16:00 -0700] "GET /market1669981030?kg=1668214800 HTTP/1.1" 200 61253 "-" "meta-externalagent/1.1 (+https://developers.facebook.com/docs/sharing/webmasters/crawler)" 182 **0/182135**
57.141.6.61 - - [15/Sep/2025:06:16:01 -0700] "GET /market1121174458?kg=1119988976 HTTP/1.1" 200 61253 "-" "meta-externalagent/1.1 (+https://developers.facebook.com/docs/sharing/webmasters/crawler)" 149 **0/149300**
57.141.6.11 - - [15/Sep/2025:06:16:04 -0700] "GET /market1793814952?kg=1791917680 HTTP/1.1" 200 61253 "-" "meta-externalagent/1.1 (+https://developers.facebook.com/docs/sharing/webmasters/crawler)" 147 **0/147498**
57.141.6.36 - - [15/Sep/2025:06:16:11 -0700] "GET /market2547362692?kg=2544668016 HTTP/1.1" 200 61253 "-" "meta-externalagent/1.1 (+https://developers.facebook.com/docs/sharing/webmasters/crawler)" 158 **0/158056**
57.141.6.11 - - [15/Sep/2025:06:16:12 -0700] "GET /market361604907?kg=0361223202 HTTP/1.1" 200 61253 "-" "meta-externalagent/1.1 (+https://developers.facebook.com/docs/sharing/webmasters/crawler)" 160 **0/160134**
57.141.6.76 - - [15/Sep/2025:06:16:17 -0700] "GET /market888004038?kg=0887065296 HTTP/1.1" 200 61253 "-" "meta-externalagent/1.1 (+https://developers.facebook.com/docs/sharing/webmasters/crawler)" 150 **0/150778**
18.97.9.172 - - [15/Sep/2025:06:16:17 -0700] "GET /?fashion/bags/24t6v HTTP/1.1" 200 4159 "-" "CCBot/2.0 (https://commoncrawl.org/faq/)" 148 **0/148589**
57.141.6.50 - - [15/Sep/2025:06:16:19 -0700] "GET /market2611584111?kg=2608821474 HTTP/1.1" 200 61253 "-" "meta-externalagent/1.1 (+https://developers.facebook.com/docs/sharing/webmasters/crawler)" 145 **0/145267**
57.141.6.67 - - [15/Sep/2025:06:16:20 -0700] "GET /market2611780605?kg=2609017762 HTTP/1.1" 200 61253 "-" "meta-externalagent/1.1 (+https://developers.facebook.com/docs/sharing/webmasters/crawler)" 146 **0/146077**
57.141.6.29 - - [15/Sep/2025:06:16:24 -0700] "GET /market974253789?kg=0973223778 HTTP/1.1" 200 61253 "-" "meta-externalagent/1.1 (+https://developers.facebook.com/docs/sharing/webmasters/crawler)" 169 **0/169319**
57.141.6.19 - - [15/Sep/2025:06:16:35 -0700] "GET /market1531025109?kg=1529405922 HTTP/1.1" 200 61253 "-" "meta-externalagent/1.1 (+https://developers.facebook.com/docs/sharing/webmasters/crawler)" 145 **0/145939**
18.97.9.172 - - [15/Sep/2025:06:16:52 -0700] "GET /?fashion/outerwear/cd96 HTTP/1.1" 200 4159 "-" "CCBot/2.0 (https://commoncrawl.org/faq/)" 154 **0/154969**
57.141.6.61 - - [15/Sep/2025:06:17:03 -0700] "GET /market1904801102?kg=1902786384 HTTP/1.1" 200 61253 "-" "meta-externalagent/1.1 (+https://developers.facebook.com/docs/sharing/webmasters/crawler)" 154 **0/154448**
57.141.6.14 - - [15/Sep/2025:06:17:05 -0700] "GET /market287425562?kg=0287122352 HTTP/1.1" 200 61253 "-" "meta-externalagent/1.1 (+https://developers.facebook.com/docs/sharing/webmasters/crawler)" 143 **0/143430**
57.141.6.71 - - [15/Sep/2025:06:17:25 -0700] "GET /market2796958257?kg=2793999458 HTTP/1.1" 200 61253 "-" "meta-externalagent/1.1 (+https://developers.facebook.com/docs/sharing/webmasters/crawler)" 142 **0/142806**
18.97.9.172 - - [15/Sep/2025:06:17:28 -0700] "GET /?tablets/keyboards/28hq1 HTTP/1.1" 200 4159 "-" "CCBot/2.0 (https://commoncrawl.org/faq/)" 141 **0/141762**
57.141.6.13 - - [15/Sep/2025:06:17:45 -0700] "GET /market1813187469?kg=1811269698 HTTP/1.1" 200 61253 "-" "meta-externalagent/1.1 (+https://developers.facebook.com/docs/sharing/webmasters/crawler)" 151 **0/151627**
57.141.6.26 - - [15/Sep/2025:06:17:51 -0700] "GET /market2143844842?kg=2141577168 HTTP/1.1" 200 61253 "-" "meta-externalagent/1.1 (+https://developers.facebook.com/docs/sharing/webmasters/crawler)" 150 **0/150710**
57.141.6.51 - - [15/Sep/2025:06:17:53 -0700] "GET /market599341505?kg=0598708226 HTTP/1.1" 200 61253 "-" "meta-externalagent/1.1 (+https://developers.facebook.com/docs/sharing/webmasters/crawler)" 147 **0/147143**
18.97.9.172 - - [15/Sep/2025:06:18:02 -0700] "GET /ph2676753/ HTTP/1.1" 200 4159 "-" "CCBot/2.0 (https://commoncrawl.org/faq/)" 159 **0/159411**
57.141.6.12 - - [15/Sep/2025:06:18:04 -0700] "GET /market2611411735?kg=2608649282 HTTP/1.1" 200 61253 "-" "meta-externalagent/1.1 (+https://developers.facebook.com/docs/sharing/webmasters/crawler)" 148 **0/148629**
57.141.6.3 - - [15/Sep/2025:06:18:18 -0700] "GET /market1669831208?kg=1668065136 HTTP/1.1" 200 61253 "-" "meta-externalagent/1.1 (+https://developers.facebook.com/docs/sharing/webmasters/crawler)" 153 **0/153834**
57.141.6.54 - - [15/Sep/2025:06:18:29 -0700] "GET /market898458492?kg=0897508688 HTTP/1.1" 200 61253 "-" "meta-externalagent/1.1 (+https://developers.facebook.com/docs/sharing/webmasters/crawler)" 154 **0/154199**
18.97.9.172 - - [15/Sep/2025:06:18:35 -0700] "GET /?cameras/digital-cameras/1mldr HTTP/1.1" 200 4159 "-" "CCBot/2.0 (https://commoncrawl.org/faq/)" 137 **0/137828**
57.141.6.13 - - [15/Sep/2025:06:18:36 -0700] "GET /market122053911?kg=0121925698 HTTP/1.1" 200 61253 "-" "meta-externalagent/1.1 (+https://developers.facebook.com/docs/sharing/webmasters/crawler)" 149 **0/149221**
57.141.6.15 - - [15/Sep/2025:06:18:36 -0700] "GET /market2796999562?kg=2794040720 HTTP/1.1" 200 61253 "-" "meta-externalagent/1.1 (+https://developers.facebook.com/docs/sharing/webmasters/crawler)" 141 **0/141547**
57.141.6.5 - - [15/Sep/2025:06:18:42 -0700] "GET /market1531325762?kg=1529706256 HTTP/1.1" 200 61253 "-" "meta-externalagent/1.1 (+https://developers.facebook.com/docs/sharing/webmasters/crawler)" 179 **0/179342**
57.141.6.50 - - [15/Sep/2025:06:18:45 -0700] "GET /market2141838897?kg=2139573346 HTTP/1.1" 200 61253 "-" "meta-externalagent/1.1 (+https://developers.facebook.com/docs/sharing/webmasters/crawler)" 159 **0/159669**
57.141.6.17 - - [15/Sep/2025:06:18:54 -0700] "GET /market2130022342?kg=2127769296 HTTP/1.1" 200 61253 "-" "meta-externalagent/1.1 (+https://developers.facebook.com/docs/sharing/webmasters/crawler)" 137 **0/137481**
57.141.6.14 - - [15/Sep/2025:06:19:01 -0700] "GET /market1120932109?kg=1119746882 HTTP/1.1" 200 61253 "-" "meta-externalagent/1.1 (+https://developers.facebook.com/docs/sharing/webmasters/crawler)" 155 **0/155451**
18.97.9.172 - - [15/Sep/2025:06:19:07 -0700] "GET /?fashion/tops/x1i5 HTTP/1.1" 200 4159 "-" "CCBot/2.0 (https://commoncrawl.org/faq/)" 154 **0/154701**
57.141.6.71 - - [15/Sep/2025:06:19:21 -0700] "GET /market1165680005?kg=1164447426 HTTP/1.1" 200 61253 "-" "meta-externalagent/1.1 (+https://developers.facebook.com/docs/sharing/webmasters/crawler)" 144 **0/144224**
57.141.6.72 - - [15/Sep/2025:06:19:22 -0700] "GET /market1120963437?kg=1119778178 HTTP/1.1" 200 61253 "-" "meta-externalagent/1.1 (+https://developers.facebook.com/docs/sharing/webmasters/crawler)" 144 **0/144229**
57.141.6.33 - - [15/Sep/2025:06:19:23 -0700] "GET /market869785494?kg=0868866032 HTTP/1.1" 200 61253 "-" "meta-externalagent/1.1 (+https://developers.facebook.com/docs/sharing/webmasters/crawler)" 193 **0/193750**
103.131.71.38 - - [15/Sep/2025:06:19:26 -0700] "GET /robots.txt HTTP/1.1" 200 100 "-" "Mozilla/5.0 (compatible; coccocbot-image/1.0; +http://help.coccoc.com/searchengine)" 4 **0/4196**
57.141.6.26 - - [15/Sep/2025:06:19:39 -0700] "GET /market121373332?kg=0121245840 HTTP/1.1" 200 61253 "-" "meta-externalagent/1.1 (+https://developers.facebook.com/docs/sharing/webmasters/crawler)" 158 **0/158977**
18.97.9.172 - - [15/Sep/2025:06:19:41 -0700] "GET /?air-conditioning/smoking-accessories/2bey2 HTTP/1.1" 200 4159 "-" "CCBot/2.0 (https://commoncrawl.org/faq/)" 162 **0/162037**
57.141.6.44 - - [15/Sep/2025:06:19:47 -0700] "GET /market2819443043?kg=2816460450 HTTP/1.1" 200 61253 "-" "meta-externalagent/1.1 (+https://developers.facebook.com/docs/sharing/webmasters/crawler)" 147 **0/147837**
57.141.6.9 - - [15/Sep/2025:06:20:02 -0700] "GET /market2543749108?kg=2541058256 HTTP/1.1" 200 61253 "-" "meta-externalagent/1.1 (+https://developers.facebook.com/docs/sharing/webmasters/crawler)" 268 **0/268949**
57.141.6.64 - - [15/Sep/2025:06:20:13 -0700] "GET /market2820029598?kg=2817046384 HTTP/1.1" 200 61253 "-" "meta-externalagent/1.1 (+https://developers.facebook.com/docs/sharing/webmasters/crawler)" 154 **0/154631**
18.97.9.172 - - [15/Sep/2025:06:20:19 -0700] "GET /?etc./masking-tape/2hmbi HTTP/1.1" 200 4159 "-" "CCBot/2.0 (https://commoncrawl.org/faq/)" 148 **0/148010**
57.141.6.64 - - [15/Sep/2025:06:20:19 -0700] "GET /market887550246?kg=0886611984 HTTP/1.1" 200 61253 "-" "meta-externalagent/1.1 (+https://developers.facebook.com/docs/sharing/webmasters/crawler)" 150 **0/150247**
57.141.6.58 - - [15/Sep/2025:06:20:26 -0700] "GET /market869428092?kg=0868509008 HTTP/1.1" 200 61253 "-" "meta-externalagent/1.1 (+https://developers.facebook.com/docs/sharing/webmasters/crawler)" 149 **0/149053**
57.141.6.40 - - [15/Sep/2025:06:20:32 -0700] "GET /market2129496077?kg=2127243586 HTTP/1.1" 200 61253 "-" "meta-externalagent/1.1 (+https://developers.facebook.com/docs/sharing/webmasters/crawler)" 145 **0/145116**
57.141.6.66 - - [15/Sep/2025:06:20:34 -0700] "GET /market2782050848?kg=2779107824 HTTP/1.1" 200 61253 "-" "meta-externalagent/1.1 (+https://developers.facebook.com/docs/sharing/webmasters/crawler)" 146 **0/146583**
57.141.6.16 - - [15/Sep/2025:06:20:39 -0700] "GET /market2821496897?kg=2818512130 HTTP/1.1" 200 61253 "-" "meta-externalagent/1.1 (+https://developers.facebook.com/docs/sharing/webmasters/crawler)" 154 **0/154002**
57.141.6.61 - - [15/Sep/2025:06:20:42 -0700] "GET /market76588551?kg=0076508450 HTTP/1.1" 200 61253 "-" "meta-externalagent/1.1 (+https://developers.facebook.com/docs/sharing/webmasters/crawler)" 140 **0/140828**
57.141.6.38 - - [15/Sep/2025:06:20:45 -0700] "GET /market393442213?kg=0393026818 HTTP/1.1" 200 61253 "-" "meta-externalagent/1.1 (+https://developers.facebook.com/docs/sharing/webmasters/crawler)" 145 **0/145397**
57.141.6.23 - - [15/Sep/2025:06:20:46 -0700] "GET /market2006283195?kg=2004161090 HTTP/1.1" 200 61253 "-" "meta-externalagent/1.1 (+https://developers.facebook.com/docs/sharing/webmasters/crawler)" 167 **0/167546**
57.141.6.76 - - [15/Sep/2025:06:20:46 -0700] "GET /market1092982194?kg=1091826544 HTTP/1.1" 200 61253 "-" "meta-externalagent/1.1 (+https://developers.facebook.com/docs/sharing/webmasters/crawler)" 155 **0/155756**
57.141.6.49 - - [15/Sep/2025:06:20:47 -0700] "GET /market685063718?kg=0684339728 HTTP/1.1" 200 61253 "-" "meta-externalagent/1.1 (+https://developers.facebook.com/docs/sharing/webmasters/crawler)" 144 **0/144744**
18.97.9.172 - - [15/Sep/2025:06:20:55 -0700] "GET /?fishing/cooking-supplies/20fxk HTTP/1.1" 200 4159 "-" "CCBot/2.0 (https://commoncrawl.org/faq/)" 143 **0/143780**
57.141.6.28 - - [15/Sep/2025:06:20:59 -0700] "GET /market2543399317?kg=2540708834 HTTP/1.1" 200 61253 "-" "meta-externalagent/1.1 (+https://developers.facebook.com/docs/sharing/webmasters/crawler)" 150 **0/150215**
57.141.6.63 - - [15/Sep/2025:06:21:03 -0700] "GET /market423926422?kg=0423478768 HTTP/1.1" 200 61253 "-" "meta-externalagent/1.1 (+https://developers.facebook.com/docs/sharing/webmasters/crawler)" 145 **0/145998**
57.141.6.67 - - [15/Sep/2025:06:21:04 -0700] "GET /market1120871885?kg=1119686722 HTTP/1.1" 200 61253 "-" "meta-externalagent/1.1 (+https://developers.facebook.com/docs/sharing/webmasters/crawler)" 151 **0/151754**
57.141.6.76 - - [15/Sep/2025:06:21:10 -0700] "GET /market171877193?kg=0171696258 HTTP/1.1" 200 61253 "-" "meta-externalagent/1.1 (+https://developers.facebook.com/docs/sharing/webmasters/crawler)" 141 **0/141218**
57.141.6.10 - - [15/Sep/2025:06:21:16 -0700] "GET /market1165238752?kg=1164006640 HTTP/1.1" 200 61253 "-" "meta-externalagent/1.1 (+https://developers.facebook.com/docs/sharing/webmasters/crawler)" 138 **0/138676**
57.141.6.44 - - [15/Sep/2025:06:21:19 -0700] "GET /market899029419?kg=0898079010 HTTP/1.1" 200 61253 "-" "meta-externalagent/1.1 (+https://developers.facebook.com/docs/sharing/webmasters/crawler)" 147 **0/147364**
57.141.6.13 - - [15/Sep/2025:06:21:27 -0700] "GET /market1917729502?kg=1915701104 HTTP/1.1" 200 61253 "-" "meta-externalagent/1.1 (+https://developers.facebook.com/docs/sharing/webmasters/crawler)" 147 **0/147499**
18.97.9.172 - - [15/Sep/2025:06:21:28 -0700] "GET /?audio/woofers/23qp2 HTTP/1.1" 200 4159 "-" "CCBot/2.0 (https://commoncrawl.org/faq/)" 148 **0/148507**
57.141.6.42 - - [15/Sep/2025:06:21:32 -0700] "GET /market1591663756?kg=1589980400 HTTP/1.1" 200 61253 "-" "meta-externalagent/1.1 (+https://developers.facebook.com/docs/sharing/webmasters/crawler)" 142 **0/142322**
57.141.6.72 - - [15/Sep/2025:06:21:37 -0700] "GET /market1098416379?kg=1097254978 HTTP/1.1" 200 61253 "-" "meta-externalagent/1.1 (+https://developers.facebook.com/docs/sharing/webmasters/crawler)" 153 **0/153670**
57.141.6.6 - - [15/Sep/2025:06:21:41 -0700] "GET /market1165581821?kg=1164349346 HTTP/1.1" 200 61253 "-" "meta-externalagent/1.1 (+https://developers.facebook.com/docs/sharing/webmasters/crawler)" 138 **0/138934**
204.12.252.98 - - [15/Sep/2025:06:21:45 -0700] "GET /wp-includes/qq9f1ad1/edit.php HTTP/1.1" 200 1 "http://fragnancestories.com/wp-includes/qq9f1ad1/edit.php" "Mozilla/5.0 (Windows NT 10.0; Win64; x64) AppleWebKit/537.36 (KHTML, like Gecko) Chrome/58.0.3029.110 Safari/537.3" 12 **0/12186**
57.141.6.3 - - [15/Sep/2025:06:21:58 -0700] "GET /market2141769703?kg=2139504226 HTTP/1.1" 200 61253 "-" "meta-externalagent/1.1 (+https://developers.facebook.com/docs/sharing/webmasters/crawler)" 156 **0/156005**
18.97.9.172 - - [15/Sep/2025:06:22:00 -0700] "GET /?handicrafts/wallets/4xjb HTTP/1.1" 200 4159 "-" "CCBot/2.0 (https://commoncrawl.org/faq/)" 145 **0/145954**
57.141.6.52 - - [15/Sep/2025:06:22:06 -0700] "GET /market1591983454?kg=1590299760 HTTP/1.1" 200 61253 "-" "meta-externalagent/1.1 (+https://developers.facebook.com/docs/sharing/webmasters/crawler)" 146 **0/146961**
57.141.6.70 - - [15/Sep/2025:06:22:10 -0700] "GET /market1098586127?kg=1097424546 HTTP/1.1" 200 61253 "-" "meta-externalagent/1.1 (+https://developers.facebook.com/docs/sharing/webmasters/crawler)" 135 **0/135839**
57.141.6.47 - - [15/Sep/2025:06:22:17 -0700] "GET /market1256643156?kg=1255314320 HTTP/1.1" 200 61253 "-" "meta-externalagent/1.1 (+https://developers.facebook.com/docs/sharing/webmasters/crawler)" 146 **0/146763**
57.141.6.67 - - [15/Sep/2025:06:22:29 -0700] "GET /market121832813?kg=0121704834 HTTP/1.1" 200 61253 "-" "meta-externalagent/1.1 (+https://developers.facebook.com/docs/sharing/webmasters/crawler)" 144 **0/144969**
57.141.6.59 - - [15/Sep/2025:06:22:43 -0700] "GET /market1673812687?kg=1672042402 HTTP/1.1" 200 61253 "-" "meta-externalagent/1.1 (+https://developers.facebook.com/docs/sharing/webmasters/crawler)" 150 **0/150668**
57.141.6.5 - - [15/Sep/2025:06:22:58 -0700] "GET /market743422931?kg=0742637186 HTTP/1.1" 200 61253 "-" "meta-externalagent/1.1 (+https://developers.facebook.com/docs/sharing/webmasters/crawler)" 150 **0/150225**
204.12.252.98 - - [15/Sep/2025:06:23:00 -0700] "GET /wp-content/admin.php HTTP/1.1" 200 1 "http://fragnancestories.com/wp-content/admin.php" "Mozilla/5.0 (Windows NT 10.0; Win64; x64) AppleWebKit/537.36 (KHTML, like Gecko) Chrome/58.0.3029.110 Safari/537.3" 6 **0/6037**
57.141.6.38 - - [15/Sep/2025:06:23:06 -0700] "GET /market1176988195?kg=1175743650 HTTP/1.1" 200 61253 "-" "meta-externalagent/1.1 (+https://developers.facebook.com/docs/sharing/webmasters/crawler)" 144 **0/144452**
18.97.9.172 - - [15/Sep/2025:06:23:09 -0700] "GET /?health/health/fdj1 HTTP/1.1" 200 4159 "-" "CCBot/2.0 (https://commoncrawl.org/faq/)" 137 **0/137353**
57.141.6.40 - - [15/Sep/2025:06:23:13 -0700] "GET /market1120953362?kg=1119768112 HTTP/1.1" 200 61253 "-" "meta-externalagent/1.1 (+https://developers.facebook.com/docs/sharing/webmasters/crawler)" 135 **0/135068**
57.141.6.70 - - [15/Sep/2025:06:23:26 -0700] "GET /market1170446873?kg=1169209250 HTTP/1.1" 200 61253 "-" "meta-externalagent/1.1 (+https://developers.facebook.com/docs/sharing/webmasters/crawler)" 135 **0/135135**
57.141.6.56 - - [15/Sep/2025:06:23:26 -0700] "GET /market1164919086?kg=1163687312 HTTP/1.1" 200 61253 "-" "meta-externalagent/1.1 (+https://developers.facebook.com/docs/sharing/webmasters/crawler)" 175 **0/175651**
57.141.6.74 - - [15/Sep/2025:06:23:28 -0700] "GET /market1469303635?kg=1467749762 HTTP/1.1" 200 61253 "-" "meta-externalagent/1.1 (+https://developers.facebook.com/docs/sharing/webmasters/crawler)" 161 **0/161508**
57.141.6.1 - - [15/Sep/2025:06:23:46 -0700] "GET /market1094196937?kg=1093040002 HTTP/1.1" 200 61253 "-" "meta-externalagent/1.1 (+https://developers.facebook.com/docs/sharing/webmasters/crawler)" 141 **0/141449**
57.141.6.58 - - [15/Sep/2025:06:23:47 -0700] "GET /market393599802?kg=0393184240 HTTP/1.1" 200 61253 "-" "meta-externalagent/1.1 (+https://developers.facebook.com/docs/sharing/webmasters/crawler)" 147 **0/147295**
57.141.6.52 - - [15/Sep/2025:06:23:50 -0700] "GET /market1499676142?kg=1498090128 HTTP/1.1" 200 61253 "-" "meta-externalagent/1.1 (+https://developers.facebook.com/docs/sharing/webmasters/crawler)" 141 **0/141439**
57.141.6.62 - - [15/Sep/2025:06:23:53 -0700] "GET /market2821120160?kg=2818135792 HTTP/1.1" 200 61253 "-" "meta-externalagent/1.1 (+https://developers.facebook.com/docs/sharing/webmasters/crawler)" 141 **0/141198**
57.141.6.65 - - [15/Sep/2025:06:24:03 -0700] "GET /market1670191110?kg=1668424656 HTTP/1.1" 200 61253 "-" "meta-externalagent/1.1 (+https://developers.facebook.com/docs/sharing/webmasters/crawler)" 150 **0/150751**
57.141.6.38 - - [15/Sep/2025:06:24:08 -0700] "GET /market2547398602?kg=2544703888 HTTP/1.1" 200 61253 "-" "meta-externalagent/1.1 (+https://developers.facebook.com/docs/sharing/webmasters/crawler)" 158 **0/158285**
57.141.6.58 - - [15/Sep/2025:06:24:09 -0700] "GET /market2143810167?kg=2141542530 HTTP/1.1" 200 61253 "-" "meta-externalagent/1.1 (+https://developers.facebook.com/docs/sharing/webmasters/crawler)" 145 **0/145759**
57.141.6.28 - - [15/Sep/2025:06:24:14 -0700] "GET /market1093244729?kg=1092088802 HTTP/1.1" 200 61253 "-" "meta-externalagent/1.1 (+https://developers.facebook.com/docs/sharing/webmasters/crawler)" 141 **0/141300**
57.141.6.20 - - [15/Sep/2025:06:24:16 -0700] "GET /market1674589074?kg=1672817968 HTTP/1.1" 200 61253 "-" "meta-externalagent/1.1 (+https://developers.facebook.com/docs/sharing/webmasters/crawler)" 149 **0/149146**
57.141.6.68 - - [15/Sep/2025:06:24:36 -0700] "GET /market121743309?kg=0121615426 HTTP/1.1" 200 61253 "-" "meta-externalagent/1.1 (+https://developers.facebook.com/docs/sharing/webmasters/crawler)" 143 **0/143724**
57.141.6.13 - - [15/Sep/2025:06:24:37 -0700] "GET /market1813510610?kg=1811592496 HTTP/1.1" 200 61253 "-" "meta-externalagent/1.1 (+https://developers.facebook.com/docs/sharing/webmasters/crawler)" 146 **0/146879**
57.141.6.9 - - [15/Sep/2025:06:25:04 -0700] "GET /market2560627821?kg=2557919106 HTTP/1.1" 200 61253 "-" "meta-externalagent/1.1 (+https://developers.facebook.com/docs/sharing/webmasters/crawler)" 145 **0/145826**
57.141.6.47 - - [15/Sep/2025:06:25:05 -0700] "GET /market1094268341?kg=1093111330 HTTP/1.1" 200 61253 "-" "meta-externalagent/1.1 (+https://developers.facebook.com/docs/sharing/webmasters/crawler)" 147 **0/147783**
57.141.6.33 - - [15/Sep/2025:06:25:26 -0700] "GET /market684416843?kg=0683693538 HTTP/1.1" 200 61253 "-" "meta-externalagent/1.1 (+https://developers.facebook.com/docs/sharing/webmasters/crawler)" 142 **0/142034**
57.141.6.65 - - [15/Sep/2025:06:25:30 -0700] "GET /market121311877?kg=0121184450 HTTP/1.1" 200 61253 "-" "meta-externalagent/1.1 (+https://developers.facebook.com/docs/sharing/webmasters/crawler)" 140 **0/140882**
57.141.6.13 - - [15/Sep/2025:06:25:54 -0700] "GET /market1121211605?kg=1120026082 HTTP/1.1" 200 61253 "-" "meta-externalagent/1.1 (+https://developers.facebook.com/docs/sharing/webmasters/crawler)" 157 **0/157325**
57.141.6.74 - - [15/Sep/2025:06:25:55 -0700] "GET /market1917824501?kg=1915796002 HTTP/1.1" 200 61253 "-" "meta-externalagent/1.1 (+https://developers.facebook.com/docs/sharing/webmasters/crawler)" 154 **0/154948**
57.141.6.57 - - [15/Sep/2025:06:25:58 -0700] "GET /market2560512608?kg=2557804016 HTTP/1.1" 200 61253 "-" "meta-externalagent/1.1 (+https://developers.facebook.com/docs/sharing/webmasters/crawler)" 154 **0/154331**
57.141.6.57 - - [15/Sep/2025:06:25:59 -0700] "GET /market1813358706?kg=1811440752 HTTP/1.1" 200 61253 "-" "meta-externalagent/1.1 (+https://developers.facebook.com/docs/sharing/webmasters/crawler)" 145 **0/145178**
57.141.6.72 - - [15/Sep/2025:06:26:00 -0700] "GET /market361880015?kg=0361498018 HTTP/1.1" 200 61253 "-" "meta-externalagent/1.1 (+https://developers.facebook.com/docs/sharing/webmasters/crawler)" 154 **0/154904**
57.141.6.68 - - [15/Sep/2025:06:26:04 -0700] "GET /market1518003760?kg=1516398352 HTTP/1.1" 200 61253 "-" "meta-externalagent/1.1 (+https://developers.facebook.com/docs/sharing/webmasters/crawler)" 145 **0/145428**
18.97.9.172 - - [15/Sep/2025:06:26:09 -0700] "GET /?food/whiskey/9tfk HTTP/1.1" 200 4159 "-" "CCBot/2.0 (https://commoncrawl.org/faq/)" 144 **0/144516**
57.141.6.46 - - [15/Sep/2025:06:26:11 -0700] "GET /market1120916509?kg=1119731298 HTTP/1.1" 200 61253 "-" "meta-externalagent/1.1 (+https://developers.facebook.com/docs/sharing/webmasters/crawler)" 144 **0/144351**
57.141.6.60 - - [15/Sep/2025:06:26:12 -0700] "GET /market2796739241?kg=2793780674 HTTP/1.1" 200 61253 "-" "meta-externalagent/1.1 (+https://developers.facebook.com/docs/sharing/webmasters/crawler)" 178 **0/178101**
57.141.6.41 - - [15/Sep/2025:06:26:13 -0700] "GET /market1918101401?kg=1916072610 HTTP/1.1" 200 61253 "-" "meta-externalagent/1.1 (+https://developers.facebook.com/docs/sharing/webmasters/crawler)" 144 **0/144092**
57.141.6.18 - - [15/Sep/2025:06:26:17 -0700] "GET /market361839813?kg=0361457858 HTTP/1.1" 200 61253 "-" "meta-externalagent/1.1 (+https://developers.facebook.com/docs/sharing/webmasters/crawler)" 146 **0/146649**
57.141.6.6 - - [15/Sep/2025:06:26:24 -0700] "GET /market887811802?kg=0886873264 HTTP/1.1" 200 61253 "-" "meta-externalagent/1.1 (+https://developers.facebook.com/docs/sharing/webmasters/crawler)" 147 **0/147543**
57.141.6.47 - - [15/Sep/2025:06:26:27 -0700] "GET /market2129815775?kg=2127562946 HTTP/1.1" 200 61253 "-" "meta-externalagent/1.1 (+https://developers.facebook.com/docs/sharing/webmasters/crawler)" 146 **0/146956**
57.141.6.28 - - [15/Sep/2025:06:26:30 -0700] "GET /market1517830731?kg=1516225506 HTTP/1.1" 200 61253 "-" "meta-externalagent/1.1 (+https://developers.facebook.com/docs/sharing/webmasters/crawler)" 143 **0/143270**
57.141.6.36 - - [15/Sep/2025:06:26:35 -0700] "GET /market1469122451?kg=1467568770 HTTP/1.1" 200 61253 "-" "meta-externalagent/1.1 (+https://developers.facebook.com/docs/sharing/webmasters/crawler)" 148 **0/148507**
57.141.6.36 - - [15/Sep/2025:06:26:42 -0700] "GET /market1165466642?kg=1164234288 HTTP/1.1" 200 61253 "-" "meta-externalagent/1.1 (+https://developers.facebook.com/docs/sharing/webmasters/crawler)" 142 **0/142999**
57.141.6.71 - - [15/Sep/2025:06:26:45 -0700] "GET /market2666583988?kg=2663763152 HTTP/1.1" 200 61253 "-" "meta-externalagent/1.1 (+https://developers.facebook.com/docs/sharing/webmasters/crawler)" 154 **0/154584**
57.141.6.44 - - [15/Sep/2025:06:26:49 -0700] "GET /market2286472493?kg=2284053890 HTTP/1.1" 200 61253 "-" "meta-externalagent/1.1 (+https://developers.facebook.com/docs/sharing/webmasters/crawler)" 152 **0/152874**
57.141.6.65 - - [15/Sep/2025:06:26:50 -0700] "GET /market1711933072?kg=1710122448 HTTP/1.1" 200 61253 "-" "meta-externalagent/1.1 (+https://developers.facebook.com/docs/sharing/webmasters/crawler)" 137 **0/137854**
57.141.6.24 - - [15/Sep/2025:06:27:05 -0700] "GET /market1918181935?kg=1916153058 HTTP/1.1" 200 61253 "-" "meta-externalagent/1.1 (+https://developers.facebook.com/docs/sharing/webmasters/crawler)" 139 **0/139395**
18.97.9.172 - - [15/Sep/2025:06:27:16 -0700] "GET /?food/whiskey/admy HTTP/1.1" 200 4159 "-" "CCBot/2.0 (https://commoncrawl.org/faq/)" 141 **0/141627**
57.141.6.67 - - [15/Sep/2025:06:27:24 -0700] "GET /market2820016046?kg=2817032848 HTTP/1.1" 200 61253 "-" "meta-externalagent/1.1 (+https://developers.facebook.com/docs/sharing/webmasters/crawler)" 142 **0/142960**
