57.141.6.62 - - [15/Sep/2025:06:27:33 -0700] "GET /market585816249?kg=0585197282 HTTP/1.1" 200 61253 "-" "meta-externalagent/1.1 (+https://developers.facebook.com/docs/sharing/webmasters/crawler)" 131 **0/131436**
57.141.6.73 - - [15/Sep/2025:06:27:45 -0700] "GET /market1670116103?kg=1668349730 HTTP/1.1" 200 61253 "-" "meta-externalagent/1.1 (+https://developers.facebook.com/docs/sharing/webmasters/crawler)" 142 **0/142328**
18.97.9.172 - - [15/Sep/2025:06:27:49 -0700] "GET /?fashion/bags/qvbh HTTP/1.1" 200 4159 "-" "CCBot/2.0 (https://commoncrawl.org/faq/)" 146 **0/146016**
185.101.32.51 - - [15/Sep/2025:06:27:54 -0700] "POST /xmlrpc.php HTTP/1.1" 200 61253 "-" "Mozilla/5.0 (X11; Linux x86_64) AppleWebKit/537.36 (KHTML, like Gecko) Chrome/81.0.4044.129 Safari/537.36" 48 **0/48966**
185.101.32.51 - - [15/Sep/2025:06:27:57 -0700] "POST /xmlrpc.php HTTP/1.1" 200 61253 "-" "Mozilla/5.0 (X11; Linux x86_64) AppleWebKit/537.36 (KHTML, like Gecko) Chrome/81.0.4044.129 Safari/537.36" 65 **0/65563**
57.141.6.74 - - [15/Sep/2025:06:27:58 -0700] "GET /market2547519306?kg=2544824464 HTTP/1.1" 200 61253 "-" "meta-externalagent/1.1 (+https://developers.facebook.com/docs/sharing/webmasters/crawler)" 141 **0/141023**
185.101.32.51 - - [15/Sep/2025:06:28:00 -0700] "POST /xmlrpc.php HTTP/1.1" 200 61253 "-" "Mozilla/5.0 (X11; Linux x86_64) AppleWebKit/537.36 (KHTML, like Gecko) Chrome/81.0.4044.129 Safari/537.36" 62 **0/62416**
57.141.6.32 - - [15/Sep/2025:06:28:02 -0700] "GET /market2129861468?kg=2127608592 HTTP/1.1" 200 61253 "-" "meta-externalagent/1.1 (+https://developers.facebook.com/docs/sharing/webmasters/crawler)" 140 **0/140904**
57.141.6.46 - - [15/Sep/2025:06:28:04 -0700] "GET /market1492157035?kg=1490578978 HTTP/1.1" 200 61253 "-" "meta-externalagent/1.1 (+https://developers.facebook.com/docs/sharing/webmasters/crawler)" 141 **0/141463**
208.109.173.60 - - [15/Sep/2025:06:28:15 -0700] "GET /.well-known/acme-challenge/EGET_7PISHYPNR714TXRS2J8SWWXUPK- HTTP/1.1" 200 64 "-" "Cpanel-HTTP-Client/1.0" 4 **0/4421**
57.141.6.47 - - [15/Sep/2025:06:28:17 -0700] "GET /market2821149310?kg=2818164912 HTTP/1.1" 200 61253 "-" "meta-externalagent/1.1 (+https://developers.facebook.com/docs/sharing/webmasters/crawler)" 139 **0/139482**
18.97.9.172 - - [15/Sep/2025:06:28:25 -0700] "GET /?toys/character/284h HTTP/1.1" 200 4159 "-" "CCBot/2.0 (https://commoncrawl.org/faq/)" 162 **0/162782**
57.141.6.7 - - [15/Sep/2025:06:28:31 -0700] "GET /market2129593120?kg=2127340528 HTTP/1.1" 200 61253 "-" "meta-externalagent/1.1 (+https://developers.facebook.com/docs/sharing/webmasters/crawler)" 156 **0/156517**
57.141.6.64 - - [15/Sep/2025:06:28:44 -0700] "GET /market859898648?kg=0858989648 HTTP/1.1" 200 61253 "-" "meta-externalagent/1.1 (+https://developers.facebook.com/docs/sharing/webmasters/crawler)" 162 **0/162729**
57.141.6.11 - - [15/Sep/2025:06:28:47 -0700] "GET /market2782409517?kg=2779466114 HTTP/1.1" 200 61253 "-" "meta-externalagent/1.1 (+https://developers.facebook.com/docs/sharing/webmasters/crawler)" 141 **0/141209**
57.141.6.42 - - [15/Sep/2025:06:28:54 -0700] "GET /market2079814878?kg=2077614960 HTTP/1.1" 200 61253 "-" "meta-externalagent/1.1 (+https://developers.facebook.com/docs/sharing/webmasters/crawler)" 135 **0/135315**
57.141.6.51 - - [15/Sep/2025:06:28:56 -0700] "GET /market77034476?kg=0076953904 HTTP/1.1" 200 61253 "-" "meta-externalagent/1.1 (+https://developers.facebook.com/docs/sharing/webmasters/crawler)" 143 **0/143295**
57.141.6.51 - - [15/Sep/2025:06:28:56 -0700] "GET /market1814183194?kg=1812264368 HTTP/1.1" 200 61253 "-" "meta-externalagent/1.1 (+https://developers.facebook.com/docs/sharing/webmasters/crawler)" 142 **0/142260**
57.141.6.76 - - [15/Sep/2025:06:28:57 -0700] "GET /market869326435?kg=0868407458 HTTP/1.1" 200 61253 "-" "meta-externalagent/1.1 (+https://developers.facebook.com/docs/sharing/webmasters/crawler)" 145 **0/145768**
18.97.9.172 - - [15/Sep/2025:06:29:00 -0700] "GET /?fashion/accessories/2jlpt HTTP/1.1" 200 4159 "-" "CCBot/2.0 (https://commoncrawl.org/faq/)" 142 **0/142936**
57.141.6.32 - - [15/Sep/2025:06:29:00 -0700] "GET /market2336593115?kg=2334121474 HTTP/1.1" 200 61253 "-" "meta-externalagent/1.1 (+https://developers.facebook.com/docs/sharing/webmasters/crawler)" 148 **0/148266**
57.141.6.63 - - [15/Sep/2025:06:29:11 -0700] "GET /market2543360378?kg=2540669936 HTTP/1.1" 200 61253 "-" "meta-externalagent/1.1 (+https://developers.facebook.com/docs/sharing/webmasters/crawler)" 148 **0/148400**
57.141.6.1 - - [15/Sep/2025:06:29:12 -0700] "GET /market1256660966?kg=1255332112 HTTP/1.1" 200 61253 "-" "meta-externalagent/1.1 (+https://developers.facebook.com/docs/sharing/webmasters/crawler)" 146 **0/146537**
57.141.6.72 - - [15/Sep/2025:06:29:12 -0700] "GET /market887284268?kg=0886346288 HTTP/1.1" 200 61253 "-" "meta-externalagent/1.1 (+https://developers.facebook.com/docs/sharing/webmasters/crawler)" 140 **0/140207**
57.141.6.61 - - [15/Sep/2025:06:29:14 -0700] "GET /market1092746603?kg=1091591202 HTTP/1.1" 200 61253 "-" "meta-externalagent/1.1 (+https://developers.facebook.com/docs/sharing/webmasters/crawler)" 153 **0/153338**
57.141.6.67 - - [15/Sep/2025:06:29:15 -0700] "GET /market1591964379?kg=1590280706 HTTP/1.1" 200 61253 "-" "meta-externalagent/1.1 (+https://developers.facebook.com/docs/sharing/webmasters/crawler)" 151 **0/151389**
57.141.6.64 - - [15/Sep/2025:06:29:18 -0700] "GET /market1165367065?kg=1164134818 HTTP/1.1" 200 61253 "-" "meta-externalagent/1.1 (+https://developers.facebook.com/docs/sharing/webmasters/crawler)" 136 **0/136606**
57.141.6.64 - - [15/Sep/2025:06:29:21 -0700] "GET /market2821311163?kg=2818326594 HTTP/1.1" 200 61253 "-" "meta-externalagent/1.1 (+https://developers.facebook.com/docs/sharing/webmasters/crawler)" 149 **0/149651**
57.141.6.31 - - [15/Sep/2025:06:29:25 -0700] "GET /market860108856?kg=0859199632 HTTP/1.1" 200 61253 "-" "meta-externalagent/1.1 (+https://developers.facebook.com/docs/sharing/webmasters/crawler)" 137 **0/137664**
57.141.6.59 - - [15/Sep/2025:06:29:26 -0700] "GET /market2631758816?kg=2628974832 HTTP/1.1" 200 61253 "-" "meta-externalagent/1.1 (+https://developers.facebook.com/docs/sharing/webmasters/crawler)" 168 **0/168256**
57.141.6.64 - - [15/Sep/2025:06:29:27 -0700] "GET /market1092902799?kg=1091747234 HTTP/1.1" 200 61253 "-" "meta-externalagent/1.1 (+https://developers.facebook.com/docs/sharing/webmasters/crawler)" 141 **0/141215**
18.97.9.172 - - [15/Sep/2025:06:29:35 -0700] "GET /?fashion/accessories/2f1wh HTTP/1.1" 200 4159 "-" "CCBot/2.0 (https://commoncrawl.org/faq/)" 155 **0/155360**
57.141.6.35 - - [15/Sep/2025:06:29:44 -0700] "GET /market2796500333?kg=2793542018 HTTP/1.1" 200 61253 "-" "meta-externalagent/1.1 (+https://developers.facebook.com/docs/sharing/webmasters/crawler)" 136 **0/136771**
208.110.64.178 - - [15/Sep/2025:06:29:52 -0700] "GET /wp-includes/qq9f1ad1/edit.php HTTP/1.1" 200 1 "http://fragnancestories.com/wp-includes/qq9f1ad1/edit.php" "Mozilla/5.0 (Windows NT 10.0; Win64; x64) AppleWebKit/537.36 (KHTML, like Gecko) Chrome/58.0.3029.110 Safari/537.3" 4 **0/4898**
57.141.6.67 - - [15/Sep/2025:06:29:54 -0700] "GET /market887276501?kg=0886338530 HTTP/1.1" 200 61253 "-" "meta-externalagent/1.1 (+https://developers.facebook.com/docs/sharing/webmasters/crawler)" 145 **0/145198**
57.141.6.1 - - [15/Sep/2025:06:29:55 -0700] "GET /market1092653782?kg=1091498480 HTTP/1.1" 200 61253 "-" "meta-externalagent/1.1 (+https://developers.facebook.com/docs/sharing/webmasters/crawler)" 159 **0/159765**
57.141.6.3 - - [15/Sep/2025:06:29:57 -0700] "GET /market1469500163?kg=1467946082 HTTP/1.1" 200 61253 "-" "meta-externalagent/1.1 (+https://developers.facebook.com/docs/sharing/webmasters/crawler)" 138 **0/138469**
57.141.6.28 - - [15/Sep/2025:06:30:03 -0700] "GET /market1904482639?kg=1902468258 HTTP/1.1" 200 61253 "-" "meta-externalagent/1.1 (+https://developers.facebook.com/docs/sharing/webmasters/crawler)" 185 **0/185156**
57.141.6.66 - - [15/Sep/2025:06:30:04 -0700] "GET /market172591340?kg=0172409648 HTTP/1.1" 200 61253 "-" "meta-externalagent/1.1 (+https://developers.facebook.com/docs/sharing/webmasters/crawler)" 201 **0/201487**
57.141.6.29 - - [15/Sep/2025:06:30:05 -0700] "GET /market1669873588?kg=1668107472 HTTP/1.1" 200 61253 "-" "meta-externalagent/1.1 (+https://developers.facebook.com/docs/sharing/webmasters/crawler)" 138 **0/138803**
57.141.6.61 - - [15/Sep/2025:06:30:12 -0700] "GET /market1165425207?kg=1164192898 HTTP/1.1" 200 61253 "-" "meta-externalagent/1.1 (+https://developers.facebook.com/docs/sharing/webmasters/crawler)" 146 **0/146732**
57.141.6.71 - - [15/Sep/2025:06:30:13 -0700] "GET /market870062812?kg=0869143056 HTTP/1.1" 200 61253 "-" "meta-externalagent/1.1 (+https://developers.facebook.com/docs/sharing/webmasters/crawler)" 157 **0/157098**
57.141.6.35 - - [15/Sep/2025:06:30:14 -0700] "GET /market869677239?kg=0868757890 HTTP/1.1" 200 61253 "-" "meta-externalagent/1.1 (+https://developers.facebook.com/docs/sharing/webmasters/crawler)" 157 **0/157119**
57.141.6.19 - - [15/Sep/2025:06:30:20 -0700] "GET /market1712477347?kg=1710666146 HTTP/1.1" 200 61253 "-" "meta-externalagent/1.1 (+https://developers.facebook.com/docs/sharing/webmasters/crawler)" 152 **0/152928**
57.141.6.29 - - [15/Sep/2025:06:30:53 -0700] "GET /market887403997?kg=0886465890 HTTP/1.1" 200 61253 "-" "meta-externalagent/1.1 (+https://developers.facebook.com/docs/sharing/webmasters/crawler)" 145 **0/145376**
57.141.6.63 - - [15/Sep/2025:06:30:56 -0700] "GET /market2666739371?kg=2663918370 HTTP/1.1" 200 61253 "-" "meta-externalagent/1.1 (+https://developers.facebook.com/docs/sharing/webmasters/crawler)" 154 **0/154982**
57.141.6.65 - - [15/Sep/2025:06:31:01 -0700] "GET /market1712470587?kg=1710659394 HTTP/1.1" 200 61253 "-" "meta-externalagent/1.1 (+https://developers.facebook.com/docs/sharing/webmasters/crawler)" 149 **0/149475**
57.141.6.24 - - [15/Sep/2025:06:31:02 -0700] "GET /market1176705638?kg=1175461392 HTTP/1.1" 200 61253 "-" "meta-externalagent/1.1 (+https://developers.facebook.com/docs/sharing/webmasters/crawler)" 147 **0/147365**
18.97.9.172 - - [15/Sep/2025:06:31:13 -0700] "GET /?diet/cooling/21g51 HTTP/1.1" 200 4159 "-" "CCBot/2.0 (https://commoncrawl.org/faq/)" 139 **0/139624**
57.141.6.28 - - [15/Sep/2025:06:31:14 -0700] "GET /market1813202252?kg=1811284464 HTTP/1.1" 200 61253 "-" "meta-externalagent/1.1 (+https://developers.facebook.com/docs/sharing/webmasters/crawler)" 137 **0/137094**
57.141.6.17 - - [15/Sep/2025:06:31:26 -0700] "GET /market1674469639?kg=1672698658 HTTP/1.1" 200 61253 "-" "meta-externalagent/1.1 (+https://developers.facebook.com/docs/sharing/webmasters/crawler)" 148 **0/148375**
18.97.9.172 - - [15/Sep/2025:06:31:47 -0700] "GET /?hobbies/crafts/dqf2 HTTP/1.1" 200 4159 "-" "CCBot/2.0 (https://commoncrawl.org/faq/)" 144 **0/144242**
128.127.105.199 - - [15/Sep/2025:06:31:55 -0700] "POST /xmlrpc.php HTTP/1.1" 200 61253 "-" "Mozilla/5.0 (X11; Linux x86_64) AppleWebKit/537.36 (KHTML, like Gecko) Chrome/114.0.0.0 Safari/537.36 Vivaldi/5.3.2679.68" 60 **0/60151**
128.127.105.199 - - [15/Sep/2025:06:31:55 -0700] "POST /xmlrpc.php HTTP/1.1" 200 61253 "-" "Mozilla/5.0 (X11; Linux x86_64) AppleWebKit/537.36 (KHTML, like Gecko) Chrome/114.0.0.0 Safari/537.36 Vivaldi/5.3.2679.68" 56 **0/56695**
128.127.105.199 - - [15/Sep/2025:06:31:56 -0700] "POST /xmlrpc.php HTTP/1.1" 200 61253 "-" "Mozilla/5.0 (X11; Linux x86_64) AppleWebKit/537.36 (KHTML, like Gecko) Chrome/114.0.0.0 Safari/537.36 Vivaldi/5.3.2679.68" 223 **0/223694**
128.127.105.199 - - [15/Sep/2025:06:31:56 -0700] "POST /xmlrpc.php HTTP/1.1" 200 61253 "-" "Mozilla/5.0 (X11; Linux x86_64) AppleWebKit/537.36 (KHTML, like Gecko) Chrome/114.0.0.0 Safari/537.36 Vivaldi/5.3.2679.68" 49 **0/49150**
57.141.6.55 - - [15/Sep/2025:06:32:27 -0700] "GET /market2286653677?kg=2284234882 HTTP/1.1" 200 61253 "-" "meta-externalagent/1.1 (+https://developers.facebook.com/docs/sharing/webmasters/crawler)" 143 **0/143203**
57.141.6.2 - - [15/Sep/2025:06:32:31 -0700] "GET /market1170306277?kg=1169068802 HTTP/1.1" 200 61253 "-" "meta-externalagent/1.1 (+https://developers.facebook.com/docs/sharing/webmasters/crawler)" 147 **0/147813**
57.141.6.10 - - [15/Sep/2025:06:32:34 -0700] "GET /market898796002?kg=0897845840 HTTP/1.1" 200 61253 "-" "meta-externalagent/1.1 (+https://developers.facebook.com/docs/sharing/webmasters/crawler)" 149 **0/149265**
57.141.6.24 - - [15/Sep/2025:06:32:41 -0700] "GET /market1225497447?kg=1224201570 HTTP/1.1" 200 61253 "-" "meta-externalagent/1.1 (+https://developers.facebook.com/docs/sharing/webmasters/crawler)" 135 **0/135985**
57.141.6.45 - - [15/Sep/2025:06:32:41 -0700] "GET /market1176251974?kg=1175008208 HTTP/1.1" 200 61253 "-" "meta-externalagent/1.1 (+https://developers.facebook.com/docs/sharing/webmasters/crawler)" 136 **0/136686**
57.141.6.22 - - [15/Sep/2025:06:32:45 -0700] "GET /market393786515?kg=0393370754 HTTP/1.1" 200 61253 "-" "meta-externalagent/1.1 (+https://developers.facebook.com/docs/sharing/webmasters/crawler)" 143 **0/143562**
57.141.6.42 - - [15/Sep/2025:06:32:46 -0700] "GET /market743245222?kg=0742459664 HTTP/1.1" 200 61253 "-" "meta-externalagent/1.1 (+https://developers.facebook.com/docs/sharing/webmasters/crawler)" 139 **0/139004**
57.141.6.49 - - [15/Sep/2025:06:32:51 -0700] "GET /market586045208?kg=0585426000 HTTP/1.1" 200 61253 "-" "meta-externalagent/1.1 (+https://developers.facebook.com/docs/sharing/webmasters/crawler)" 145 **0/145602**
57.141.6.10 - - [15/Sep/2025:06:32:52 -0700] "GET /market769988227?kg=0769174370 HTTP/1.1" 200 61253 "-" "meta-externalagent/1.1 (+https://developers.facebook.com/docs/sharing/webmasters/crawler)" 138 **0/138630**
57.141.6.46 - - [15/Sep/2025:06:32:52 -0700] "GET /market1591625764?kg=1589942448 HTTP/1.1" 200 61253 "-" "meta-externalagent/1.1 (+https://developers.facebook.com/docs/sharing/webmasters/crawler)" 149 **0/149123**
57.141.6.43 - - [15/Sep/2025:06:32:53 -0700] "GET /market361421769?kg=0361040258 HTTP/1.1" 200 61253 "-" "meta-externalagent/1.1 (+https://developers.facebook.com/docs/sharing/webmasters/crawler)" 153 **0/153427**
57.141.6.12 - - [15/Sep/2025:06:32:54 -0700] "GET /market1092923077?kg=1091767490 HTTP/1.1" 200 61253 "-" "meta-externalagent/1.1 (+https://developers.facebook.com/docs/sharing/webmasters/crawler)" 150 **0/150460**
57.141.6.62 - - [15/Sep/2025:06:33:00 -0700] "GET /market565777778?kg=0565180016 HTTP/1.1" 200 61253 "-" "meta-externalagent/1.1 (+https://developers.facebook.com/docs/sharing/webmasters/crawler)" 144 **0/144889**
57.141.6.14 - - [15/Sep/2025:06:33:01 -0700] "GET /market572377146?kg=0571772400 HTTP/1.1" 200 61253 "-" "meta-externalagent/1.1 (+https://developers.facebook.com/docs/sharing/webmasters/crawler)" 157 **0/157541**
57.141.6.71 - - [15/Sep/2025:06:33:01 -0700] "GET /market171892665?kg=0171711714 HTTP/1.1" 200 61253 "-" "meta-externalagent/1.1 (+https://developers.facebook.com/docs/sharing/webmasters/crawler)" 155 **0/155194**
57.141.6.50 - - [15/Sep/2025:06:33:04 -0700] "GET /market1469123716?kg=1467570032 HTTP/1.1" 200 61253 "-" "meta-externalagent/1.1 (+https://developers.facebook.com/docs/sharing/webmasters/crawler)" 149 **0/149957**
57.141.6.4 - - [15/Sep/2025:06:33:16 -0700] "GET /market1256391709?kg=1255063138 HTTP/1.1" 200 61253 "-" "meta-externalagent/1.1 (+https://developers.facebook.com/docs/sharing/webmasters/crawler)" 140 **0/140688**
57.141.6.36 - - [15/Sep/2025:06:33:22 -0700] "GET /market1669676932?kg=1667911024 HTTP/1.1" 200 61253 "-" "meta-externalagent/1.1 (+https://developers.facebook.com/docs/sharing/webmasters/crawler)" 139 **0/139208**
57.141.6.36 - - [15/Sep/2025:06:33:24 -0700] "GET /market1674181269?kg=1672410594 HTTP/1.1" 200 61253 "-" "meta-externalagent/1.1 (+https://developers.facebook.com/docs/sharing/webmasters/crawler)" 145 **0/145869**
57.141.6.3 - - [15/Sep/2025:06:33:26 -0700] "GET /market1551394326?kg=1549753584 HTTP/1.1" 200 61253 "-" "meta-externalagent/1.1 (+https://developers.facebook.com/docs/sharing/webmasters/crawler)" 134 **0/134449**
18.97.9.172 - - [15/Sep/2025:06:33:27 -0700] "GET /?etc./bulk-sales/mg9y HTTP/1.1" 200 4159 "-" "CCBot/2.0 (https://commoncrawl.org/faq/)" 158 **0/158214**
57.141.6.75 - - [15/Sep/2025:06:33:32 -0700] "GET /market1742293264?kg=1740450512 HTTP/1.1" 200 61253 "-" "meta-externalagent/1.1 (+https://developers.facebook.com/docs/sharing/webmasters/crawler)" 132 **0/132511**
57.141.6.2 - - [15/Sep/2025:06:33:34 -0700] "GET /market1669959907?kg=1668193698 HTTP/1.1" 200 61253 "-" "meta-externalagent/1.1 (+https://developers.facebook.com/docs/sharing/webmasters/crawler)" 143 **0/143742**
57.141.6.35 - - [15/Sep/2025:06:33:49 -0700] "GET /market1670186528?kg=1668420080 HTTP/1.1" 200 61253 "-" "meta-externalagent/1.1 (+https://developers.facebook.com/docs/sharing/webmasters/crawler)" 151 **0/151563**
57.141.6.36 - - [15/Sep/2025:06:33:50 -0700] "GET /market1098511116?kg=1097349616 HTTP/1.1" 200 61253 "-" "meta-externalagent/1.1 (+https://developers.facebook.com/docs/sharing/webmasters/crawler)" 143 **0/143478**
57.141.6.55 - - [15/Sep/2025:06:33:54 -0700] "GET /market121439373?kg=0121311810 HTTP/1.1" 200 61253 "-" "meta-externalagent/1.1 (+https://developers.facebook.com/docs/sharing/webmasters/crawler)" 134 **0/134591**
57.141.6.46 - - [15/Sep/2025:06:33:56 -0700] "GET /market1049598607?kg=1048488866 HTTP/1.1" 200 61253 "-" "meta-externalagent/1.1 (+https://developers.facebook.com/docs/sharing/webmasters/crawler)" 144 **0/144185**
18.97.9.172 - - [15/Sep/2025:06:33:59 -0700] "GET /mw3759963/ HTTP/1.1" 200 4159 "-" "CCBot/2.0 (https://commoncrawl.org/faq/)" 153 **0/153661**
57.141.6.66 - - [15/Sep/2025:06:34:07 -0700] "GET /market121672882?kg=0121545072 HTTP/1.1" 200 61253 "-" "meta-externalagent/1.1 (+https://developers.facebook.com/docs/sharing/webmasters/crawler)" 143 **0/143653**
204.12.252.98 - - [15/Sep/2025:06:34:10 -0700] "GET /wp-content/admin.php HTTP/1.1" 200 1 "http://fragnancestories.com/wp-content/admin.php" "Mozilla/5.0 (Windows NT 10.0; Win64; x64) AppleWebKit/537.36 (KHTML, like Gecko) Chrome/58.0.3029.110 Safari/537.3" 5 **0/5529**
57.141.6.26 - - [15/Sep/2025:06:34:11 -0700] "GET /market2129826793?kg=2127573954 HTTP/1.1" 200 61253 "-" "meta-externalagent/1.1 (+https://developers.facebook.com/docs/sharing/webmasters/crawler)" 162 **0/162804**
57.141.6.20 - - [15/Sep/2025:06:34:22 -0700] "GET /market1176356788?kg=1175112912 HTTP/1.1" 200 61253 "-" "meta-externalagent/1.1 (+https://developers.facebook.com/docs/sharing/webmasters/crawler)" 152 **0/152272**
57.141.6.61 - - [15/Sep/2025:06:34:25 -0700] "GET /market2330801528?kg=2328336016 HTTP/1.1" 200 61253 "-" "meta-externalagent/1.1 (+https://developers.facebook.com/docs/sharing/webmasters/crawler)" 134 **0/134689**
57.141.6.65 - - [15/Sep/2025:06:34:25 -0700] "GET /market1176620588?kg=1175376432 HTTP/1.1" 200 61253 "-" "meta-externalagent/1.1 (+https://developers.facebook.com/docs/sharing/webmasters/crawler)" 144 **0/144754**
57.141.6.26 - - [15/Sep/2025:06:34:28 -0700] "GET /market264336443?kg=0264057666 HTTP/1.1" 200 61253 "-" "meta-externalagent/1.1 (+https://developers.facebook.com/docs/sharing/webmasters/crawler)" 156 **0/156951**
57.141.6.63 - - [15/Sep/2025:06:34:29 -0700] "GET /market572288877?kg=0571684226 HTTP/1.1" 200 61253 "-" "meta-externalagent/1.1 (+https://developers.facebook.com/docs/sharing/webmasters/crawler)" 140 **0/140153**
57.141.6.58 - - [15/Sep/2025:06:34:33 -0700] "GET /market586034156?kg=0585414960 HTTP/1.1" 200 61253 "-" "meta-externalagent/1.1 (+https://developers.facebook.com/docs/sharing/webmasters/crawler)" 142 **0/142635**
18.97.9.172 - - [15/Sep/2025:06:34:33 -0700] "GET /?cosmetics/face-creams/1jxq8 HTTP/1.1" 200 4159 "-" "CCBot/2.0 (https://commoncrawl.org/faq/)" 148 **0/148102**
57.141.6.6 - - [15/Sep/2025:06:34:47 -0700] "GET /market1670393421?kg=1668626754 HTTP/1.1" 200 61253 "-" "meta-externalagent/1.1 (+https://developers.facebook.com/docs/sharing/webmasters/crawler)" 139 **0/139864**
57.141.6.48 - - [15/Sep/2025:06:35:00 -0700] "GET /market2373179479?kg=2370669122 HTTP/1.1" 200 61253 "-" "meta-externalagent/1.1 (+https://developers.facebook.com/docs/sharing/webmasters/crawler)" 147 **0/147380**
18.97.9.172 - - [15/Sep/2025:06:35:03 -0700] "GET /?tools/screws/2b2j4 HTTP/1.1" 200 4159 "-" "CCBot/2.0 (https://commoncrawl.org/faq/)" 180 **0/180205**
57.141.6.58 - - [15/Sep/2025:06:35:10 -0700] "GET /market2076567504?kg=2074371024 HTTP/1.1" 200 61253 "-" "meta-externalagent/1.1 (+https://developers.facebook.com/docs/sharing/webmasters/crawler)" 152 **0/152719**
57.141.6.33 - - [15/Sep/2025:06:35:18 -0700] "GET /market2286567616?kg=2284148912 HTTP/1.1" 200 61253 "-" "meta-externalagent/1.1 (+https://developers.facebook.com/docs/sharing/webmasters/crawler)" 135 **0/135496**
57.141.6.24 - - [15/Sep/2025:06:35:22 -0700] "GET /market2809132626?kg=2806160944 HTTP/1.1" 200 61253 "-" "meta-externalagent/1.1 (+https://developers.facebook.com/docs/sharing/webmasters/crawler)" 176 **0/176163**
57.141.6.43 - - [15/Sep/2025:06:35:31 -0700] "GET /market565688274?kg=0565090608 HTTP/1.1" 200 61253 "-" "meta-externalagent/1.1 (+https://developers.facebook.com/docs/sharing/webmasters/crawler)" 145 **0/145179**
57.141.6.51 - - [15/Sep/2025:06:35:32 -0700] "GET /market2129630299?kg=2127377666 HTTP/1.1" 200 61253 "-" "meta-externalagent/1.1 (+https://developers.facebook.com/docs/sharing/webmasters/crawler)" 142 **0/142286**
57.141.6.76 - - [15/Sep/2025:06:35:33 -0700] "GET /market2076615445?kg=2074418914 HTTP/1.1" 200 61253 "-" "meta-externalagent/1.1 (+https://developers.facebook.com/docs/sharing/webmasters/crawler)" 144 **0/144165**
57.141.6.4 - - [15/Sep/2025:06:35:39 -0700] "GET /market1431120428?kg=1429606960 HTTP/1.1" 200 61253 "-" "meta-externalagent/1.1 (+https://developers.facebook.com/docs/sharing/webmasters/crawler)" 147 **0/147201**
57.141.6.30 - - [15/Sep/2025:06:35:48 -0700] "GET /market2029078421?kg=2026932194 HTTP/1.1" 200 61253 "-" "meta-externalagent/1.1 (+https://developers.facebook.com/docs/sharing/webmasters/crawler)" 136 **0/136699**
57.141.6.45 - - [15/Sep/2025:06:35:52 -0700] "GET /market1918215475?kg=1916186562 HTTP/1.1" 200 61253 "-" "meta-externalagent/1.1 (+https://developers.facebook.com/docs/sharing/webmasters/crawler)" 145 **0/145190**
57.141.6.61 - - [15/Sep/2025:06:36:01 -0700] "GET /market1169991127?kg=1168753986 HTTP/1.1" 200 61253 "-" "meta-externalagent/1.1 (+https://developers.facebook.com/docs/sharing/webmasters/crawler)" 154 **0/154781**
57.141.6.16 - - [15/Sep/2025:06:36:04 -0700] "GET /market1592041434?kg=1590357680 HTTP/1.1" 200 61253 "-" "meta-externalagent/1.1 (+https://developers.facebook.com/docs/sharing/webmasters/crawler)" 154 **0/154736**
57.141.6.55 - - [15/Sep/2025:06:36:06 -0700] "GET /market2331211419?kg=2328745474 HTTP/1.1" 200 61253 "-" "meta-externalagent/1.1 (+https://developers.facebook.com/docs/sharing/webmasters/crawler)" 145 **0/145004**
57.141.6.59 - - [15/Sep/2025:06:36:13 -0700] "GET /market172462613?kg=0172281058 HTTP/1.1" 200 61253 "-" "meta-externalagent/1.1 (+https://developers.facebook.com/docs/sharing/webmasters/crawler)" 146 **0/146325**
57.141.6.52 - - [15/Sep/2025:06:36:30 -0700] "GET /market1098695747?kg=1097534050 HTTP/1.1" 200 61253 "-" "meta-externalagent/1.1 (+https://developers.facebook.com/docs/sharing/webmasters/crawler)" 157 **0/157446**
57.141.6.52 - - [15/Sep/2025:06:36:40 -0700] "GET /market1670343142?kg=1668576528 HTTP/1.1" 200 61253 "-" "meta-externalagent/1.1 (+https://developers.facebook.com/docs/sharing/webmasters/crawler)" 137 **0/137874**
18.97.9.172 - - [15/Sep/2025:06:36:40 -0700] "GET /?musical-instruments/model-trains/2dog2 HTTP/1.1" 200 4159 "-" "CCBot/2.0 (https://commoncrawl.org/faq/)" 166 **0/166151**
57.141.6.17 - - [15/Sep/2025:06:36:41 -0700] "GET /market1742454170?kg=1740611248 HTTP/1.1" 200 61253 "-" "meta-externalagent/1.1 (+https://developers.facebook.com/docs/sharing/webmasters/crawler)" 136 **0/136502**
57.141.6.26 - - [15/Sep/2025:06:36:41 -0700] "GET /market1712522065?kg=1710710818 HTTP/1.1" 200 61253 "-" "meta-externalagent/1.1 (+https://developers.facebook.com/docs/sharing/webmasters/crawler)" 135 **0/135890**
57.141.6.16 - - [15/Sep/2025:06:36:47 -0700] "GET /market2576454551?kg=2573729090 HTTP/1.1" 200 61253 "-" "meta-externalagent/1.1 (+https://developers.facebook.com/docs/sharing/webmasters/crawler)" 136 **0/136875**
57.141.6.22 - - [15/Sep/2025:06:36:56 -0700] "GET /market121600375?kg=0121472642 HTTP/1.1" 200 61253 "-" "meta-externalagent/1.1 (+https://developers.facebook.com/docs/sharing/webmasters/crawler)" 139 **0/139021**
57.141.6.69 - - [15/Sep/2025:06:37:03 -0700] "GET /market2330884112?kg=2328418512 HTTP/1.1" 200 61253 "-" "meta-externalagent/1.1 (+https://developers.facebook.com/docs/sharing/webmasters/crawler)" 137 **0/137884**
57.141.6.60 - - [15/Sep/2025:06:37:04 -0700] "GET /market2547169643?kg=2544475170 HTTP/1.1" 200 61253 "-" "meta-externalagent/1.1 (+https://developers.facebook.com/docs/sharing/webmasters/crawler)" 153 **0/153485**
57.141.6.61 - - [15/Sep/2025:06:37:14 -0700] "GET /market572064334?kg=0571459920 HTTP/1.1" 200 61253 "-" "meta-externalagent/1.1 (+https://developers.facebook.com/docs/sharing/webmasters/crawler)" 148 **0/148818**
57.141.6.67 - - [15/Sep/2025:06:37:18 -0700] "GET /market743587280?kg=0742801360 HTTP/1.1" 200 61253 "-" "meta-externalagent/1.1 (+https://developers.facebook.com/docs/sharing/webmasters/crawler)" 146 **0/146582**
57.141.6.41 - - [15/Sep/2025:06:37:20 -0700] "GET /market1531221637?kg=1529602242 HTTP/1.1" 200 61253 "-" "meta-externalagent/1.1 (+https://developers.facebook.com/docs/sharing/webmasters/crawler)" 136 **0/136487**
57.141.6.76 - - [15/Sep/2025:06:37:33 -0700] "GET /market2006503476?kg=2004381136 HTTP/1.1" 200 61253 "-" "meta-externalagent/1.1 (+https://developers.facebook.com/docs/sharing/webmasters/crawler)" 153 **0/153920**
57.141.6.16 - - [15/Sep/2025:06:37:35 -0700] "GET /market1591925152?kg=1590241520 HTTP/1.1" 200 61253 "-" "meta-externalagent/1.1 (+https://developers.facebook.com/docs/sharing/webmasters/crawler)" 157 **0/157919**
57.141.6.42 - - [15/Sep/2025:06:37:37 -0700] "GET /market1256059980?kg=1254731760 HTTP/1.1" 200 61253 "-" "meta-externalagent/1.1 (+https://developers.facebook.com/docs/sharing/webmasters/crawler)" 152 **0/152018**
57.141.6.42 - - [15/Sep/2025:06:37:39 -0700] "GET /market2112989681?kg=2110754658 HTTP/1.1" 200 61253 "-" "meta-externalagent/1.1 (+https://developers.facebook.com/docs/sharing/webmasters/crawler)" 138 **0/138230**
57.141.6.40 - - [15/Sep/2025:06:37:48 -0700] "GET /market887871051?kg=0886932450 HTTP/1.1" 200 61253 "-" "meta-externalagent/1.1 (+https://developers.facebook.com/docs/sharing/webmasters/crawler)" 130 **0/130323**
204.12.252.98 - - [15/Sep/2025:06:37:55 -0700] "GET /wp-content/admin.php HTTP/1.1" 200 1 "http://fragnancestories.com/wp-content/admin.php" "Mozilla/5.0 (Windows NT 10.0; Win64; x64) AppleWebKit/537.36 (KHTML, like Gecko) Chrome/58.0.3029.110 Safari/537.3" 12 **0/12893**
57.141.6.2 - - [15/Sep/2025:06:38:06 -0700] "GET /market1556263113?kg=1554617218 HTTP/1.1" 200 61253 "-" "meta-externalagent/1.1 (+https://developers.facebook.com/docs/sharing/webmasters/crawler)" 146 **0/146855**
57.141.6.42 - - [15/Sep/2025:06:38:08 -0700] "GET /market172570055?kg=0172388386 HTTP/1.1" 200 61253 "-" "meta-externalagent/1.1 (+https://developers.facebook.com/docs/sharing/webmasters/crawler)" 153 **0/153795**
57.141.6.26 - - [15/Sep/2025:06:38:10 -0700] "GET /market1793634024?kg=1791736944 HTTP/1.1" 200 61253 "-" "meta-externalagent/1.1 (+https://developers.facebook.com/docs/sharing/webmasters/crawler)" 146 **0/146689**
57.141.6.32 - - [15/Sep/2025:06:38:13 -0700] "GET /market2129700562?kg=2127447856 HTTP/1.1" 200 61253 "-" "meta-externalagent/1.1 (+https://developers.facebook.com/docs/sharing/webmasters/crawler)" 143 **0/143344**
57.141.6.16 - - [15/Sep/2025:06:38:19 -0700] "GET /market1674295213?kg=1672524418 HTTP/1.1" 200 61253 "-" "meta-externalagent/1.1 (+https://developers.facebook.com/docs/sharing/webmasters/crawler)" 152 **0/152607**
18.97.9.172 - - [15/Sep/2025:06:38:20 -0700] "GET /?fashion/accessories/1twug HTTP/1.1" 200 4159 "-" "CCBot/2.0 (https://commoncrawl.org/faq/)" 149 **0/149481**
57.141.6.64 - - [15/Sep/2025:06:38:23 -0700] "GET /market121302090?kg=0121174672 HTTP/1.1" 200 61253 "-" "meta-externalagent/1.1 (+https://developers.facebook.com/docs/sharing/webmasters/crawler)" 147 **0/147468**
57.141.6.44 - - [15/Sep/2025:06:38:27 -0700] "GET /market1039953265?kg=1038853730 HTTP/1.1" 200 61253 "-" "meta-externalagent/1.1 (+https://developers.facebook.com/docs/sharing/webmasters/crawler)" 140 **0/140480**
57.141.6.12 - - [15/Sep/2025:06:38:34 -0700] "GET /market2331269561?kg=2328803554 HTTP/1.1" 200 61253 "-" "meta-externalagent/1.1 (+https://developers.facebook.com/docs/sharing/webmasters/crawler)" 143 **0/143446**
57.141.6.70 - - [15/Sep/2025:06:38:41 -0700] "GET /market685045908?kg=0684321936 HTTP/1.1" 200 61253 "-" "meta-externalagent/1.1 (+https://developers.facebook.com/docs/sharing/webmasters/crawler)" 152 **0/152878**
57.141.6.65 - - [15/Sep/2025:06:38:42 -0700] "GET /market599691330?kg=0599057680 HTTP/1.1" 200 61253 "-" "meta-externalagent/1.1 (+https://developers.facebook.com/docs/sharing/webmasters/crawler)" 170 **0/170116**
57.141.6.44 - - [15/Sep/2025:06:38:44 -0700] "GET /market2782326935?kg=2779383618 HTTP/1.1" 200 61253 "-" "meta-externalagent/1.1 (+https://developers.facebook.com/docs/sharing/webmasters/crawler)" 143 **0/143566**
57.141.6.9 - - [15/Sep/2025:06:38:54 -0700] "GET /market1165454325?kg=1164221986 HTTP/1.1" 200 61253 "-" "meta-externalagent/1.1 (+https://developers.facebook.com/docs/sharing/webmasters/crawler)" 140 **0/140390**
57.141.6.14 - - [15/Sep/2025:06:39:03 -0700] "GET /market2611687818?kg=2608925072 HTTP/1.1" 200 61253 "-" "meta-externalagent/1.1 (+https://developers.facebook.com/docs/sharing/webmasters/crawler)" 144 **0/144267**
57.141.6.47 - - [15/Sep/2025:06:39:08 -0700] "GET /market2547413133?kg=2544718402 HTTP/1.1" 200 61253 "-" "meta-externalagent/1.1 (+https://developers.facebook.com/docs/sharing/webmasters/crawler)" 138 **0/138571**
57.141.6.64 - - [15/Sep/2025:06:39:12 -0700] "GET /market2820874492?kg=2817890384 HTTP/1.1" 200 61253 "-" "meta-externalagent/1.1 (+https://developers.facebook.com/docs/sharing/webmasters/crawler)" 142 **0/142998**
57.141.6.38 - - [15/Sep/2025:06:39:13 -0700] "GET /market1165020715?kg=1163788834 HTTP/1.1" 200 61253 "-" "meta-externalagent/1.1 (+https://developers.facebook.com/docs/sharing/webmasters/crawler)" 155 **0/155678**
57.141.6.12 - - [15/Sep/2025:06:39:16 -0700] "GET /market1551448046?kg=1549807248 HTTP/1.1" 200 61253 "-" "meta-externalagent/1.1 (+https://developers.facebook.com/docs/sharing/webmasters/crawler)" 138 **0/138031**
57.141.6.66 - - [15/Sep/2025:06:39:18 -0700] "GET /market171983272?kg=0171802224 HTTP/1.1" 200 61253 "-" "meta-externalagent/1.1 (+https://developers.facebook.com/docs/sharing/webmasters/crawler)" 146 **0/146680**
57.141.6.69 - - [15/Sep/2025:06:39:19 -0700] "GET /market2819554777?kg=2816572066 HTTP/1.1" 200 61253 "-" "meta-externalagent/1.1 (+https://developers.facebook.com/docs/sharing/webmasters/crawler)" 148 **0/148125**
57.141.6.33 - - [15/Sep/2025:06:39:23 -0700] "GET /market121651629?kg=0121523842 HTTP/1.1" 200 61253 "-" "meta-externalagent/1.1 (+https://developers.facebook.com/docs/sharing/webmasters/crawler)" 156 **0/156802**
57.141.6.12 - - [15/Sep/2025:06:39:23 -0700] "GET /market684665986?kg=0683942416 HTTP/1.1" 200 61253 "-" "meta-externalagent/1.1 (+https://developers.facebook.com/docs/sharing/webmasters/crawler)" 188 **0/188251**
57.141.6.61 - - [15/Sep/2025:06:39:24 -0700] "GET /market1530952342?kg=1529333232 HTTP/1.1" 200 61253 "-" "meta-externalagent/1.1 (+https://developers.facebook.com/docs/sharing/webmasters/crawler)" 164 **0/164246**
57.141.6.17 - - [15/Sep/2025:06:39:30 -0700] "GET /market1098131322?kg=1096970224 HTTP/1.1" 200 61253 "-" "meta-externalagent/1.1 (+https://developers.facebook.com/docs/sharing/webmasters/crawler)" 146 **0/146916**
57.141.6.19 - - [15/Sep/2025:06:39:33 -0700] "GET /market1165148179?kg=1163916162 HTTP/1.1" 200 61253 "-" "meta-externalagent/1.1 (+https://developers.facebook.com/docs/sharing/webmasters/crawler)" 142 **0/142889**
57.141.6.28 - - [15/Sep/2025:06:39:44 -0700] "GET /market1918112871?kg=1916084066 HTTP/1.1" 200 61253 "-" "meta-externalagent/1.1 (+https://developers.facebook.com/docs/sharing/webmasters/crawler)" 135 **0/135117**
57.141.6.8 - - [15/Sep/2025:06:39:50 -0700] "GET /market1431515950?kg=1430002064 HTTP/1.1" 200 61253 "-" "meta-externalagent/1.1 (+https://developers.facebook.com/docs/sharing/webmasters/crawler)" 141 **0/141832**
57.141.6.41 - - [15/Sep/2025:06:40:02 -0700] "GET /market2576407879?kg=2573682466 HTTP/1.1" 200 61253 "-" "meta-externalagent/1.1 (+https://developers.facebook.com/docs/sharing/webmasters/crawler)" 236 **0/236649**
57.141.6.61 - - [15/Sep/2025:06:40:10 -0700] "GET /market1039850243?kg=1038750818 HTTP/1.1" 200 61253 "-" "meta-externalagent/1.1 (+https://developers.facebook.com/docs/sharing/webmasters/crawler)" 160 **0/160530**
57.141.6.6 - - [15/Sep/2025:06:40:16 -0700] "GET /market1592244850?kg=1590560880 HTTP/1.1" 200 61253 "-" "meta-externalagent/1.1 (+https://developers.facebook.com/docs/sharing/webmasters/crawler)" 154 **0/154100**
57.141.6.70 - - [15/Sep/2025:06:40:18 -0700] "GET /market770101354?kg=0769287376 HTTP/1.1" 200 61253 "-" "meta-externalagent/1.1 (+https://developers.facebook.com/docs/sharing/webmasters/crawler)" 136 **0/136791**
57.141.6.9 - - [15/Sep/2025:06:40:31 -0700] "GET /market1592214757?kg=1590530818 HTTP/1.1" 200 61253 "-" "meta-externalagent/1.1 (+https://developers.facebook.com/docs/sharing/webmasters/crawler)" 136 **0/136878**
57.141.6.8 - - [15/Sep/2025:06:40:38 -0700] "GET /market1098738159?kg=1097576418 HTTP/1.1" 200 61253 "-" "meta-externalagent/1.1 (+https://developers.facebook.com/docs/sharing/webmasters/crawler)" 149 **0/149457**
18.97.9.172 - - [15/Sep/2025:06:41:09 -0700] "GET /?handicrafts/ornaments/22mei HTTP/1.1" 200 4159 "-" "CCBot/2.0 (https://commoncrawl.org/faq/)" 158 **0/158680**
57.141.6.31 - - [15/Sep/2025:06:41:16 -0700] "GET /market171946387?kg=0171765378 HTTP/1.1" 200 61253 "-" "meta-externalagent/1.1 (+https://developers.facebook.com/docs/sharing/webmasters/crawler)" 152 **0/152882**
57.141.6.56 - - [15/Sep/2025:06:41:23 -0700] "GET /market1711852732?kg=1710042192 HTTP/1.1" 200 61253 "-" "meta-externalagent/1.1 (+https://developers.facebook.com/docs/sharing/webmasters/crawler)" 145 **0/145153**
57.141.6.40 - - [15/Sep/2025:06:41:24 -0700] "GET /market974083913?kg=0973054082 HTTP/1.1" 200 61253 "-" "meta-externalagent/1.1 (+https://developers.facebook.com/docs/sharing/webmasters/crawler)" 146 **0/146224**
57.141.6.40 - - [15/Sep/2025:06:41:29 -0700] "GET /market1917844393?kg=1915815874 HTTP/1.1" 200 61253 "-" "meta-externalagent/1.1 (+https://developers.facebook.com/docs/sharing/webmasters/crawler)" 142 **0/142420**
57.141.6.61 - - [15/Sep/2025:06:41:34 -0700] "GET /market1165478799?kg=1164246434 HTTP/1.1" 200 61253 "-" "meta-externalagent/1.1 (+https://developers.facebook.com/docs/sharing/webmasters/crawler)" 136 **0/136893**
57.141.6.68 - - [15/Sep/2025:06:41:38 -0700] "GET /market1039473796?kg=1038374768 HTTP/1.1" 200 61253 "-" "meta-externalagent/1.1 (+https://developers.facebook.com/docs/sharing/webmasters/crawler)" 145 **0/145195**
57.141.6.48 - - [15/Sep/2025:06:41:48 -0700] "GET /market1164876640?kg=1163644912 HTTP/1.1" 200 61253 "-" "meta-externalagent/1.1 (+https://developers.facebook.com/docs/sharing/webmasters/crawler)" 174 **0/174651**
57.141.6.72 - - [15/Sep/2025:06:41:52 -0700] "GET /market172632489?kg=0172450754 HTTP/1.1" 200 61253 "-" "meta-externalagent/1.1 (+https://developers.facebook.com/docs/sharing/webmasters/crawler)" 154 **0/154005**
57.141.6.34 - - [15/Sep/2025:06:41:53 -0700] "GET /market1094413775?kg=1093256610 HTTP/1.1" 200 61253 "-" "meta-externalagent/1.1 (+https://developers.facebook.com/docs/sharing/webmasters/crawler)" 161 **0/161634**
57.141.6.32 - - [15/Sep/2025:06:41:55 -0700] "GET /market76483575?kg=0076403586 HTTP/1.1" 200 61253 "-" "meta-externalagent/1.1 (+https://developers.facebook.com/docs/sharing/webmasters/crawler)" 150 **0/150290**
57.141.6.50 - - [15/Sep/2025:06:41:58 -0700] "GET /market121714191?kg=0121586338 HTTP/1.1" 200 61253 "-" "meta-externalagent/1.1 (+https://developers.facebook.com/docs/sharing/webmasters/crawler)" 148 **0/148604**
57.141.6.2 - - [15/Sep/2025:06:42:01 -0700] "GET /market2144439102?kg=2142170800 HTTP/1.1" 200 61253 "-" "meta-externalagent/1.1 (+https://developers.facebook.com/docs/sharing/webmasters/crawler)" 175 **0/175040**
57.141.6.30 - - [15/Sep/2025:06:42:03 -0700] "GET /market2560267791?kg=2557559458 HTTP/1.1" 200 61253 "-" "meta-externalagent/1.1 (+https://developers.facebook.com/docs/sharing/webmasters/crawler)" 142 **0/142128**
57.141.6.41 - - [15/Sep/2025:06:42:04 -0700] "GET /market1431113636?kg=1429600176 HTTP/1.1" 200 61253 "-" "meta-externalagent/1.1 (+https://developers.facebook.com/docs/sharing/webmasters/crawler)" 160 **0/160669**
57.141.6.40 - - [15/Sep/2025:06:42:07 -0700] "GET /market1170207965?kg=1168970594 HTTP/1.1" 200 61253 "-" "meta-externalagent/1.1 (+https://developers.facebook.com/docs/sharing/webmasters/crawler)" 149 **0/149123**
57.141.6.53 - - [15/Sep/2025:06:42:10 -0700] "GET /market1121173483?kg=1119988002 HTTP/1.1" 200 61253 "-" "meta-externalagent/1.1 (+https://developers.facebook.com/docs/sharing/webmasters/crawler)" 138 **0/138421**
57.141.6.52 - - [15/Sep/2025:06:42:16 -0700] "GET /market2606953547?kg=2604195810 HTTP/1.1" 200 61253 "-" "meta-externalagent/1.1 (+https://developers.facebook.com/docs/sharing/webmasters/crawler)" 148 **0/148843**
57.141.6.46 - - [15/Sep/2025:06:42:24 -0700] "GET /market1224900849?kg=1223605602 HTTP/1.1" 200 61253 "-" "meta-externalagent/1.1 (+https://developers.facebook.com/docs/sharing/webmasters/crawler)" 151 **0/151439**
57.141.6.27 - - [15/Sep/2025:06:42:25 -0700] "GET /market2796707062?kg=2793748528 HTTP/1.1" 200 61253 "-" "meta-externalagent/1.1 (+https://developers.facebook.com/docs/sharing/webmasters/crawler)" 148 **0/148986**
57.141.6.33 - - [15/Sep/2025:06:43:03 -0700] "GET /market1165215161?kg=1163983074 HTTP/1.1" 200 61253 "-" "meta-externalagent/1.1 (+https://developers.facebook.com/docs/sharing/webmasters/crawler)" 149 **0/149641**
57.141.6.45 - - [15/Sep/2025:06:43:08 -0700] "GET /market2079738636?kg=2077538800 HTTP/1.1" 200 61253 "-" "meta-externalagent/1.1 (+https://developers.facebook.com/docs/sharing/webmasters/crawler)" 140 **0/140775**
57.141.6.42 - - [15/Sep/2025:06:43:09 -0700] "GET /market1813473757?kg=1811555682 HTTP/1.1" 200 61253 "-" "meta-externalagent/1.1 (+https://developers.facebook.com/docs/sharing/webmasters/crawler)" 152 **0/152974**
57.141.6.16 - - [15/Sep/2025:06:43:15 -0700] "GET /market76776527?kg=0076696226 HTTP/1.1" 200 61253 "-" "meta-externalagent/1.1 (+https://developers.facebook.com/docs/sharing/webmasters/crawler)" 156 **0/156802**
57.141.6.56 - - [15/Sep/2025:06:43:16 -0700] "GET /market887434090?kg=0886495952 HTTP/1.1" 200 61253 "-" "meta-externalagent/1.1 (+https://developers.facebook.com/docs/sharing/webmasters/crawler)" 159 **0/159700**
57.141.6.13 - - [15/Sep/2025:06:43:17 -0700] "GET /market393795355?kg=0393379586 HTTP/1.1" 200 61253 "-" "meta-externalagent/1.1 (+https://developers.facebook.com/docs/sharing/webmasters/crawler)" 158 **0/158406**
57.141.6.41 - - [15/Sep/2025:06:43:18 -0700] "GET /market1093235889?kg=1092079970 HTTP/1.1" 200 61253 "-" "meta-externalagent/1.1 (+https://developers.facebook.com/docs/sharing/webmasters/crawler)" 157 **0/157152**
208.110.64.178 - - [15/Sep/2025:06:43:20 -0700] "GET /wp-includes/qq9f1ad1/edit.php HTTP/1.1" 200 1 "http://fragnancestories.com/wp-includes/qq9f1ad1/edit.php" "Mozilla/5.0 (Windows NT 10.0; Win64; x64) AppleWebKit/537.36 (KHTML, like Gecko) Chrome/58.0.3029.110 Safari/537.3" 5 **0/5861**
57.141.6.19 - - [15/Sep/2025:06:43:23 -0700] "GET /market1165110347?kg=1163878370 HTTP/1.1" 200 61253 "-" "meta-externalagent/1.1 (+https://developers.facebook.com/docs/sharing/webmasters/crawler)" 137 **0/137849**
57.141.6.44 - - [15/Sep/2025:06:43:24 -0700] "GET /market860132289?kg=0859223042 HTTP/1.1" 200 61253 "-" "meta-externalagent/1.1 (+https://developers.facebook.com/docs/sharing/webmasters/crawler)" 147 **0/147592**
57.141.6.52 - - [15/Sep/2025:06:43:31 -0700] "GET /market2109142328?kg=2106911376 HTTP/1.1" 200 61253 "-" "meta-externalagent/1.1 (+https://developers.facebook.com/docs/sharing/webmasters/crawler)" 146 **0/146498**
57.141.6.2 - - [15/Sep/2025:06:43:33 -0700] "GET /market1591553257?kg=1589870018 HTTP/1.1" 200 61253 "-" "meta-externalagent/1.1 (+https://developers.facebook.com/docs/sharing/webmasters/crawler)" 146 **0/146360**
57.141.6.74 - - [15/Sep/2025:06:43:34 -0700] "GET /market1431625570?kg=1430111568 HTTP/1.1" 200 61253 "-" "meta-externalagent/1.1 (+https://developers.facebook.com/docs/sharing/webmasters/crawler)" 141 **0/141371**
57.141.6.29 - - [15/Sep/2025:06:43:40 -0700] "GET /market171907448?kg=0171726480 HTTP/1.1" 200 61253 "-" "meta-externalagent/1.1 (+https://developers.facebook.com/docs/sharing/webmasters/crawler)" 145 **0/145521**
57.141.6.61 - - [15/Sep/2025:06:43:42 -0700] "GET /market393507275?kg=0393091810 HTTP/1.1" 200 61253 "-" "meta-externalagent/1.1 (+https://developers.facebook.com/docs/sharing/webmasters/crawler)" 156 **0/156532**
57.141.6.2 - - [15/Sep/2025:06:43:43 -0700] "GET /market572230865?kg=0571626274 HTTP/1.1" 200 61253 "-" "meta-externalagent/1.1 (+https://developers.facebook.com/docs/sharing/webmasters/crawler)" 138 **0/138250**
57.141.6.15 - - [15/Sep/2025:06:43:48 -0700] "GET /market684627051?kg=0683903522 HTTP/1.1" 200 61253 "-" "meta-externalagent/1.1 (+https://developers.facebook.com/docs/sharing/webmasters/crawler)" 142 **0/142455**
57.141.6.1 - - [15/Sep/2025:06:43:53 -0700] "GET /market1793904294?kg=1792006928 HTTP/1.1" 200 61253 "-" "meta-externalagent/1.1 (+https://developers.facebook.com/docs/sharing/webmasters/crawler)" 140 **0/140401**
57.141.6.36 - - [15/Sep/2025:06:44:03 -0700] "GET /market2079764441?kg=2077564578 HTTP/1.1" 200 61253 "-" "meta-externalagent/1.1 (+https://developers.facebook.com/docs/sharing/webmasters/crawler)" 158 **0/158911**
57.141.6.10 - - [15/Sep/2025:06:44:04 -0700] "GET /market1431236840?kg=1429723248 HTTP/1.1" 200 61253 "-" "meta-externalagent/1.1 (+https://developers.facebook.com/docs/sharing/webmasters/crawler)" 137 **0/137160**
57.141.6.7 - - [15/Sep/2025:06:44:22 -0700] "GET /market1592309622?kg=1590625584 HTTP/1.1" 200 61253 "-" "meta-externalagent/1.1 (+https://developers.facebook.com/docs/sharing/webmasters/crawler)" 143 **0/143021**
57.141.6.53 - - [15/Sep/2025:06:44:25 -0700] "GET /market1591911890?kg=1590228272 HTTP/1.1" 200 61253 "-" "meta-externalagent/1.1 (+https://developers.facebook.com/docs/sharing/webmasters/crawler)" 145 **0/145587**
18.97.9.172 - - [15/Sep/2025:06:44:27 -0700] "GET /?home-appliances/oil-heaters/1bv0o HTTP/1.1" 200 4159 "-" "CCBot/2.0 (https://commoncrawl.org/faq/)" 133 **0/133128**
57.141.6.31 - - [15/Sep/2025:06:44:29 -0700] "GET /market2547334809?kg=2544640162 HTTP/1.1" 200 61253 "-" "meta-externalagent/1.1 (+https://developers.facebook.com/docs/sharing/webmasters/crawler)" 137 **0/137158**
57.141.6.26 - - [15/Sep/2025:06:44:29 -0700] "GET /market1093163378?kg=1092007536 HTTP/1.1" 200 61253 "-" "meta-externalagent/1.1 (+https://developers.facebook.com/docs/sharing/webmasters/crawler)" 138 **0/138226**
57.141.6.58 - - [15/Sep/2025:06:44:38 -0700] "GET /market423956809?kg=0423509122 HTTP/1.1" 200 61253 "-" "meta-externalagent/1.1 (+https://developers.facebook.com/docs/sharing/webmasters/crawler)" 148 **0/148957**
57.141.6.10 - - [15/Sep/2025:06:44:40 -0700] "GET /market1491979326?kg=1490401456 HTTP/1.1" 200 61253 "-" "meta-externalagent/1.1 (+https://developers.facebook.com/docs/sharing/webmasters/crawler)" 150 **0/150527**
89.187.165.175 - - [15/Sep/2025:06:44:52 -0700] "POST /xmlrpc.php HTTP/1.1" 200 61253 "-" "Mozilla/5.0 (Macintosh; Intel Mac OS X 10_15_3) AppleWebKit/537.36 (KHTML, like Gecko) Chrome/80.0.3987.122 Safari/537.36" 50 **0/50218**
89.187.165.175 - - [15/Sep/2025:06:44:54 -0700] "POST /xmlrpc.php HTTP/1.1" 200 61253 "-" "Mozilla/5.0 (Macintosh; Intel Mac OS X 10_15_3) AppleWebKit/537.36 (KHTML, like Gecko) Chrome/80.0.3987.122 Safari/537.36" 48 **0/48492**
57.141.6.9 - - [15/Sep/2025:06:44:55 -0700] "GET /market586389510?kg=0585769936 HTTP/1.1" 200 61253 "-" "meta-externalagent/1.1 (+https://developers.facebook.com/docs/sharing/webmasters/crawler)" 143 **0/143721**
89.187.165.175 - - [15/Sep/2025:06:44:57 -0700] "POST /xmlrpc.php HTTP/1.1" 200 61253 "-" "Mozilla/5.0 (Macintosh; Intel Mac OS X 10_15_3) AppleWebKit/537.36 (KHTML, like Gecko) Chrome/80.0.3987.122 Safari/537.36" 69 **0/69108**
57.141.6.12 - - [15/Sep/2025:06:44:57 -0700] "GET /market332451593?kg=0332100738 HTTP/1.1" 200 61253 "-" "meta-externalagent/1.1 (+https://developers.facebook.com/docs/sharing/webmasters/crawler)" 163 **0/163265**
89.187.165.175 - - [15/Sep/2025:06:44:59 -0700] "POST /xmlrpc.php HTTP/1.1" 200 61253 "-" "Mozilla/5.0 (Macintosh; Intel Mac OS X 10_15_3) AppleWebKit/537.36 (KHTML, like Gecko) Chrome/80.0.3987.122 Safari/537.36" 61 **0/61319**
89.187.165.175 - - [15/Sep/2025:06:45:02 -0700] "POST /xmlrpc.php HTTP/1.1" 200 61253 "-" "Mozilla/5.0 (Macintosh; Intel Mac OS X 10_15_3) AppleWebKit/537.36 (KHTML, like Gecko) Chrome/80.0.3987.122 Safari/537.36" 141 **0/141871**
89.187.165.175 - - [15/Sep/2025:06:45:04 -0700] "POST /xmlrpc.php HTTP/1.1" 200 61253 "-" "Mozilla/5.0 (Macintosh; Intel Mac OS X 10_15_3) AppleWebKit/537.36 (KHTML, like Gecko) Chrome/80.0.3987.122 Safari/537.36" 75 **0/75311**
57.141.6.64 - - [15/Sep/2025:06:45:04 -0700] "GET /market1225230396?kg=1223934800 HTTP/1.1" 200 61253 "-" "meta-externalagent/1.1 (+https://developers.facebook.com/docs/sharing/webmasters/crawler)" 152 **0/152831**
89.187.165.175 - - [15/Sep/2025:06:45:06 -0700] "POST /xmlrpc.php HTTP/1.1" 200 61253 "-" "Mozilla/5.0 (Macintosh; Intel Mac OS X 10_15_3) AppleWebKit/537.36 (KHTML, like Gecko) Chrome/80.0.3987.122 Safari/537.36" 75 **0/75044**
89.187.165.175 - - [15/Sep/2025:06:45:09 -0700] "POST /xmlrpc.php HTTP/1.1" 200 61253 "-" "Mozilla/5.0 (Macintosh; Intel Mac OS X 10_15_3) AppleWebKit/537.36 (KHTML, like Gecko) Chrome/80.0.3987.122 Safari/537.36" 68 **0/68589**
89.187.165.175 - - [15/Sep/2025:06:45:12 -0700] "POST /xmlrpc.php HTTP/1.1" 200 61253 "-" "Mozilla/5.0 (Macintosh; Intel Mac OS X 10_15_3) AppleWebKit/537.36 (KHTML, like Gecko) Chrome/80.0.3987.122 Safari/537.36" 62 **0/62787**
57.141.6.36 - - [15/Sep/2025:06:45:19 -0700] "GET /market887635296?kg=0886696944 HTTP/1.1" 200 61253 "-" "meta-externalagent/1.1 (+https://developers.facebook.com/docs/sharing/webmasters/crawler)" 135 **0/135578**
57.141.6.14 - - [15/Sep/2025:06:45:31 -0700] "GET /market2796546026?kg=2793587664 HTTP/1.1" 200 61253 "-" "meta-externalagent/1.1 (+https://developers.facebook.com/docs/sharing/webmasters/crawler)" 150 **0/150946**
57.141.6.42 - - [15/Sep/2025:06:45:32 -0700] "GET /market2632311965?kg=2629527394 HTTP/1.1" 200 61253 "-" "meta-externalagent/1.1 (+https://developers.facebook.com/docs/sharing/webmasters/crawler)" 157 **0/157662**
57.141.6.53 - - [15/Sep/2025:06:45:37 -0700] "GET /market287467942?kg=0287164688 HTTP/1.1" 200 61253 "-" "meta-externalagent/1.1 (+https://developers.facebook.com/docs/sharing/webmasters/crawler)" 149 **0/149558**
57.141.6.48 - - [15/Sep/2025:06:45:41 -0700] "GET /market361675460?kg=0361293680 HTTP/1.1" 200 61253 "-" "meta-externalagent/1.1 (+https://developers.facebook.com/docs/sharing/webmasters/crawler)" 136 **0/136067**
57.141.6.5 - - [15/Sep/2025:06:45:42 -0700] "GET /market1918075852?kg=1916047088 HTTP/1.1" 200 61253 "-" "meta-externalagent/1.1 (+https://developers.facebook.com/docs/sharing/webmasters/crawler)" 146 **0/146450**
57.141.6.27 - - [15/Sep/2025:06:45:43 -0700] "GET /market393584330?kg=0393168784 HTTP/1.1" 200 61253 "-" "meta-externalagent/1.1 (+https://developers.facebook.com/docs/sharing/webmasters/crawler)" 149 **0/149837**
57.141.6.60 - - [15/Sep/2025:06:46:11 -0700] "GET /market362033022?kg=0361650864 HTTP/1.1" 200 61253 "-" "meta-externalagent/1.1 (+https://developers.facebook.com/docs/sharing/webmasters/crawler)" 147 **0/147733**
57.141.6.4 - - [15/Sep/2025:06:46:22 -0700] "GET /market1592116445?kg=1590432610 HTTP/1.1" 200 61253 "-" "meta-externalagent/1.1 (+https://developers.facebook.com/docs/sharing/webmasters/crawler)" 164 **0/164624**
57.141.6.42 - - [15/Sep/2025:06:46:24 -0700] "GET /market1165286693?kg=1164054530 HTTP/1.1" 200 61253 "-" "meta-externalagent/1.1 (+https://developers.facebook.com/docs/sharing/webmasters/crawler)" 147 **0/147656**
57.141.6.51 - - [15/Sep/2025:06:46:32 -0700] "GET /market2129603229?kg=2127350626 HTTP/1.1" 200 61253 "-" "meta-externalagent/1.1 (+https://developers.facebook.com/docs/sharing/webmasters/crawler)" 137 **0/137655**
57.141.6.2 - - [15/Sep/2025:06:46:41 -0700] "GET /market1098731367?kg=1097569634 HTTP/1.1" 200 61253 "-" "meta-externalagent/1.1 (+https://developers.facebook.com/docs/sharing/webmasters/crawler)" 141 **0/141189**
57.141.6.31 - - [15/Sep/2025:06:46:46 -0700] "GET /market1591673799?kg=1589990434 HTTP/1.1" 200 61253 "-" "meta-externalagent/1.1 (+https://developers.facebook.com/docs/sharing/webmasters/crawler)" 141 **0/141655**
57.141.6.49 - - [15/Sep/2025:06:46:49 -0700] "GET /market2797246627?kg=2794287522 HTTP/1.1" 200 61253 "-" "meta-externalagent/1.1 (+https://developers.facebook.com/docs/sharing/webmasters/crawler)" 138 **0/138369**
